{"id":967,"date":"2019-05-08T11:29:24","date_gmt":"2019-05-08T14:29:24","guid":{"rendered":"http:\/\/rotasturisticas.jundiai.sp.gov.br\/vinho\/?page_id=967"},"modified":"2019-06-03T10:23:36","modified_gmt":"2019-06-03T13:23:36","slug":"meios-de-hospedagem","status":"publish","type":"page","link":"https:\/\/rotasturisticas.jundiai.sp.gov.br\/vinho\/dia-do-vinho-2019\/meios-de-hospedagem\/","title":{"rendered":"Meios de Hospedagem &#8211; Tarifas Especiais"},"content":{"rendered":"<h2><em>Grafitti Palace Hotel<\/em><\/h2>\n<p>Apartamento individual<br \/>\nR$ 152,00 a di\u00e1ria<\/p>\n<p>Apartamento duplo<br \/>\nR$ 160,00 a di\u00e1ria<\/p>\n<p>Incluso: Caf\u00e9 da manh\u00e3, internet Wi-Fi e estacionamento.<\/p>\n<p><a href=\"https:\/\/turismo.jundiai.sp.gov.br\/hospedagem\/graffit-palace-hotel\/\" target=\"_blank\" rel=\"noopener noreferrer\">https:\/\/turismo.jundiai.sp.gov.br\/hospedagem\/graffit-palace-hotel\/<\/a><\/p>\n<p>&nbsp;<\/p>\n<h2><em>S\u00e3o Carlos Eventos e Hospedagem<\/em><\/h2>\n<p>Quarto individual<br \/>\nR$ 140,00 a di\u00e1ria, sem caf\u00e9 da manh\u00e3<br \/>\nR$ 170,00 a di\u00e1ria, com caf\u00e9 da manh\u00e3<\/p>\n<p>Quarto duplo<br \/>\nR$ 260,00 a di\u00e1ria, sem caf\u00e9 da manh\u00e3<br \/>\nR$ 300,00 a di\u00e1ria, com caf\u00e9 da manh\u00e3<\/p>\n<p>Incluso: Internet wi-fi, enxoval completo, estacionamento, tv e frigobar.<\/p>\n<p><a href=\"https:\/\/turismo.jundiai.sp.gov.br\/hospedagem\/sao-carlos-eventos-e-hospedagem\/\" target=\"_blank\" rel=\"noopener noreferrer\">https:\/\/turismo.jundiai.sp.gov.br\/hospedagem\/sao-carlos-eventos-e-hospedagem\/<\/a><\/p>\n<p>&nbsp;<\/p>\n<h2><em>Travel Inn Saint Charles<\/em><\/h2>\n<p>Apartamento individual<br \/>\nR$ 181,00 a di\u00e1ria<\/p>\n<p>Apartamento duplo<br \/>\nR$ 211,00 a di\u00e1ria<\/p>\n<p>Incluso: caf\u00e9 da manh\u00e3 e estacionamento.<\/p>\n<p><a href=\"https:\/\/turismo.jundiai.sp.gov.br\/hospedagem\/travel-inn-saint-charles\/\" target=\"_blank\" rel=\"noopener noreferrer\">https:\/\/turismo.jundiai.sp.gov.br\/hospedagem\/travel-inn-saint-charles\/<\/a><\/p>\n","protected":false},"excerpt":{"rendered":"<p>Grafitti Palace Hotel Apartamento individual R$ 152,00 a di\u00e1ria Apartamento duplo R$ 160,00 a di\u00e1ria Incluso: Caf\u00e9 da manh\u00e3, internet Wi-Fi e estacionamento. https:\/\/turismo.jundiai.sp.gov.br\/hospedagem\/graffit-palace-hotel\/ &nbsp; S\u00e3o Carlos Eventos e Hospedagem Quarto individual R$ 140,00 a di\u00e1ria, sem caf\u00e9 da manh\u00e3 R$ 170,00 a di\u00e1ria, com caf\u00e9 da manh\u00e3 Quarto duplo R$ 260,00 a di\u00e1ria, sem [&hellip;]<\/p>\n","protected":false},"author":16,"featured_media":0,"parent":234,"menu_order":14,"comment_status":"closed","ping_status":"closed","template":"","meta":{"footnotes":""},"class_list":["post-967","page","type-page","status-publish","hentry"],"_links":{"self":[{"href":"https:\/\/rotasturisticas.jundiai.sp.gov.br\/vinho\/wp-json\/wp\/v2\/pages\/967","targetHints":{"allow":["GET"]}}],"collection":[{"href":"https:\/\/rotasturisticas.jundiai.sp.gov.br\/vinho\/wp-json\/wp\/v2\/pages"}],"about":[{"href":"https:\/\/rotasturisticas.jundiai.sp.gov.br\/vinho\/wp-json\/wp\/v2\/types\/page"}],"author":[{"embeddable":true,"href":"https:\/\/rotasturisticas.jundiai.sp.gov.br\/vinho\/wp-json\/wp\/v2\/users\/16"}],"replies":[{"embeddable":true,"href":"https:\/\/rotasturisticas.jundiai.sp.gov.br\/vinho\/wp-json\/wp\/v2\/comments?post=967"}],"version-history":[{"count":13,"href":"https:\/\/rotasturisticas.jundiai.sp.gov.br\/vinho\/wp-json\/wp\/v2\/pages\/967\/revisions"}],"predecessor-version":[{"id":1037,"href":"https:\/\/rotasturisticas.jundiai.sp.gov.br\/vinho\/wp-json\/wp\/v2\/pages\/967\/revisions\/1037"}],"up":[{"embeddable":true,"href":"https:\/\/rotasturisticas.jundiai.sp.gov.br\/vinho\/wp-json\/wp\/v2\/pages\/234"}],"wp:attachment":[{"href":"https:\/\/rotasturisticas.jundiai.sp.gov.br\/vinho\/wp-json\/wp\/v2\/media?parent=967"}],"curies":[{"name":"wp","href":"https:\/\/api.w.org\/{rel}","templated":true}]}}