{"id":1718,"date":"2025-06-10T10:39:38","date_gmt":"2025-06-10T13:39:38","guid":{"rendered":"https:\/\/rotasturisticas.jundiai.sp.gov.br\/vinho\/?page_id=1718"},"modified":"2025-06-16T09:13:09","modified_gmt":"2025-06-16T12:13:09","slug":"dia-do-vinho-2025","status":"publish","type":"page","link":"https:\/\/rotasturisticas.jundiai.sp.gov.br\/vinho\/dia-do-vinho-2025\/","title":{"rendered":"Dia do Vinho 2025"},"content":{"rendered":"<div class=\"wp-block-image\">\n<figure class=\"aligncenter size-full is-resized\"><img loading=\"lazy\" decoding=\"async\" width=\"1280\" height=\"599\" src=\"https:\/\/rotasturisticas.jundiai.sp.gov.br\/vinho\/wp-content\/uploads\/sites\/7\/2025\/06\/1000107631.jpg\" alt=\"\" class=\"wp-image-1775\" style=\"width:508px;height:auto\" srcset=\"https:\/\/rotasturisticas.jundiai.sp.gov.br\/vinho\/wp-content\/uploads\/sites\/7\/2025\/06\/1000107631.jpg 1280w, https:\/\/rotasturisticas.jundiai.sp.gov.br\/vinho\/wp-content\/uploads\/sites\/7\/2025\/06\/1000107631-768x359.jpg 768w\" sizes=\"auto, (max-width: 1280px) 100vw, 1280px\" \/><\/figure>\n<\/div>\n\n\n<h1 class=\"wp-block-heading has-text-align-center has-white-color has-text-color has-background has-link-color wp-elements-338d25abdfc9f148ae68a6b43738be68\" style=\"background-color:#6b1b65\"><strong>Dia do Vinho 2025 <strong>\u2022<\/strong> de 19 a 22 de junho<\/strong><\/h1>\n\n\n\n<h2 class=\"wp-block-heading has-text-align-center has-text-color has-link-color wp-elements-84e442d1a7a3e1f8024dee711416bb54\" style=\"color:#6b1b65\"><strong>Quinta a S\u00e1bado das 11h \u00e0s 22h <strong>\u2022<\/strong><\/strong> <strong>Domingo das 11h \u00e0s 21h.<\/strong><br><strong>Espa\u00e7o Expressa &#8211; Av. Uni\u00e3o dos Ferrovi\u00e1rios, 1760 <\/strong><\/h2>\n\n\n\n<h3 class=\"wp-block-heading has-text-align-center has-text-color has-link-color wp-elements-3a3a1b795654677f6fa56b08f69acb99\" style=\"color:#6b1b65\">Entrada e Estacionamento Gratuitos<\/h3>\n\n\n\n<h1 class=\"wp-block-heading has-text-align-center has-text-color has-background has-link-color wp-elements-98790416cb8f0587e67453e1a72c05d9\" style=\"color:#6b1b65;background-color:#f7d9f6\">\u2022 13 Vin\u00edcolas \u2022 Produtos Artesanais \u2022 Food Trucks <strong>\u2022<\/strong><br>\u2022 Artesanato \u2022 M\u00fasica Ao Vivo <strong>\u2022<\/strong><\/h1>\n\n\n\n<div class=\"wp-block-media-text alignwide has-media-on-the-right is-stacked-on-mobile is-image-fill-element\" style=\"grid-template-columns:auto 30%\"><div class=\"wp-block-media-text__content\">\n<h2 class=\"wp-block-heading has-text-align-center has-white-color has-text-color has-background\" style=\"background-color:#6b1b65\">Harmoniza\u00e7\u00e3o com Vinhos<br><strong>19 e 21 de junho &#8211; \u00e0s 15h<\/strong><br> Sala Estrada de Ferro Sorocabana<br>(quinta e s\u00e1bado)<\/h2>\n\n\n\n<h2 class=\"wp-block-heading has-text-color has-link-color wp-elements-98775d7c74cb12f9f89c78fcfc9764da\" style=\"color:#6b1b65\"><strong>Paola Nogueira, arquiteta e sommeli\u00e8re, especialista em vinhos brasileiros, co-criadora da Adega de Reflex\u00f5es, que \u00e9 uma confraria feminina com objetivo de criar momentos leves em torno de um bom bate-papo e um bom vinho.<\/strong><\/h2>\n<\/div><figure class=\"wp-block-media-text__media\"><img loading=\"lazy\" decoding=\"async\" width=\"570\" height=\"950\" src=\"http:\/\/rotasturisticas.jundiai.sp.gov.br\/vinho\/wp-content\/uploads\/sites\/7\/2025\/06\/freepik__two-wine-glasses-on-a-table-one-being-filled-with-__6661-1-570x950.png\" alt=\"\" class=\"wp-image-1764 size-large\" style=\"object-position:55% 67%\" \/><\/figure><\/div>\n\n\n\n<h1 class=\"wp-block-heading has-text-align-center has-white-color has-text-color has-background\" style=\"background-color:#6b1b65\"><strong>Programa\u00e7\u00e3o Musical:<\/strong><\/h1>\n\n\n\n<div class=\"wp-block-media-text alignwide has-media-on-the-right is-stacked-on-mobile\" style=\"grid-template-columns:auto 30%\"><div class=\"wp-block-media-text__content\">\n<h2 class=\"wp-block-heading has-text-align-center has-white-color has-text-color has-background\" style=\"background-color:#6b1b65\"><strong>19 de junho &#8211; quinta-feira (feriado)<\/strong><\/h2>\n\n\n\n<h2 class=\"wp-block-heading has-text-color has-link-color wp-elements-2d25b659eea660802204951ea7ca9ba5\" style=\"color:#6b1b65\"><strong>14h \u2022 <\/strong>Rodolfo de Neguinho <strong>\u2022 MPB Brasilidades<\/strong><strong><br>17h \u2022 Brinde ao P\u00f4r do Sol \u2022 <\/strong>Violinista Jo\u00e3o Paulo Xavier<strong><br>20h \u2022 <\/strong>Banda Rock&#8217;n Road<strong> \u2022 Rock Internacional<\/strong><\/h2>\n<\/div><figure class=\"wp-block-media-text__media\"><img loading=\"lazy\" decoding=\"async\" width=\"1280\" height=\"854\" src=\"http:\/\/rotasturisticas.jundiai.sp.gov.br\/vinho\/wp-content\/uploads\/sites\/7\/2024\/05\/dia_do_vinho_espaco_expressa_pa-48-1280x854-1.jpg\" alt=\"\" class=\"wp-image-1647 size-full\" srcset=\"https:\/\/rotasturisticas.jundiai.sp.gov.br\/vinho\/wp-content\/uploads\/sites\/7\/2024\/05\/dia_do_vinho_espaco_expressa_pa-48-1280x854-1.jpg 1280w, https:\/\/rotasturisticas.jundiai.sp.gov.br\/vinho\/wp-content\/uploads\/sites\/7\/2024\/05\/dia_do_vinho_espaco_expressa_pa-48-1280x854-1-768x512.jpg 768w\" sizes=\"auto, (max-width: 1280px) 100vw, 1280px\" \/><\/figure><\/div>\n\n\n\n<div class=\"wp-block-media-text alignwide is-stacked-on-mobile\" style=\"grid-template-columns:30% auto\"><figure class=\"wp-block-media-text__media\"><img loading=\"lazy\" decoding=\"async\" width=\"920\" height=\"614\" src=\"http:\/\/rotasturisticas.jundiai.sp.gov.br\/vinho\/wp-content\/uploads\/sites\/7\/2022\/06\/IMG-20220407-WA0021-Patricia-Marcelino-Tancredi-1-920x614.jpg\" alt=\"\" class=\"wp-image-1330 size-large\" srcset=\"https:\/\/rotasturisticas.jundiai.sp.gov.br\/vinho\/wp-content\/uploads\/sites\/7\/2022\/06\/IMG-20220407-WA0021-Patricia-Marcelino-Tancredi-1-920x614.jpg 920w, https:\/\/rotasturisticas.jundiai.sp.gov.br\/vinho\/wp-content\/uploads\/sites\/7\/2022\/06\/IMG-20220407-WA0021-Patricia-Marcelino-Tancredi-1-300x200.jpg 300w, https:\/\/rotasturisticas.jundiai.sp.gov.br\/vinho\/wp-content\/uploads\/sites\/7\/2022\/06\/IMG-20220407-WA0021-Patricia-Marcelino-Tancredi-1-768x512.jpg 768w, https:\/\/rotasturisticas.jundiai.sp.gov.br\/vinho\/wp-content\/uploads\/sites\/7\/2022\/06\/IMG-20220407-WA0021-Patricia-Marcelino-Tancredi-1.jpg 1241w\" sizes=\"auto, (max-width: 920px) 100vw, 920px\" \/><\/figure><div class=\"wp-block-media-text__content\">\n<h2 class=\"wp-block-heading has-text-align-center has-white-color has-text-color has-background\" style=\"background-color:#6b1b65\"><strong>20 de junho &#8211; sexta-feira<\/strong><\/h2>\n\n\n\n<h2 class=\"wp-block-heading has-text-color\" style=\"color:#6b1b65\"><strong>14h<\/strong> \u2022 Josemar Januzzi <strong><strong>\u2022 MPB Brasilidades<\/strong><\/strong><br><strong>17h <\/strong>\u2022 <strong>Brinde ao P\u00f4r do Sol<\/strong> \u2022 Violinista Jo\u00e3o Paulo Xavier<br><strong>20h <\/strong>\u2022 Banda Aranhas Amplificadas \u2022 <strong>Rock Nacional<\/strong><\/h2>\n<\/div><\/div>\n\n\n\n<div class=\"wp-block-media-text alignwide has-media-on-the-right is-stacked-on-mobile\" style=\"grid-template-columns:auto 30%\"><div class=\"wp-block-media-text__content\">\n<h2 class=\"wp-block-heading has-text-align-center has-white-color has-text-color has-background\" style=\"background-color:#6b1b65\"><strong>21 de junho &#8211; s\u00e1bado<\/strong><\/h2>\n\n\n\n<h2 class=\"wp-block-heading has-text-color has-link-color wp-elements-ce22ce1427d295f922e8f6675c4d591d\" style=\"color:#6b1b65\"><strong>14h \u2022 <\/strong>Rafael Cabral <strong>\u2022 MPB Brasilidades <br>17h \u2022 Brinde ao P\u00f4r do Sol \u2022 <\/strong>Violinista Jo\u00e3o Paulo Xavier <strong><br>20h \u2022 <\/strong>Banda UTI<strong> \u2022 Rock Internacional<\/strong><\/h2>\n<\/div><figure class=\"wp-block-media-text__media\"><img loading=\"lazy\" decoding=\"async\" width=\"920\" height=\"614\" src=\"http:\/\/rotasturisticas.jundiai.sp.gov.br\/vinho\/wp-content\/uploads\/sites\/7\/2022\/06\/MG_6387-920x614.jpg\" alt=\"\" class=\"wp-image-1357 size-full\" srcset=\"https:\/\/rotasturisticas.jundiai.sp.gov.br\/vinho\/wp-content\/uploads\/sites\/7\/2022\/06\/MG_6387-920x614.jpg 920w, https:\/\/rotasturisticas.jundiai.sp.gov.br\/vinho\/wp-content\/uploads\/sites\/7\/2022\/06\/MG_6387-300x200.jpg 300w, https:\/\/rotasturisticas.jundiai.sp.gov.br\/vinho\/wp-content\/uploads\/sites\/7\/2022\/06\/MG_6387-768x512.jpg 768w, https:\/\/rotasturisticas.jundiai.sp.gov.br\/vinho\/wp-content\/uploads\/sites\/7\/2022\/06\/MG_6387.jpg 1280w\" sizes=\"auto, (max-width: 920px) 100vw, 920px\" \/><\/figure><\/div>\n\n\n\n<div class=\"wp-block-media-text alignwide is-stacked-on-mobile\" style=\"grid-template-columns:30% auto\"><figure class=\"wp-block-media-text__media\"><img loading=\"lazy\" decoding=\"async\" width=\"1280\" height=\"720\" src=\"https:\/\/rotasturisticas.jundiai.sp.gov.br\/vinho\/wp-content\/uploads\/sites\/7\/2025\/06\/WhatsApp-Image-2025-06-10-at-16.23.11.jpeg\" alt=\"\" class=\"wp-image-1755 size-large\" srcset=\"https:\/\/rotasturisticas.jundiai.sp.gov.br\/vinho\/wp-content\/uploads\/sites\/7\/2025\/06\/WhatsApp-Image-2025-06-10-at-16.23.11.jpeg 1280w, https:\/\/rotasturisticas.jundiai.sp.gov.br\/vinho\/wp-content\/uploads\/sites\/7\/2025\/06\/WhatsApp-Image-2025-06-10-at-16.23.11-768x432.jpeg 768w\" sizes=\"auto, (max-width: 1280px) 100vw, 1280px\" \/><\/figure><div class=\"wp-block-media-text__content\">\n<h2 class=\"wp-block-heading has-text-align-center has-white-color has-text-color has-background\" style=\"background-color:#6b1b65\"><strong>22 de junho &#8211; domingo<\/strong><\/h2>\n\n\n\n<h2 class=\"wp-block-heading has-text-color\" style=\"color:#6b1b65\"><strong>14h<\/strong> \u2022 Rodolfo de Neguinho <strong><strong>\u2022 MPB Brasilidades<\/strong><\/strong><br><strong>17h <\/strong>\u2022 <strong>Brinde ao P\u00f4r do Sol<\/strong> \u2022 Violinista Jo\u00e3o Paulo Xavier<br><strong>19h <\/strong>\u2022 Banda Reprise In\u00e9dita \u2022 <strong>Rock Anos 80<\/strong><\/h2>\n<\/div><\/div>\n","protected":false},"excerpt":{"rendered":"<p>Dia do Vinho 2025 \u2022 de 19 a 22 de junho Quinta a S\u00e1bado das 11h \u00e0s 22h \u2022 Domingo das 11h \u00e0s 21h.Espa\u00e7o Expressa &#8211; Av. Uni\u00e3o dos Ferrovi\u00e1rios, 1760 Entrada e Estacionamento Gratuitos \u2022 13 Vin\u00edcolas \u2022 Produtos Artesanais \u2022 Food Trucks \u2022\u2022 Artesanato \u2022 M\u00fasica Ao Vivo \u2022 Harmoniza\u00e7\u00e3o com Vinhos19 e [&hellip;]<\/p>\n","protected":false},"author":16,"featured_media":0,"parent":0,"menu_order":0,"comment_status":"closed","ping_status":"closed","template":"","meta":{"footnotes":""},"class_list":["post-1718","page","type-page","status-publish","hentry"],"_links":{"self":[{"href":"https:\/\/rotasturisticas.jundiai.sp.gov.br\/vinho\/wp-json\/wp\/v2\/pages\/1718","targetHints":{"allow":["GET"]}}],"collection":[{"href":"https:\/\/rotasturisticas.jundiai.sp.gov.br\/vinho\/wp-json\/wp\/v2\/pages"}],"about":[{"href":"https:\/\/rotasturisticas.jundiai.sp.gov.br\/vinho\/wp-json\/wp\/v2\/types\/page"}],"author":[{"embeddable":true,"href":"https:\/\/rotasturisticas.jundiai.sp.gov.br\/vinho\/wp-json\/wp\/v2\/users\/16"}],"replies":[{"embeddable":true,"href":"https:\/\/rotasturisticas.jundiai.sp.gov.br\/vinho\/wp-json\/wp\/v2\/comments?post=1718"}],"version-history":[{"count":46,"href":"https:\/\/rotasturisticas.jundiai.sp.gov.br\/vinho\/wp-json\/wp\/v2\/pages\/1718\/revisions"}],"predecessor-version":[{"id":1791,"href":"https:\/\/rotasturisticas.jundiai.sp.gov.br\/vinho\/wp-json\/wp\/v2\/pages\/1718\/revisions\/1791"}],"wp:attachment":[{"href":"https:\/\/rotasturisticas.jundiai.sp.gov.br\/vinho\/wp-json\/wp\/v2\/media?parent=1718"}],"curies":[{"name":"wp","href":"https:\/\/api.w.org\/{rel}","templated":true}]}}

<div class="wp-block-image">
<figure class="aligncenter size-full is-resized"><img loading="lazy" decoding="async" width="1280" height="599" src="https://rotasturisticas.jundiai.sp.gov.br/vinho/wp-content/uploads/sites/7/2025/06/1000107631.jpg" alt="" class="wp-image-1775" style="width:508px;height:auto" srcset="https://rotasturisticas.jundiai.sp.gov.br/vinho/wp-content/uploads/sites/7/2025/06/1000107631.jpg 1280w, https://rotasturisticas.jundiai.sp.gov.br/vinho/wp-content/uploads/sites/7/2025/06/1000107631-768x359.jpg 768w" sizes="auto, (max-width: 1280px) 100vw, 1280px" /></figure>
</div>


<h1 class="wp-block-heading has-text-align-center has-white-color has-text-color has-background has-link-color wp-elements-338d25abdfc9f148ae68a6b43738be68" style="background-color:#6b1b65"><strong>Dia do Vinho 2025 <strong>•</strong> de 19 a 22 de junho</strong></h1>



<h2 class="wp-block-heading has-text-align-center has-text-color has-link-color wp-elements-84e442d1a7a3e1f8024dee711416bb54" style="color:#6b1b65"><strong>Quinta a Sábado das 11h às 22h <strong>•</strong></strong> <strong>Domingo das 11h às 21h.</strong><br><strong>Espaço Expressa &#8211; Av. União dos Ferroviários, 1760 </strong></h2>



<h3 class="wp-block-heading has-text-align-center has-text-color has-link-color wp-elements-3a3a1b795654677f6fa56b08f69acb99" style="color:#6b1b65">Entrada e Estacionamento Gratuitos</h3>



<h1 class="wp-block-heading has-text-align-center has-text-color has-background has-link-color wp-elements-98790416cb8f0587e67453e1a72c05d9" style="color:#6b1b65;background-color:#f7d9f6">• 13 Vinícolas • Produtos Artesanais • Food Trucks <strong>•</strong><br>• Artesanato • Música Ao Vivo <strong>•</strong></h1>



<div class="wp-block-media-text alignwide has-media-on-the-right is-stacked-on-mobile is-image-fill-element" style="grid-template-columns:auto 30%"><div class="wp-block-media-text__content">
<h2 class="wp-block-heading has-text-align-center has-white-color has-text-color has-background" style="background-color:#6b1b65">Harmonização com Vinhos<br><strong>19 e 21 de junho &#8211; às 15h</strong><br> Sala Estrada de Ferro Sorocabana<br>(quinta e sábado)</h2>



<h2 class="wp-block-heading has-text-color has-link-color wp-elements-98775d7c74cb12f9f89c78fcfc9764da" style="color:#6b1b65"><strong>Paola Nogueira, arquiteta e sommelière, especialista em vinhos brasileiros, co-criadora da Adega de Reflexões, que é uma confraria feminina com objetivo de criar momentos leves em torno de um bom bate-papo e um bom vinho.</strong></h2>
</div><figure class="wp-block-media-text__media"><img loading="lazy" decoding="async" width="570" height="950" src="http://rotasturisticas.jundiai.sp.gov.br/vinho/wp-content/uploads/sites/7/2025/06/freepik__two-wine-glasses-on-a-table-one-being-filled-with-__6661-1-570x950.png" alt="" class="wp-image-1764 size-large" style="object-position:55% 67%" /></figure></div>



<h1 class="wp-block-heading has-text-align-center has-white-color has-text-color has-background" style="background-color:#6b1b65"><strong>Programação Musical:</strong></h1>



<div class="wp-block-media-text alignwide has-media-on-the-right is-stacked-on-mobile" style="grid-template-columns:auto 30%"><div class="wp-block-media-text__content">
<h2 class="wp-block-heading has-text-align-center has-white-color has-text-color has-background" style="background-color:#6b1b65"><strong>19 de junho &#8211; quinta-feira (feriado)</strong></h2>



<h2 class="wp-block-heading has-text-color has-link-color wp-elements-2d25b659eea660802204951ea7ca9ba5" style="color:#6b1b65"><strong>14h • </strong>Rodolfo de Neguinho <strong>• MPB Brasilidades</strong><strong><br>17h • Brinde ao Pôr do Sol • </strong>Violinista João Paulo Xavier<strong><br>20h • </strong>Banda Rock&#8217;n Road<strong> • Rock Internacional</strong></h2>
</div><figure class="wp-block-media-text__media"><img loading="lazy" decoding="async" width="1280" height="854" src="http://rotasturisticas.jundiai.sp.gov.br/vinho/wp-content/uploads/sites/7/2024/05/dia_do_vinho_espaco_expressa_pa-48-1280x854-1.jpg" alt="" class="wp-image-1647 size-full" srcset="https://rotasturisticas.jundiai.sp.gov.br/vinho/wp-content/uploads/sites/7/2024/05/dia_do_vinho_espaco_expressa_pa-48-1280x854-1.jpg 1280w, https://rotasturisticas.jundiai.sp.gov.br/vinho/wp-content/uploads/sites/7/2024/05/dia_do_vinho_espaco_expressa_pa-48-1280x854-1-768x512.jpg 768w" sizes="auto, (max-width: 1280px) 100vw, 1280px" /></figure></div>



<div class="wp-block-media-text alignwide is-stacked-on-mobile" style="grid-template-columns:30% auto"><figure class="wp-block-media-text__media"><img loading="lazy" decoding="async" width="920" height="614" src="http://rotasturisticas.jundiai.sp.gov.br/vinho/wp-content/uploads/sites/7/2022/06/IMG-20220407-WA0021-Patricia-Marcelino-Tancredi-1-920x614.jpg" alt="" class="wp-image-1330 size-large" srcset="https://rotasturisticas.jundiai.sp.gov.br/vinho/wp-content/uploads/sites/7/2022/06/IMG-20220407-WA0021-Patricia-Marcelino-Tancredi-1-920x614.jpg 920w, https://rotasturisticas.jundiai.sp.gov.br/vinho/wp-content/uploads/sites/7/2022/06/IMG-20220407-WA0021-Patricia-Marcelino-Tancredi-1-300x200.jpg 300w, https://rotasturisticas.jundiai.sp.gov.br/vinho/wp-content/uploads/sites/7/2022/06/IMG-20220407-WA0021-Patricia-Marcelino-Tancredi-1-768x512.jpg 768w, https://rotasturisticas.jundiai.sp.gov.br/vinho/wp-content/uploads/sites/7/2022/06/IMG-20220407-WA0021-Patricia-Marcelino-Tancredi-1.jpg 1241w" sizes="auto, (max-width: 920px) 100vw, 920px" /></figure><div class="wp-block-media-text__content">
<h2 class="wp-block-heading has-text-align-center has-white-color has-text-color has-background" style="background-color:#6b1b65"><strong>20 de junho &#8211; sexta-feira</strong></h2>



<h2 class="wp-block-heading has-text-color" style="color:#6b1b65"><strong>14h</strong> • Josemar Januzzi <strong><strong>• MPB Brasilidades</strong></strong><br><strong>17h </strong>• <strong>Brinde ao Pôr do Sol</strong> • Violinista João Paulo Xavier<br><strong>20h </strong>• Banda Aranhas Amplificadas • <strong>Rock Nacional</strong></h2>
</div></div>



<div class="wp-block-media-text alignwide has-media-on-the-right is-stacked-on-mobile" style="grid-template-columns:auto 30%"><div class="wp-block-media-text__content">
<h2 class="wp-block-heading has-text-align-center has-white-color has-text-color has-background" style="background-color:#6b1b65"><strong>21 de junho &#8211; sábado</strong></h2>



<h2 class="wp-block-heading has-text-color has-link-color wp-elements-ce22ce1427d295f922e8f6675c4d591d" style="color:#6b1b65"><strong>14h • </strong>Rafael Cabral <strong>• MPB Brasilidades <br>17h • Brinde ao Pôr do Sol • </strong>Violinista João Paulo Xavier <strong><br>20h • </strong>Banda UTI<strong> • Rock Internacional</strong></h2>
</div><figure class="wp-block-media-text__media"><img loading="lazy" decoding="async" width="920" height="614" src="http://rotasturisticas.jundiai.sp.gov.br/vinho/wp-content/uploads/sites/7/2022/06/MG_6387-920x614.jpg" alt="" class="wp-image-1357 size-full" srcset="https://rotasturisticas.jundiai.sp.gov.br/vinho/wp-content/uploads/sites/7/2022/06/MG_6387-920x614.jpg 920w, https://rotasturisticas.jundiai.sp.gov.br/vinho/wp-content/uploads/sites/7/2022/06/MG_6387-300x200.jpg 300w, https://rotasturisticas.jundiai.sp.gov.br/vinho/wp-content/uploads/sites/7/2022/06/MG_6387-768x512.jpg 768w, https://rotasturisticas.jundiai.sp.gov.br/vinho/wp-content/uploads/sites/7/2022/06/MG_6387.jpg 1280w" sizes="auto, (max-width: 920px) 100vw, 920px" /></figure></div>



<div class="wp-block-media-text alignwide is-stacked-on-mobile" style="grid-template-columns:30% auto"><figure class="wp-block-media-text__media"><img loading="lazy" decoding="async" width="1280" height="720" src="https://rotasturisticas.jundiai.sp.gov.br/vinho/wp-content/uploads/sites/7/2025/06/WhatsApp-Image-2025-06-10-at-16.23.11.jpeg" alt="" class="wp-image-1755 size-large" srcset="https://rotasturisticas.jundiai.sp.gov.br/vinho/wp-content/uploads/sites/7/2025/06/WhatsApp-Image-2025-06-10-at-16.23.11.jpeg 1280w, https://rotasturisticas.jundiai.sp.gov.br/vinho/wp-content/uploads/sites/7/2025/06/WhatsApp-Image-2025-06-10-at-16.23.11-768x432.jpeg 768w" sizes="auto, (max-width: 1280px) 100vw, 1280px" /></figure><div class="wp-block-media-text__content">
<h2 class="wp-block-heading has-text-align-center has-white-color has-text-color has-background" style="background-color:#6b1b65"><strong>22 de junho &#8211; domingo</strong></h2>



<h2 class="wp-block-heading has-text-color" style="color:#6b1b65"><strong>14h</strong> • Rodolfo de Neguinho <strong><strong>• MPB Brasilidades</strong></strong><br><strong>17h </strong>• <strong>Brinde ao Pôr do Sol</strong> • Violinista João Paulo Xavier<br><strong>19h </strong>• Banda Reprise Inédita • <strong>Rock Anos 80</strong></h2>
</div></div>

<p>Dia do Vinho 2025 • de 19 a 22 de junho Quinta a Sábado das 11h às 22h • Domingo das 11h às 21h.Espaço Expressa &#8211; Av. União dos Ferroviários, 1760 Entrada e Estacionamento Gratuitos • 13 Vinícolas • Produtos Artesanais • Food Trucks •• Artesanato • Música Ao Vivo • Harmonização com Vinhos19 e [&hellip;]</p>
