{"id":108,"date":"2016-03-28T17:08:11","date_gmt":"2016-03-28T20:08:11","guid":{"rendered":"http:\/\/rotasturisticas.jundiai.sp.gov.br\/uva\/?page_id=108"},"modified":"2016-03-28T17:08:11","modified_gmt":"2016-03-28T20:08:11","slug":"recanto-marquezin","status":"publish","type":"page","link":"https:\/\/rotasturisticas.jundiai.sp.gov.br\/uva\/onde-comer\/recanto-marquezin\/","title":{"rendered":"Recanto Marquezin"},"content":{"rendered":"<p style=\"text-align: justify\"><strong>Endere\u00e7o<\/strong>: Av. Maria Negrini Neto, 3428 \u2013 Bairro da Toca \u2013 Jundia\u00ed<br \/>\n<strong>Telefone<\/strong>: (11) 4584-0993<br \/>\n<strong>Site<\/strong>:\u00a0<a href=\"http:\/\/www.recantomarquezin.com.br\/\">www.recantomarquezin.com.br<\/a><br \/>\n<strong>Hor\u00e1rio de funcionamento<\/strong>: Sexta das 17h \u00e0s 23h30. S\u00e1bados, domingos e feriados das 11h30 \u00e0s 16h30.<\/p>\n<p style=\"text-align: justify\">O Recanto Marquezin, restaurante localizado no bairro da Toca, trabalha\u00a0com um card\u00e1pio muito especial.<br \/>\nDe propriedade da fam\u00edlia Marquezin, uma das fam\u00edlias tradicionais italianas que aqui chegaram nos idos de 1880, o local possui uma vis\u00e3o privilegiada da Serra do Japi, dos Cristais, de Atibaia e da Cantareira.<\/p>\n<p style=\"text-align: justify\">Com influ\u00eancias italianas e caipiras, o card\u00e1pio tem valor acess\u00edvel com pratos para duas pessoas a partir de R$ 25,00, como \u00e9 o caso do Risoto da Mama, risoto tradicional das fam\u00edlias italianas (arroz, molho de tomate caseiro e carne mo\u00edda).<br \/>\nPara quem gosta de por\u00e7\u00f5es, o Frango Frito \u201cda casa\u201d \u00e9 a pedida certa, ainda mais quando a op\u00e7\u00e3o \u00e9 a polenta como acompanhamento. O Macarr\u00e3o ao sugo, bolonhesa e alho e \u00f3leo, e o nhoque tamb\u00e9m marcam presen\u00e7a no card\u00e1pio que \u00e9 a cara das tradi\u00e7\u00f5es dos italianos que se instalaram na zona rural de nossa cidade.<\/p>\n<p style=\"text-align: justify\">Al\u00e9m de conhecer o restaurante e contemplar a vista panor\u00e2mica, os visitantes poder\u00e3o fazer visita\u00e7\u00e3o a planta\u00e7\u00e3o de p\u00eassegos, dekupon, ponkan, lim\u00e3o, goiaba e, claro, uva. Para quem quer relaxar, pode-se descansar de frente ao lago onde peixes e gansos dividem espa\u00e7o em uma harmonia buc\u00f3lica do interior paulista.<\/p>\n<div style=\"width: 310px\" class=\"wp-caption alignleft\"><a href=\"http:\/\/turismo.jundiai.sp.gov.br\/wp-content\/uploads\/2015\/01\/Recanto-Marquezin-2-300x199.jpg\"><img loading=\"lazy\" decoding=\"async\" src=\"http:\/\/turismo.jundiai.sp.gov.br\/wp-content\/uploads\/2015\/01\/Recanto-Marquezin-2-300x199.jpg\" alt=\"Doce de Ab\u00f3bora do Recanto Marquesin\" width=\"300\" height=\"199\" \/><\/a><p class=\"wp-caption-text\">Doce de Ab\u00f3bora do Recanto Marquesin<\/p><\/div>\n<div style=\"width: 310px\" class=\"wp-caption alignright\"><a href=\"http:\/\/turismo.jundiai.sp.gov.br\/wp-content\/uploads\/2015\/01\/S%C3%ADtio-S%C3%A3o-Roque-3-300x168.jpg\"><img loading=\"lazy\" decoding=\"async\" src=\"http:\/\/turismo.jundiai.sp.gov.br\/wp-content\/uploads\/2015\/01\/S%C3%ADtio-S%C3%A3o-Roque-3-300x168.jpg\" alt=\"Recanto Marquezin localizado no S\u00edtio S\u00e3o Roque\" width=\"300\" height=\"168\" \/><\/a><p class=\"wp-caption-text\">Recanto Marquezin localizado no S\u00edtio S\u00e3o Roque<\/p><\/div>\n<p>&nbsp;<\/p>\n<p>&nbsp;<\/p>\n<p>&nbsp;<\/p>\n<p>&nbsp;<\/p>\n<p>&nbsp;<\/p>\n<p>&nbsp;<\/p>\n<p>&nbsp;<\/p>\n<div style=\"width: 310px\" class=\"wp-caption alignleft\"><a href=\"http:\/\/turismo.jundiai.sp.gov.br\/wp-content\/uploads\/2015\/01\/Recanto-Marquezin-1-300x450.jpg\"><img loading=\"lazy\" decoding=\"async\" src=\"http:\/\/turismo.jundiai.sp.gov.br\/wp-content\/uploads\/2015\/01\/Recanto-Marquezin-1-300x450.jpg\" alt=\"Almo\u00e7o no Recanto Marquesin\" width=\"300\" height=\"450\" \/><\/a><p class=\"wp-caption-text\">Almo\u00e7o no Recanto Marquesin<\/p><\/div>\n","protected":false},"excerpt":{"rendered":"<p>Endere\u00e7o: Av. Maria Negrini Neto, 3428 \u2013 Bairro da Toca \u2013 Jundia\u00ed Telefone: (11) 4584-0993 Site:\u00a0www.recantomarquezin.com.br Hor\u00e1rio de funcionamento: Sexta das 17h \u00e0s 23h30. S\u00e1bados, domingos e feriados das 11h30 \u00e0s 16h30. O Recanto Marquezin, restaurante localizado no bairro da Toca, trabalha\u00a0com um card\u00e1pio muito especial. De propriedade da fam\u00edlia Marquezin, uma das fam\u00edlias tradicionais [&hellip;]<\/p>\n","protected":false},"author":4,"featured_media":0,"parent":14,"menu_order":0,"comment_status":"closed","ping_status":"closed","template":"","meta":{"footnotes":""},"class_list":["post-108","page","type-page","status-publish","hentry"],"_links":{"self":[{"href":"https:\/\/rotasturisticas.jundiai.sp.gov.br\/uva\/wp-json\/wp\/v2\/pages\/108","targetHints":{"allow":["GET"]}}],"collection":[{"href":"https:\/\/rotasturisticas.jundiai.sp.gov.br\/uva\/wp-json\/wp\/v2\/pages"}],"about":[{"href":"https:\/\/rotasturisticas.jundiai.sp.gov.br\/uva\/wp-json\/wp\/v2\/types\/page"}],"author":[{"embeddable":true,"href":"https:\/\/rotasturisticas.jundiai.sp.gov.br\/uva\/wp-json\/wp\/v2\/users\/4"}],"replies":[{"embeddable":true,"href":"https:\/\/rotasturisticas.jundiai.sp.gov.br\/uva\/wp-json\/wp\/v2\/comments?post=108"}],"version-history":[{"count":1,"href":"https:\/\/rotasturisticas.jundiai.sp.gov.br\/uva\/wp-json\/wp\/v2\/pages\/108\/revisions"}],"predecessor-version":[{"id":109,"href":"https:\/\/rotasturisticas.jundiai.sp.gov.br\/uva\/wp-json\/wp\/v2\/pages\/108\/revisions\/109"}],"up":[{"embeddable":true,"href":"https:\/\/rotasturisticas.jundiai.sp.gov.br\/uva\/wp-json\/wp\/v2\/pages\/14"}],"wp:attachment":[{"href":"https:\/\/rotasturisticas.jundiai.sp.gov.br\/uva\/wp-json\/wp\/v2\/media?parent=108"}],"curies":[{"name":"wp","href":"https:\/\/api.w.org\/{rel}","templated":true}]}}