{"id":10,"date":"2015-08-13T15:34:37","date_gmt":"2015-08-13T18:34:37","guid":{"rendered":"http:\/\/rotasturisticas.jundiai.sp.gov.br\/uva\/?page_id=10"},"modified":"2019-04-08T15:59:46","modified_gmt":"2019-04-08T18:59:46","slug":"historia","status":"publish","type":"page","link":"https:\/\/rotasturisticas.jundiai.sp.gov.br\/uva\/historia\/","title":{"rendered":"Hist\u00f3ria"},"content":{"rendered":"<p style=\"text-align: justify;\">Formada pelos bairros do Jundia\u00ed Mirim, Caxambu, Col\u00f4nia, Toca, Roseira, Ivoturucaia e adjac\u00eancias, a Rota da Uva possui uma hist\u00f3ria marcada pela imigra\u00e7\u00e3o italiana e pelo charme das videiras &#8211; esta regi\u00e3o concentra grande parte da produ\u00e7\u00e3o de uvas e de vinhos de nossa cidade, com as delicias tradicionais produzidas pelos descendentes de italiano que ali se instalaram.<\/p>\n<p style=\"text-align: justify;\">As fam\u00edlias tradicionais italianas trouxeram consigo n\u00e3o somente a vontade de desbravar um novo pa\u00eds, mas tamb\u00e9m de plantar aqui suas ra\u00edzes e reconstruir suas tradi\u00e7\u00f5es.<\/p>\n<p style=\"text-align: justify;\">Com isso, a cultura da uva foi quase uma consequ\u00eancia\u00a0 e, com ela, a produ\u00e7\u00e3o do vinho. Para a gastronomia tradicional a compor as atra\u00e7\u00f5es da regi\u00e3o foi s\u00f3 mais um passo.<\/p>\n<p style=\"text-align: justify;\">A Rota da Uva hoje \u00e9 uma rota de cores, paisagens e sabores indescrit\u00edveis! A uva em natura, o vinho, os doces, as geleias, o p\u00e3o caseiro, os bolos, as massas tipicamente italianas s\u00e3o apenas algumas op\u00e7\u00f5es que a Rota da Uva tem para oferecer para voc\u00ea!<\/p>\n<p style=\"text-align: justify;\">\n","protected":false},"excerpt":{"rendered":"<p>Formada pelos bairros do Jundia\u00ed Mirim, Caxambu, Col\u00f4nia, Toca, Roseira, Ivoturucaia e adjac\u00eancias, a Rota da Uva possui uma hist\u00f3ria marcada pela imigra\u00e7\u00e3o italiana e pelo charme das videiras &#8211; esta regi\u00e3o concentra grande parte da produ\u00e7\u00e3o de uvas e de vinhos de nossa cidade, com as delicias tradicionais produzidas pelos descendentes de italiano que [&hellip;]<\/p>\n","protected":false},"author":2,"featured_media":0,"parent":0,"menu_order":0,"comment_status":"closed","ping_status":"closed","template":"","meta":{"footnotes":""},"class_list":["post-10","page","type-page","status-publish","hentry"],"_links":{"self":[{"href":"https:\/\/rotasturisticas.jundiai.sp.gov.br\/uva\/wp-json\/wp\/v2\/pages\/10","targetHints":{"allow":["GET"]}}],"collection":[{"href":"https:\/\/rotasturisticas.jundiai.sp.gov.br\/uva\/wp-json\/wp\/v2\/pages"}],"about":[{"href":"https:\/\/rotasturisticas.jundiai.sp.gov.br\/uva\/wp-json\/wp\/v2\/types\/page"}],"author":[{"embeddable":true,"href":"https:\/\/rotasturisticas.jundiai.sp.gov.br\/uva\/wp-json\/wp\/v2\/users\/2"}],"replies":[{"embeddable":true,"href":"https:\/\/rotasturisticas.jundiai.sp.gov.br\/uva\/wp-json\/wp\/v2\/comments?post=10"}],"version-history":[{"count":3,"href":"https:\/\/rotasturisticas.jundiai.sp.gov.br\/uva\/wp-json\/wp\/v2\/pages\/10\/revisions"}],"predecessor-version":[{"id":363,"href":"https:\/\/rotasturisticas.jundiai.sp.gov.br\/uva\/wp-json\/wp\/v2\/pages\/10\/revisions\/363"}],"wp:attachment":[{"href":"https:\/\/rotasturisticas.jundiai.sp.gov.br\/uva\/wp-json\/wp\/v2\/media?parent=10"}],"curies":[{"name":"wp","href":"https:\/\/api.w.org\/{rel}","templated":true}]}}