{"id":343,"date":"2018-08-01T11:53:17","date_gmt":"2018-08-01T14:53:17","guid":{"rendered":"http:\/\/rotasturisticas.jundiai.sp.gov.br\/terranova\/?page_id=343"},"modified":"2024-10-23T10:09:58","modified_gmt":"2024-10-23T13:09:58","slug":"bar-e-mercearia-do-roberto","status":"publish","type":"page","link":"https:\/\/rotasturisticas.jundiai.sp.gov.br\/terranova\/lojas-especiais\/bar-e-mercearia-do-roberto\/","title":{"rendered":"Bar e Mercearia do Roberto"},"content":{"rendered":"\n<p>O Bairro Terra Nova, tem mais de um s\u00e9culo e a fam\u00edlia Gambini foi uma das primeiras a habitar o bairro.<\/p>\n\n\n\n<p>O Bar e Mercearia do Roberto surgiu em maio de 1977. Conhecedor de su\u00ednos, o Sr. Roberto tamb\u00e9m montou um a\u00e7ougue ao lado do Bar, acrescentando op\u00e7\u00f5es aos seus clientes.<\/p>\n\n\n\n<p>O a\u00e7ougue comercializa carne su\u00edna, queijos, doces e cacha\u00e7a mineira.<\/p>\n\n\n\n<p>A tradi\u00e7\u00e3o do Bar \u00e9 o torresmo servido de quarta a s\u00e1bado com cerveja gelada, atraindo turistas de v\u00e1rias cidades.<\/p>\n\n\n\n<figure class=\"wp-block-gallery has-nested-images columns-default is-cropped wp-block-gallery-1 is-layout-flex wp-block-gallery-is-layout-flex\">\n<figure class=\"wp-block-image size-large\"><a href=\"https:\/\/rotasturisticas.jundiai.sp.gov.br\/terranova\/wp-content\/uploads\/sites\/3\/2024\/10\/1.jpg\"><img loading=\"lazy\" decoding=\"async\" width=\"478\" height=\"308\" data-id=\"721\" src=\"https:\/\/rotasturisticas.jundiai.sp.gov.br\/terranova\/wp-content\/uploads\/sites\/3\/2024\/10\/1.jpg\" alt=\"\" class=\"wp-image-721\" \/><\/a><\/figure>\n\n\n\n<figure class=\"wp-block-image size-large\"><a href=\"https:\/\/rotasturisticas.jundiai.sp.gov.br\/terranova\/wp-content\/uploads\/sites\/3\/2024\/10\/2.jpg\"><img loading=\"lazy\" decoding=\"async\" width=\"1280\" height=\"768\" data-id=\"720\" src=\"https:\/\/rotasturisticas.jundiai.sp.gov.br\/terranova\/wp-content\/uploads\/sites\/3\/2024\/10\/2.jpg\" alt=\"\" class=\"wp-image-720\" srcset=\"https:\/\/rotasturisticas.jundiai.sp.gov.br\/terranova\/wp-content\/uploads\/sites\/3\/2024\/10\/2.jpg 1280w, https:\/\/rotasturisticas.jundiai.sp.gov.br\/terranova\/wp-content\/uploads\/sites\/3\/2024\/10\/2-768x461.jpg 768w\" sizes=\"auto, (max-width: 1280px) 100vw, 1280px\" \/><\/a><\/figure>\n\n\n\n<figure class=\"wp-block-image size-large\"><a href=\"https:\/\/rotasturisticas.jundiai.sp.gov.br\/terranova\/wp-content\/uploads\/sites\/3\/2024\/10\/3.jpg\"><img loading=\"lazy\" decoding=\"async\" width=\"1280\" height=\"720\" data-id=\"722\" src=\"https:\/\/rotasturisticas.jundiai.sp.gov.br\/terranova\/wp-content\/uploads\/sites\/3\/2024\/10\/3.jpg\" alt=\"\" class=\"wp-image-722\" srcset=\"https:\/\/rotasturisticas.jundiai.sp.gov.br\/terranova\/wp-content\/uploads\/sites\/3\/2024\/10\/3.jpg 1280w, https:\/\/rotasturisticas.jundiai.sp.gov.br\/terranova\/wp-content\/uploads\/sites\/3\/2024\/10\/3-768x432.jpg 768w\" sizes=\"auto, (max-width: 1280px) 100vw, 1280px\" \/><\/a><\/figure>\n<\/figure>\n\n\n\n<figure class=\"wp-block-gallery has-nested-images columns-default is-cropped wp-block-gallery-2 is-layout-flex wp-block-gallery-is-layout-flex\">\n<figure class=\"wp-block-image size-large\"><a href=\"https:\/\/rotasturisticas.jundiai.sp.gov.br\/terranova\/wp-content\/uploads\/sites\/3\/2024\/10\/Snapinsta.app_433536786_17982891110638557_3984599960004347341_n_1080.jpg\"><img loading=\"lazy\" decoding=\"async\" width=\"761\" height=\"950\" data-id=\"725\" src=\"https:\/\/rotasturisticas.jundiai.sp.gov.br\/terranova\/wp-content\/uploads\/sites\/3\/2024\/10\/Snapinsta.app_433536786_17982891110638557_3984599960004347341_n_1080-761x950.jpg\" alt=\"\" class=\"wp-image-725\" srcset=\"https:\/\/rotasturisticas.jundiai.sp.gov.br\/terranova\/wp-content\/uploads\/sites\/3\/2024\/10\/Snapinsta.app_433536786_17982891110638557_3984599960004347341_n_1080-761x950.jpg 761w, https:\/\/rotasturisticas.jundiai.sp.gov.br\/terranova\/wp-content\/uploads\/sites\/3\/2024\/10\/Snapinsta.app_433536786_17982891110638557_3984599960004347341_n_1080-768x959.jpg 768w, https:\/\/rotasturisticas.jundiai.sp.gov.br\/terranova\/wp-content\/uploads\/sites\/3\/2024\/10\/Snapinsta.app_433536786_17982891110638557_3984599960004347341_n_1080.jpg 1080w\" sizes=\"auto, (max-width: 761px) 100vw, 761px\" \/><\/a><\/figure>\n\n\n\n<figure class=\"wp-block-image size-large\"><a href=\"https:\/\/rotasturisticas.jundiai.sp.gov.br\/terranova\/wp-content\/uploads\/sites\/3\/2024\/10\/Snapinsta.app_433600189_17982891119638557_2732380157242999326_n_1080.jpg\"><img loading=\"lazy\" decoding=\"async\" width=\"761\" height=\"950\" data-id=\"726\" src=\"https:\/\/rotasturisticas.jundiai.sp.gov.br\/terranova\/wp-content\/uploads\/sites\/3\/2024\/10\/Snapinsta.app_433600189_17982891119638557_2732380157242999326_n_1080-761x950.jpg\" alt=\"\" class=\"wp-image-726\" srcset=\"https:\/\/rotasturisticas.jundiai.sp.gov.br\/terranova\/wp-content\/uploads\/sites\/3\/2024\/10\/Snapinsta.app_433600189_17982891119638557_2732380157242999326_n_1080-761x950.jpg 761w, https:\/\/rotasturisticas.jundiai.sp.gov.br\/terranova\/wp-content\/uploads\/sites\/3\/2024\/10\/Snapinsta.app_433600189_17982891119638557_2732380157242999326_n_1080-768x959.jpg 768w, https:\/\/rotasturisticas.jundiai.sp.gov.br\/terranova\/wp-content\/uploads\/sites\/3\/2024\/10\/Snapinsta.app_433600189_17982891119638557_2732380157242999326_n_1080.jpg 1080w\" sizes=\"auto, (max-width: 761px) 100vw, 761px\" \/><\/a><\/figure>\n\n\n\n<figure class=\"wp-block-image size-large\"><a href=\"https:\/\/rotasturisticas.jundiai.sp.gov.br\/terranova\/wp-content\/uploads\/sites\/3\/2024\/10\/Snapinsta.app_448824852_2235448180120944_3665544520246558023_n_1080.jpg\"><img loading=\"lazy\" decoding=\"async\" width=\"1080\" height=\"810\" data-id=\"727\" src=\"https:\/\/rotasturisticas.jundiai.sp.gov.br\/terranova\/wp-content\/uploads\/sites\/3\/2024\/10\/Snapinsta.app_448824852_2235448180120944_3665544520246558023_n_1080.jpg\" alt=\"\" class=\"wp-image-727\" srcset=\"https:\/\/rotasturisticas.jundiai.sp.gov.br\/terranova\/wp-content\/uploads\/sites\/3\/2024\/10\/Snapinsta.app_448824852_2235448180120944_3665544520246558023_n_1080.jpg 1080w, https:\/\/rotasturisticas.jundiai.sp.gov.br\/terranova\/wp-content\/uploads\/sites\/3\/2024\/10\/Snapinsta.app_448824852_2235448180120944_3665544520246558023_n_1080-300x225.jpg 300w, https:\/\/rotasturisticas.jundiai.sp.gov.br\/terranova\/wp-content\/uploads\/sites\/3\/2024\/10\/Snapinsta.app_448824852_2235448180120944_3665544520246558023_n_1080-768x576.jpg 768w\" sizes=\"auto, (max-width: 1080px) 100vw, 1080px\" \/><\/a><\/figure>\n\n\n\n<figure class=\"wp-block-image size-large\"><a href=\"https:\/\/rotasturisticas.jundiai.sp.gov.br\/terranova\/wp-content\/uploads\/sites\/3\/2024\/10\/Snapinsta.app_252950574_1230323030800386_962878774903040932_n_1080.jpg\"><img loading=\"lazy\" decoding=\"async\" width=\"950\" height=\"950\" data-id=\"728\" src=\"https:\/\/rotasturisticas.jundiai.sp.gov.br\/terranova\/wp-content\/uploads\/sites\/3\/2024\/10\/Snapinsta.app_252950574_1230323030800386_962878774903040932_n_1080-950x950.jpg\" alt=\"\" class=\"wp-image-728\" srcset=\"https:\/\/rotasturisticas.jundiai.sp.gov.br\/terranova\/wp-content\/uploads\/sites\/3\/2024\/10\/Snapinsta.app_252950574_1230323030800386_962878774903040932_n_1080-950x950.jpg 950w, https:\/\/rotasturisticas.jundiai.sp.gov.br\/terranova\/wp-content\/uploads\/sites\/3\/2024\/10\/Snapinsta.app_252950574_1230323030800386_962878774903040932_n_1080-100x100.jpg 100w, https:\/\/rotasturisticas.jundiai.sp.gov.br\/terranova\/wp-content\/uploads\/sites\/3\/2024\/10\/Snapinsta.app_252950574_1230323030800386_962878774903040932_n_1080-768x768.jpg 768w, https:\/\/rotasturisticas.jundiai.sp.gov.br\/terranova\/wp-content\/uploads\/sites\/3\/2024\/10\/Snapinsta.app_252950574_1230323030800386_962878774903040932_n_1080.jpg 1080w\" sizes=\"auto, (max-width: 950px) 100vw, 950px\" \/><\/a><\/figure>\n\n\n\n<figure class=\"wp-block-image size-large\"><a href=\"https:\/\/rotasturisticas.jundiai.sp.gov.br\/terranova\/wp-content\/uploads\/sites\/3\/2024\/10\/Snapinsta.app_253268556_311595173822813_1985409344416300869_n_1080.jpg\"><img loading=\"lazy\" decoding=\"async\" width=\"950\" height=\"950\" data-id=\"729\" src=\"https:\/\/rotasturisticas.jundiai.sp.gov.br\/terranova\/wp-content\/uploads\/sites\/3\/2024\/10\/Snapinsta.app_253268556_311595173822813_1985409344416300869_n_1080-950x950.jpg\" alt=\"\" class=\"wp-image-729\" srcset=\"https:\/\/rotasturisticas.jundiai.sp.gov.br\/terranova\/wp-content\/uploads\/sites\/3\/2024\/10\/Snapinsta.app_253268556_311595173822813_1985409344416300869_n_1080-950x950.jpg 950w, https:\/\/rotasturisticas.jundiai.sp.gov.br\/terranova\/wp-content\/uploads\/sites\/3\/2024\/10\/Snapinsta.app_253268556_311595173822813_1985409344416300869_n_1080-100x100.jpg 100w, https:\/\/rotasturisticas.jundiai.sp.gov.br\/terranova\/wp-content\/uploads\/sites\/3\/2024\/10\/Snapinsta.app_253268556_311595173822813_1985409344416300869_n_1080-768x768.jpg 768w, https:\/\/rotasturisticas.jundiai.sp.gov.br\/terranova\/wp-content\/uploads\/sites\/3\/2024\/10\/Snapinsta.app_253268556_311595173822813_1985409344416300869_n_1080.jpg 1080w\" sizes=\"auto, (max-width: 950px) 100vw, 950px\" \/><\/a><\/figure>\n\n\n\n<figure class=\"wp-block-image size-large\"><a href=\"https:\/\/rotasturisticas.jundiai.sp.gov.br\/terranova\/wp-content\/uploads\/sites\/3\/2024\/10\/Snapinsta.app_399693184_17967237686638557_5667000433124639088_n_1080.jpg\"><img loading=\"lazy\" decoding=\"async\" width=\"1080\" height=\"812\" data-id=\"730\" src=\"https:\/\/rotasturisticas.jundiai.sp.gov.br\/terranova\/wp-content\/uploads\/sites\/3\/2024\/10\/Snapinsta.app_399693184_17967237686638557_5667000433124639088_n_1080.jpg\" alt=\"\" class=\"wp-image-730\" srcset=\"https:\/\/rotasturisticas.jundiai.sp.gov.br\/terranova\/wp-content\/uploads\/sites\/3\/2024\/10\/Snapinsta.app_399693184_17967237686638557_5667000433124639088_n_1080.jpg 1080w, https:\/\/rotasturisticas.jundiai.sp.gov.br\/terranova\/wp-content\/uploads\/sites\/3\/2024\/10\/Snapinsta.app_399693184_17967237686638557_5667000433124639088_n_1080-300x225.jpg 300w, https:\/\/rotasturisticas.jundiai.sp.gov.br\/terranova\/wp-content\/uploads\/sites\/3\/2024\/10\/Snapinsta.app_399693184_17967237686638557_5667000433124639088_n_1080-768x577.jpg 768w\" sizes=\"auto, (max-width: 1080px) 100vw, 1080px\" \/><\/a><\/figure>\n<\/figure>\n\n\n\n<p><\/p>\n","protected":false},"excerpt":{"rendered":"<p>O Bairro Terra Nova, tem mais de um s\u00e9culo e a fam\u00edlia Gambini foi uma das primeiras a habitar o bairro. O Bar e Mercearia do Roberto surgiu em maio de 1977. Conhecedor de su\u00ednos, o Sr. Roberto tamb\u00e9m montou um a\u00e7ougue ao lado do Bar, acrescentando op\u00e7\u00f5es aos seus clientes. O a\u00e7ougue comercializa carne [&hellip;]<\/p>\n","protected":false},"author":11,"featured_media":0,"parent":15,"menu_order":0,"comment_status":"closed","ping_status":"closed","template":"page-local.php","meta":{"footnotes":""},"class_list":["post-343","page","type-page","status-publish","hentry"],"_links":{"self":[{"href":"https:\/\/rotasturisticas.jundiai.sp.gov.br\/terranova\/wp-json\/wp\/v2\/pages\/343","targetHints":{"allow":["GET"]}}],"collection":[{"href":"https:\/\/rotasturisticas.jundiai.sp.gov.br\/terranova\/wp-json\/wp\/v2\/pages"}],"about":[{"href":"https:\/\/rotasturisticas.jundiai.sp.gov.br\/terranova\/wp-json\/wp\/v2\/types\/page"}],"author":[{"embeddable":true,"href":"https:\/\/rotasturisticas.jundiai.sp.gov.br\/terranova\/wp-json\/wp\/v2\/users\/11"}],"replies":[{"embeddable":true,"href":"https:\/\/rotasturisticas.jundiai.sp.gov.br\/terranova\/wp-json\/wp\/v2\/comments?post=343"}],"version-history":[{"count":9,"href":"https:\/\/rotasturisticas.jundiai.sp.gov.br\/terranova\/wp-json\/wp\/v2\/pages\/343\/revisions"}],"predecessor-version":[{"id":739,"href":"https:\/\/rotasturisticas.jundiai.sp.gov.br\/terranova\/wp-json\/wp\/v2\/pages\/343\/revisions\/739"}],"up":[{"embeddable":true,"href":"https:\/\/rotasturisticas.jundiai.sp.gov.br\/terranova\/wp-json\/wp\/v2\/pages\/15"}],"wp:attachment":[{"href":"https:\/\/rotasturisticas.jundiai.sp.gov.br\/terranova\/wp-json\/wp\/v2\/media?parent=343"}],"curies":[{"name":"wp","href":"https:\/\/api.w.org\/{rel}","templated":true}]}}