{"id":76,"date":"2025-03-25T10:48:59","date_gmt":"2025-03-25T13:48:59","guid":{"rendered":"https:\/\/rotasturisticas.jundiai.sp.gov.br\/afro\/?page_id=76"},"modified":"2025-03-25T10:51:35","modified_gmt":"2025-03-25T13:51:35","slug":"raizes-da-beleza","status":"publish","type":"page","link":"https:\/\/rotasturisticas.jundiai.sp.gov.br\/culturanegra\/empreendedores\/raizes-da-beleza\/","title":{"rendered":"Ra\u00edzes da Beleza"},"content":{"rendered":"\n<p>Desde 2004, o sal\u00e3o de cabeleireiras e Trancistas, oferece aplica\u00e7\u00e3o de mega-hair em variados modelos, entre outros servi\u00e7os. Proporcionam uma experi\u00eancia que vai al\u00e9m da est\u00e9tica, elevando a autoestima e o bem-estar emocional de mulheres e homens. Agende seu hor\u00e1rio!<\/p>\n\n\n\n<figure class=\"wp-block-gallery has-nested-images columns-default is-cropped wp-block-gallery-1 is-layout-flex wp-block-gallery-is-layout-flex\">\n<figure class=\"wp-block-image size-large\"><img loading=\"lazy\" decoding=\"async\" width=\"713\" height=\"950\" data-id=\"84\" src=\"https:\/\/rotasturisticas.jundiai.sp.gov.br\/afro\/wp-content\/uploads\/sites\/11\/2025\/03\/IMG-20250319-WA0101-Maria-Claudia-1-713x950.jpg\" alt=\"\" class=\"wp-image-84\" srcset=\"https:\/\/rotasturisticas.jundiai.sp.gov.br\/culturanegra\/wp-content\/uploads\/sites\/11\/2025\/03\/IMG-20250319-WA0101-Maria-Claudia-1-713x950.jpg 713w, https:\/\/rotasturisticas.jundiai.sp.gov.br\/culturanegra\/wp-content\/uploads\/sites\/11\/2025\/03\/IMG-20250319-WA0101-Maria-Claudia-1-768x1024.jpg 768w, https:\/\/rotasturisticas.jundiai.sp.gov.br\/culturanegra\/wp-content\/uploads\/sites\/11\/2025\/03\/IMG-20250319-WA0101-Maria-Claudia-1.jpg 960w\" sizes=\"auto, (max-width: 713px) 100vw, 713px\" \/><\/figure>\n\n\n\n<figure class=\"wp-block-image size-large\"><img loading=\"lazy\" decoding=\"async\" width=\"713\" height=\"950\" data-id=\"85\" src=\"https:\/\/rotasturisticas.jundiai.sp.gov.br\/afro\/wp-content\/uploads\/sites\/11\/2025\/03\/IMG-20250319-WA0106-Maria-Claudia-1-713x950.jpg\" alt=\"\" class=\"wp-image-85\" srcset=\"https:\/\/rotasturisticas.jundiai.sp.gov.br\/culturanegra\/wp-content\/uploads\/sites\/11\/2025\/03\/IMG-20250319-WA0106-Maria-Claudia-1-713x950.jpg 713w, https:\/\/rotasturisticas.jundiai.sp.gov.br\/culturanegra\/wp-content\/uploads\/sites\/11\/2025\/03\/IMG-20250319-WA0106-Maria-Claudia-1-768x1024.jpg 768w, https:\/\/rotasturisticas.jundiai.sp.gov.br\/culturanegra\/wp-content\/uploads\/sites\/11\/2025\/03\/IMG-20250319-WA0106-Maria-Claudia-1.jpg 960w\" sizes=\"auto, (max-width: 713px) 100vw, 713px\" \/><\/figure>\n\n\n\n<figure class=\"wp-block-image size-large\"><img loading=\"lazy\" decoding=\"async\" width=\"713\" height=\"950\" data-id=\"86\" src=\"https:\/\/rotasturisticas.jundiai.sp.gov.br\/afro\/wp-content\/uploads\/sites\/11\/2025\/03\/IMG-20250319-WA0107-Maria-Claudia-1-713x950.jpg\" alt=\"\" class=\"wp-image-86\" srcset=\"https:\/\/rotasturisticas.jundiai.sp.gov.br\/culturanegra\/wp-content\/uploads\/sites\/11\/2025\/03\/IMG-20250319-WA0107-Maria-Claudia-1-713x950.jpg 713w, https:\/\/rotasturisticas.jundiai.sp.gov.br\/culturanegra\/wp-content\/uploads\/sites\/11\/2025\/03\/IMG-20250319-WA0107-Maria-Claudia-1-768x1024.jpg 768w, https:\/\/rotasturisticas.jundiai.sp.gov.br\/culturanegra\/wp-content\/uploads\/sites\/11\/2025\/03\/IMG-20250319-WA0107-Maria-Claudia-1.jpg 960w\" sizes=\"auto, (max-width: 713px) 100vw, 713px\" \/><\/figure>\n\n\n\n<figure class=\"wp-block-image size-large\"><img loading=\"lazy\" decoding=\"async\" width=\"713\" height=\"950\" data-id=\"87\" src=\"https:\/\/rotasturisticas.jundiai.sp.gov.br\/afro\/wp-content\/uploads\/sites\/11\/2025\/03\/IMG-20250319-WA0105-Maria-Claudia-1-713x950.jpg\" alt=\"\" class=\"wp-image-87\" srcset=\"https:\/\/rotasturisticas.jundiai.sp.gov.br\/culturanegra\/wp-content\/uploads\/sites\/11\/2025\/03\/IMG-20250319-WA0105-Maria-Claudia-1-713x950.jpg 713w, https:\/\/rotasturisticas.jundiai.sp.gov.br\/culturanegra\/wp-content\/uploads\/sites\/11\/2025\/03\/IMG-20250319-WA0105-Maria-Claudia-1-768x1024.jpg 768w, https:\/\/rotasturisticas.jundiai.sp.gov.br\/culturanegra\/wp-content\/uploads\/sites\/11\/2025\/03\/IMG-20250319-WA0105-Maria-Claudia-1.jpg 960w\" sizes=\"auto, (max-width: 713px) 100vw, 713px\" \/><\/figure>\n\n\n\n<figure class=\"wp-block-image size-large\"><img loading=\"lazy\" decoding=\"async\" width=\"713\" height=\"950\" data-id=\"88\" src=\"https:\/\/rotasturisticas.jundiai.sp.gov.br\/afro\/wp-content\/uploads\/sites\/11\/2025\/03\/IMG-20250319-WA0102-Maria-Claudia-1-713x950.jpg\" alt=\"\" class=\"wp-image-88\" srcset=\"https:\/\/rotasturisticas.jundiai.sp.gov.br\/culturanegra\/wp-content\/uploads\/sites\/11\/2025\/03\/IMG-20250319-WA0102-Maria-Claudia-1-713x950.jpg 713w, https:\/\/rotasturisticas.jundiai.sp.gov.br\/culturanegra\/wp-content\/uploads\/sites\/11\/2025\/03\/IMG-20250319-WA0102-Maria-Claudia-1-768x1024.jpg 768w, https:\/\/rotasturisticas.jundiai.sp.gov.br\/culturanegra\/wp-content\/uploads\/sites\/11\/2025\/03\/IMG-20250319-WA0102-Maria-Claudia-1.jpg 960w\" sizes=\"auto, (max-width: 713px) 100vw, 713px\" \/><\/figure>\n\n\n\n<figure class=\"wp-block-image size-large\"><img loading=\"lazy\" decoding=\"async\" width=\"713\" height=\"950\" data-id=\"89\" src=\"https:\/\/rotasturisticas.jundiai.sp.gov.br\/afro\/wp-content\/uploads\/sites\/11\/2025\/03\/IMG-20250319-WA0103-Maria-Claudia-1-713x950.jpg\" alt=\"\" class=\"wp-image-89\" srcset=\"https:\/\/rotasturisticas.jundiai.sp.gov.br\/culturanegra\/wp-content\/uploads\/sites\/11\/2025\/03\/IMG-20250319-WA0103-Maria-Claudia-1-713x950.jpg 713w, https:\/\/rotasturisticas.jundiai.sp.gov.br\/culturanegra\/wp-content\/uploads\/sites\/11\/2025\/03\/IMG-20250319-WA0103-Maria-Claudia-1-768x1024.jpg 768w, https:\/\/rotasturisticas.jundiai.sp.gov.br\/culturanegra\/wp-content\/uploads\/sites\/11\/2025\/03\/IMG-20250319-WA0103-Maria-Claudia-1.jpg 960w\" sizes=\"auto, (max-width: 713px) 100vw, 713px\" \/><\/figure>\n\n\n\n<figure class=\"wp-block-image size-large\"><img loading=\"lazy\" decoding=\"async\" width=\"713\" height=\"950\" data-id=\"90\" src=\"https:\/\/rotasturisticas.jundiai.sp.gov.br\/afro\/wp-content\/uploads\/sites\/11\/2025\/03\/IMG-20250319-WA0104-Maria-Claudia-1-713x950.jpg\" alt=\"\" class=\"wp-image-90\" srcset=\"https:\/\/rotasturisticas.jundiai.sp.gov.br\/culturanegra\/wp-content\/uploads\/sites\/11\/2025\/03\/IMG-20250319-WA0104-Maria-Claudia-1-713x950.jpg 713w, https:\/\/rotasturisticas.jundiai.sp.gov.br\/culturanegra\/wp-content\/uploads\/sites\/11\/2025\/03\/IMG-20250319-WA0104-Maria-Claudia-1-768x1024.jpg 768w, https:\/\/rotasturisticas.jundiai.sp.gov.br\/culturanegra\/wp-content\/uploads\/sites\/11\/2025\/03\/IMG-20250319-WA0104-Maria-Claudia-1.jpg 960w\" sizes=\"auto, (max-width: 713px) 100vw, 713px\" \/><\/figure>\n<\/figure>\n","protected":false},"excerpt":{"rendered":"<p>Desde 2004, o sal\u00e3o de cabeleireiras e Trancistas, oferece aplica\u00e7\u00e3o de mega-hair em variados modelos, entre outros servi\u00e7os. Proporcionam uma experi\u00eancia que vai al\u00e9m da est\u00e9tica, elevando a autoestima e o bem-estar emocional de mulheres e homens. Agende seu hor\u00e1rio!<\/p>\n","protected":false},"author":16,"featured_media":0,"parent":25,"menu_order":0,"comment_status":"closed","ping_status":"closed","template":"page-local.php","meta":{"footnotes":""},"class_list":["post-76","page","type-page","status-publish","hentry"],"_links":{"self":[{"href":"https:\/\/rotasturisticas.jundiai.sp.gov.br\/culturanegra\/wp-json\/wp\/v2\/pages\/76","targetHints":{"allow":["GET"]}}],"collection":[{"href":"https:\/\/rotasturisticas.jundiai.sp.gov.br\/culturanegra\/wp-json\/wp\/v2\/pages"}],"about":[{"href":"https:\/\/rotasturisticas.jundiai.sp.gov.br\/culturanegra\/wp-json\/wp\/v2\/types\/page"}],"author":[{"embeddable":true,"href":"https:\/\/rotasturisticas.jundiai.sp.gov.br\/culturanegra\/wp-json\/wp\/v2\/users\/16"}],"replies":[{"embeddable":true,"href":"https:\/\/rotasturisticas.jundiai.sp.gov.br\/culturanegra\/wp-json\/wp\/v2\/comments?post=76"}],"version-history":[{"count":3,"href":"https:\/\/rotasturisticas.jundiai.sp.gov.br\/culturanegra\/wp-json\/wp\/v2\/pages\/76\/revisions"}],"predecessor-version":[{"id":94,"href":"https:\/\/rotasturisticas.jundiai.sp.gov.br\/culturanegra\/wp-json\/wp\/v2\/pages\/76\/revisions\/94"}],"up":[{"embeddable":true,"href":"https:\/\/rotasturisticas.jundiai.sp.gov.br\/culturanegra\/wp-json\/wp\/v2\/pages\/25"}],"wp:attachment":[{"href":"https:\/\/rotasturisticas.jundiai.sp.gov.br\/culturanegra\/wp-json\/wp\/v2\/media?parent=76"}],"curies":[{"name":"wp","href":"https:\/\/api.w.org\/{rel}","templated":true}]}}

Raízes da Beleza

<p>Desde 2004, o salão de cabeleireiras e Trancistas, oferece aplicação de mega-hair em variados modelos, entre outros serviços. Proporcionam uma experiência que vai além da estética, elevando a autoestima e o bem-estar emocional de mulheres e homens. Agende seu horário!</p>



<figure class="wp-block-gallery has-nested-images columns-default is-cropped wp-block-gallery-1 is-layout-flex wp-block-gallery-is-layout-flex">
<figure class="wp-block-image size-large"><img loading="lazy" decoding="async" width="713" height="950" data-id="84" src="https://rotasturisticas.jundiai.sp.gov.br/afro/wp-content/uploads/sites/11/2025/03/IMG-20250319-WA0101-Maria-Claudia-1-713x950.jpg" alt="" class="wp-image-84" srcset="https://rotasturisticas.jundiai.sp.gov.br/culturanegra/wp-content/uploads/sites/11/2025/03/IMG-20250319-WA0101-Maria-Claudia-1-713x950.jpg 713w, https://rotasturisticas.jundiai.sp.gov.br/culturanegra/wp-content/uploads/sites/11/2025/03/IMG-20250319-WA0101-Maria-Claudia-1-768x1024.jpg 768w, https://rotasturisticas.jundiai.sp.gov.br/culturanegra/wp-content/uploads/sites/11/2025/03/IMG-20250319-WA0101-Maria-Claudia-1.jpg 960w" sizes="auto, (max-width: 713px) 100vw, 713px" /></figure>



<figure class="wp-block-image size-large"><img loading="lazy" decoding="async" width="713" height="950" data-id="85" src="https://rotasturisticas.jundiai.sp.gov.br/afro/wp-content/uploads/sites/11/2025/03/IMG-20250319-WA0106-Maria-Claudia-1-713x950.jpg" alt="" class="wp-image-85" srcset="https://rotasturisticas.jundiai.sp.gov.br/culturanegra/wp-content/uploads/sites/11/2025/03/IMG-20250319-WA0106-Maria-Claudia-1-713x950.jpg 713w, https://rotasturisticas.jundiai.sp.gov.br/culturanegra/wp-content/uploads/sites/11/2025/03/IMG-20250319-WA0106-Maria-Claudia-1-768x1024.jpg 768w, https://rotasturisticas.jundiai.sp.gov.br/culturanegra/wp-content/uploads/sites/11/2025/03/IMG-20250319-WA0106-Maria-Claudia-1.jpg 960w" sizes="auto, (max-width: 713px) 100vw, 713px" /></figure>



<figure class="wp-block-image size-large"><img loading="lazy" decoding="async" width="713" height="950" data-id="86" src="https://rotasturisticas.jundiai.sp.gov.br/afro/wp-content/uploads/sites/11/2025/03/IMG-20250319-WA0107-Maria-Claudia-1-713x950.jpg" alt="" class="wp-image-86" srcset="https://rotasturisticas.jundiai.sp.gov.br/culturanegra/wp-content/uploads/sites/11/2025/03/IMG-20250319-WA0107-Maria-Claudia-1-713x950.jpg 713w, https://rotasturisticas.jundiai.sp.gov.br/culturanegra/wp-content/uploads/sites/11/2025/03/IMG-20250319-WA0107-Maria-Claudia-1-768x1024.jpg 768w, https://rotasturisticas.jundiai.sp.gov.br/culturanegra/wp-content/uploads/sites/11/2025/03/IMG-20250319-WA0107-Maria-Claudia-1.jpg 960w" sizes="auto, (max-width: 713px) 100vw, 713px" /></figure>



<figure class="wp-block-image size-large"><img loading="lazy" decoding="async" width="713" height="950" data-id="87" src="https://rotasturisticas.jundiai.sp.gov.br/afro/wp-content/uploads/sites/11/2025/03/IMG-20250319-WA0105-Maria-Claudia-1-713x950.jpg" alt="" class="wp-image-87" srcset="https://rotasturisticas.jundiai.sp.gov.br/culturanegra/wp-content/uploads/sites/11/2025/03/IMG-20250319-WA0105-Maria-Claudia-1-713x950.jpg 713w, https://rotasturisticas.jundiai.sp.gov.br/culturanegra/wp-content/uploads/sites/11/2025/03/IMG-20250319-WA0105-Maria-Claudia-1-768x1024.jpg 768w, https://rotasturisticas.jundiai.sp.gov.br/culturanegra/wp-content/uploads/sites/11/2025/03/IMG-20250319-WA0105-Maria-Claudia-1.jpg 960w" sizes="auto, (max-width: 713px) 100vw, 713px" /></figure>



<figure class="wp-block-image size-large"><img loading="lazy" decoding="async" width="713" height="950" data-id="88" src="https://rotasturisticas.jundiai.sp.gov.br/afro/wp-content/uploads/sites/11/2025/03/IMG-20250319-WA0102-Maria-Claudia-1-713x950.jpg" alt="" class="wp-image-88" srcset="https://rotasturisticas.jundiai.sp.gov.br/culturanegra/wp-content/uploads/sites/11/2025/03/IMG-20250319-WA0102-Maria-Claudia-1-713x950.jpg 713w, https://rotasturisticas.jundiai.sp.gov.br/culturanegra/wp-content/uploads/sites/11/2025/03/IMG-20250319-WA0102-Maria-Claudia-1-768x1024.jpg 768w, https://rotasturisticas.jundiai.sp.gov.br/culturanegra/wp-content/uploads/sites/11/2025/03/IMG-20250319-WA0102-Maria-Claudia-1.jpg 960w" sizes="auto, (max-width: 713px) 100vw, 713px" /></figure>



<figure class="wp-block-image size-large"><img loading="lazy" decoding="async" width="713" height="950" data-id="89" src="https://rotasturisticas.jundiai.sp.gov.br/afro/wp-content/uploads/sites/11/2025/03/IMG-20250319-WA0103-Maria-Claudia-1-713x950.jpg" alt="" class="wp-image-89" srcset="https://rotasturisticas.jundiai.sp.gov.br/culturanegra/wp-content/uploads/sites/11/2025/03/IMG-20250319-WA0103-Maria-Claudia-1-713x950.jpg 713w, https://rotasturisticas.jundiai.sp.gov.br/culturanegra/wp-content/uploads/sites/11/2025/03/IMG-20250319-WA0103-Maria-Claudia-1-768x1024.jpg 768w, https://rotasturisticas.jundiai.sp.gov.br/culturanegra/wp-content/uploads/sites/11/2025/03/IMG-20250319-WA0103-Maria-Claudia-1.jpg 960w" sizes="auto, (max-width: 713px) 100vw, 713px" /></figure>



<figure class="wp-block-image size-large"><img loading="lazy" decoding="async" width="713" height="950" data-id="90" src="https://rotasturisticas.jundiai.sp.gov.br/afro/wp-content/uploads/sites/11/2025/03/IMG-20250319-WA0104-Maria-Claudia-1-713x950.jpg" alt="" class="wp-image-90" srcset="https://rotasturisticas.jundiai.sp.gov.br/culturanegra/wp-content/uploads/sites/11/2025/03/IMG-20250319-WA0104-Maria-Claudia-1-713x950.jpg 713w, https://rotasturisticas.jundiai.sp.gov.br/culturanegra/wp-content/uploads/sites/11/2025/03/IMG-20250319-WA0104-Maria-Claudia-1-768x1024.jpg 768w, https://rotasturisticas.jundiai.sp.gov.br/culturanegra/wp-content/uploads/sites/11/2025/03/IMG-20250319-WA0104-Maria-Claudia-1.jpg 960w" sizes="auto, (max-width: 713px) 100vw, 713px" /></figure>
</figure>

<p>Desde 2004, o salão de cabeleireiras e Trancistas, oferece aplicação de mega-hair em variados modelos, entre outros serviços. Proporcionam uma experiência que vai além da estética, elevando a autoestima e o bem-estar emocional de mulheres e homens. Agende seu horário!</p>
