{"id":63,"date":"2025-03-25T10:20:39","date_gmt":"2025-03-25T13:20:39","guid":{"rendered":"https:\/\/rotasturisticas.jundiai.sp.gov.br\/afro\/?page_id=63"},"modified":"2025-03-27T09:13:15","modified_gmt":"2025-03-27T12:13:15","slug":"guloseimas-da-neia","status":"publish","type":"page","link":"https:\/\/rotasturisticas.jundiai.sp.gov.br\/culturanegra\/empreendedores\/guloseimas-da-neia\/","title":{"rendered":"Guloseimas da Neia"},"content":{"rendered":"\n<p>Deliciosos A\u00e7a\u00eds, com variedades de acompanhamento de frutas e cremes gourmets. Experimente tamb\u00e9m o Fondue, com frutas banhadas no chocolate branco e chocolate meio amargo, servidas no copo.<\/p>\n\n\n\n<figure class=\"wp-block-gallery has-nested-images columns-default is-cropped wp-block-gallery-1 is-layout-flex wp-block-gallery-is-layout-flex\">\n<figure class=\"wp-block-image size-large\"><img loading=\"lazy\" decoding=\"async\" width=\"480\" height=\"640\" data-id=\"65\" src=\"https:\/\/rotasturisticas.jundiai.sp.gov.br\/afro\/wp-content\/uploads\/sites\/11\/2025\/03\/3c0d5ade-1bdd-4404-abd6-a10d4ca9ffdf-Lucineia-de-Oliveira-Santos-Santos.jpeg\" alt=\"\" class=\"wp-image-65\" \/><\/figure>\n\n\n\n<figure class=\"wp-block-image size-large\"><img loading=\"lazy\" decoding=\"async\" width=\"394\" height=\"512\" data-id=\"66\" src=\"https:\/\/rotasturisticas.jundiai.sp.gov.br\/afro\/wp-content\/uploads\/sites\/11\/2025\/03\/57656f87-5211-47f3-b4b2-94bc7354ed21-Lucineia-de-Oliveira-Santos-Santos.jpeg\" alt=\"\" class=\"wp-image-66\" \/><\/figure>\n\n\n\n<figure class=\"wp-block-image size-large\"><img loading=\"lazy\" decoding=\"async\" width=\"554\" height=\"554\" data-id=\"64\" src=\"https:\/\/rotasturisticas.jundiai.sp.gov.br\/afro\/wp-content\/uploads\/sites\/11\/2025\/03\/0c8bdde2-c47f-45ca-9cc8-e8ad5839fa60-Lucineia-de-Oliveira-Santos-Santos.jpeg\" alt=\"\" class=\"wp-image-64\" srcset=\"https:\/\/rotasturisticas.jundiai.sp.gov.br\/culturanegra\/wp-content\/uploads\/sites\/11\/2025\/03\/0c8bdde2-c47f-45ca-9cc8-e8ad5839fa60-Lucineia-de-Oliveira-Santos-Santos.jpeg 554w, https:\/\/rotasturisticas.jundiai.sp.gov.br\/culturanegra\/wp-content\/uploads\/sites\/11\/2025\/03\/0c8bdde2-c47f-45ca-9cc8-e8ad5839fa60-Lucineia-de-Oliveira-Santos-Santos-100x100.jpeg 100w\" sizes=\"auto, (max-width: 554px) 100vw, 554px\" \/><\/figure>\n\n\n\n<figure class=\"wp-block-image size-large\"><img loading=\"lazy\" decoding=\"async\" width=\"950\" height=\"950\" data-id=\"70\" src=\"https:\/\/rotasturisticas.jundiai.sp.gov.br\/afro\/wp-content\/uploads\/sites\/11\/2025\/03\/IMG_3703-Lucineia-de-Oliveira-Santos-Santos-950x950.jpeg\" alt=\"\" class=\"wp-image-70\" srcset=\"https:\/\/rotasturisticas.jundiai.sp.gov.br\/culturanegra\/wp-content\/uploads\/sites\/11\/2025\/03\/IMG_3703-Lucineia-de-Oliveira-Santos-Santos-950x950.jpeg 950w, https:\/\/rotasturisticas.jundiai.sp.gov.br\/culturanegra\/wp-content\/uploads\/sites\/11\/2025\/03\/IMG_3703-Lucineia-de-Oliveira-Santos-Santos-100x100.jpeg 100w, https:\/\/rotasturisticas.jundiai.sp.gov.br\/culturanegra\/wp-content\/uploads\/sites\/11\/2025\/03\/IMG_3703-Lucineia-de-Oliveira-Santos-Santos-768x768.jpeg 768w, https:\/\/rotasturisticas.jundiai.sp.gov.br\/culturanegra\/wp-content\/uploads\/sites\/11\/2025\/03\/IMG_3703-Lucineia-de-Oliveira-Santos-Santos.jpeg 1280w\" sizes=\"auto, (max-width: 950px) 100vw, 950px\" \/><\/figure>\n\n\n\n<figure class=\"wp-block-image size-large\"><img loading=\"lazy\" decoding=\"async\" width=\"489\" height=\"627\" data-id=\"69\" src=\"https:\/\/rotasturisticas.jundiai.sp.gov.br\/afro\/wp-content\/uploads\/sites\/11\/2025\/03\/4bbe47c3-85cf-4210-9b67-198e5015b11f-Lucineia-de-Oliveira-Santos-Santos.jpeg\" alt=\"\" class=\"wp-image-69\" \/><\/figure>\n\n\n\n<figure class=\"wp-block-image size-large\"><img loading=\"lazy\" decoding=\"async\" width=\"535\" height=\"950\" data-id=\"68\" src=\"https:\/\/rotasturisticas.jundiai.sp.gov.br\/afro\/wp-content\/uploads\/sites\/11\/2025\/03\/IMG_4885-Lucineia-de-Oliveira-Santos-Santos-535x950.jpeg\" alt=\"\" class=\"wp-image-68\" srcset=\"https:\/\/rotasturisticas.jundiai.sp.gov.br\/culturanegra\/wp-content\/uploads\/sites\/11\/2025\/03\/IMG_4885-Lucineia-de-Oliveira-Santos-Santos-535x950.jpeg 535w, https:\/\/rotasturisticas.jundiai.sp.gov.br\/culturanegra\/wp-content\/uploads\/sites\/11\/2025\/03\/IMG_4885-Lucineia-de-Oliveira-Santos-Santos-768x1364.jpeg 768w, https:\/\/rotasturisticas.jundiai.sp.gov.br\/culturanegra\/wp-content\/uploads\/sites\/11\/2025\/03\/IMG_4885-Lucineia-de-Oliveira-Santos-Santos-865x1536.jpeg 865w, https:\/\/rotasturisticas.jundiai.sp.gov.br\/culturanegra\/wp-content\/uploads\/sites\/11\/2025\/03\/IMG_4885-Lucineia-de-Oliveira-Santos-Santos.jpeg 901w\" sizes=\"auto, (max-width: 535px) 100vw, 535px\" \/><\/figure>\n\n\n\n<figure class=\"wp-block-image size-large\"><img loading=\"lazy\" decoding=\"async\" width=\"1080\" height=\"946\" data-id=\"71\" src=\"https:\/\/rotasturisticas.jundiai.sp.gov.br\/afro\/wp-content\/uploads\/sites\/11\/2025\/03\/68072e85-1966-40da-a1ab-a5f8351354b3-Lucineia-de-Oliveira-Santos-Santos.jpeg\" alt=\"\" class=\"wp-image-71\" srcset=\"https:\/\/rotasturisticas.jundiai.sp.gov.br\/culturanegra\/wp-content\/uploads\/sites\/11\/2025\/03\/68072e85-1966-40da-a1ab-a5f8351354b3-Lucineia-de-Oliveira-Santos-Santos.jpeg 1080w, https:\/\/rotasturisticas.jundiai.sp.gov.br\/culturanegra\/wp-content\/uploads\/sites\/11\/2025\/03\/68072e85-1966-40da-a1ab-a5f8351354b3-Lucineia-de-Oliveira-Santos-Santos-768x673.jpeg 768w\" sizes=\"auto, (max-width: 1080px) 100vw, 1080px\" \/><\/figure>\n\n\n\n<figure class=\"wp-block-image size-large\"><img loading=\"lazy\" decoding=\"async\" width=\"702\" height=\"950\" data-id=\"72\" src=\"https:\/\/rotasturisticas.jundiai.sp.gov.br\/afro\/wp-content\/uploads\/sites\/11\/2025\/03\/bdcff300-1868-485e-a405-3635bdf18fe3-Lucineia-de-Oliveira-Santos-Santos-702x950.jpeg\" alt=\"\" class=\"wp-image-72\" srcset=\"https:\/\/rotasturisticas.jundiai.sp.gov.br\/culturanegra\/wp-content\/uploads\/sites\/11\/2025\/03\/bdcff300-1868-485e-a405-3635bdf18fe3-Lucineia-de-Oliveira-Santos-Santos-702x950.jpeg 702w, https:\/\/rotasturisticas.jundiai.sp.gov.br\/culturanegra\/wp-content\/uploads\/sites\/11\/2025\/03\/bdcff300-1868-485e-a405-3635bdf18fe3-Lucineia-de-Oliveira-Santos-Santos-768x1040.jpeg 768w, https:\/\/rotasturisticas.jundiai.sp.gov.br\/culturanegra\/wp-content\/uploads\/sites\/11\/2025\/03\/bdcff300-1868-485e-a405-3635bdf18fe3-Lucineia-de-Oliveira-Santos-Santos.jpeg 929w\" sizes=\"auto, (max-width: 702px) 100vw, 702px\" \/><\/figure>\n\n\n\n<figure class=\"wp-block-image size-large\"><img loading=\"lazy\" decoding=\"async\" width=\"950\" height=\"950\" data-id=\"73\" src=\"https:\/\/rotasturisticas.jundiai.sp.gov.br\/afro\/wp-content\/uploads\/sites\/11\/2025\/03\/Photoroom_20250302_115553-Lucineia-de-Oliveira-Santos-Santos-950x950.jpeg\" alt=\"\" class=\"wp-image-73\" srcset=\"https:\/\/rotasturisticas.jundiai.sp.gov.br\/culturanegra\/wp-content\/uploads\/sites\/11\/2025\/03\/Photoroom_20250302_115553-Lucineia-de-Oliveira-Santos-Santos-950x950.jpeg 950w, https:\/\/rotasturisticas.jundiai.sp.gov.br\/culturanegra\/wp-content\/uploads\/sites\/11\/2025\/03\/Photoroom_20250302_115553-Lucineia-de-Oliveira-Santos-Santos-100x100.jpeg 100w, https:\/\/rotasturisticas.jundiai.sp.gov.br\/culturanegra\/wp-content\/uploads\/sites\/11\/2025\/03\/Photoroom_20250302_115553-Lucineia-de-Oliveira-Santos-Santos-768x768.jpeg 768w, https:\/\/rotasturisticas.jundiai.sp.gov.br\/culturanegra\/wp-content\/uploads\/sites\/11\/2025\/03\/Photoroom_20250302_115553-Lucineia-de-Oliveira-Santos-Santos.jpeg 1280w\" sizes=\"auto, (max-width: 950px) 100vw, 950px\" \/><\/figure>\n<\/figure>\n","protected":false},"excerpt":{"rendered":"<p>Deliciosos A\u00e7a\u00eds, com variedades de acompanhamento de frutas e cremes gourmets. Experimente tamb\u00e9m o Fondue, com frutas banhadas no chocolate branco e chocolate meio amargo, servidas no copo.<\/p>\n","protected":false},"author":16,"featured_media":0,"parent":25,"menu_order":0,"comment_status":"closed","ping_status":"closed","template":"page-local.php","meta":{"footnotes":""},"class_list":["post-63","page","type-page","status-publish","hentry"],"_links":{"self":[{"href":"https:\/\/rotasturisticas.jundiai.sp.gov.br\/culturanegra\/wp-json\/wp\/v2\/pages\/63","targetHints":{"allow":["GET"]}}],"collection":[{"href":"https:\/\/rotasturisticas.jundiai.sp.gov.br\/culturanegra\/wp-json\/wp\/v2\/pages"}],"about":[{"href":"https:\/\/rotasturisticas.jundiai.sp.gov.br\/culturanegra\/wp-json\/wp\/v2\/types\/page"}],"author":[{"embeddable":true,"href":"https:\/\/rotasturisticas.jundiai.sp.gov.br\/culturanegra\/wp-json\/wp\/v2\/users\/16"}],"replies":[{"embeddable":true,"href":"https:\/\/rotasturisticas.jundiai.sp.gov.br\/culturanegra\/wp-json\/wp\/v2\/comments?post=63"}],"version-history":[{"count":2,"href":"https:\/\/rotasturisticas.jundiai.sp.gov.br\/culturanegra\/wp-json\/wp\/v2\/pages\/63\/revisions"}],"predecessor-version":[{"id":75,"href":"https:\/\/rotasturisticas.jundiai.sp.gov.br\/culturanegra\/wp-json\/wp\/v2\/pages\/63\/revisions\/75"}],"up":[{"embeddable":true,"href":"https:\/\/rotasturisticas.jundiai.sp.gov.br\/culturanegra\/wp-json\/wp\/v2\/pages\/25"}],"wp:attachment":[{"href":"https:\/\/rotasturisticas.jundiai.sp.gov.br\/culturanegra\/wp-json\/wp\/v2\/media?parent=63"}],"curies":[{"name":"wp","href":"https:\/\/api.w.org\/{rel}","templated":true}]}}

<p>Deliciosos Açaís, com variedades de acompanhamento de frutas e cremes gourmets. Experimente também o Fondue, com frutas banhadas no chocolate branco e chocolate meio amargo, servidas no copo.</p>



<figure class="wp-block-gallery has-nested-images columns-default is-cropped wp-block-gallery-1 is-layout-flex wp-block-gallery-is-layout-flex">
<figure class="wp-block-image size-large"><img loading="lazy" decoding="async" width="480" height="640" data-id="65" src="https://rotasturisticas.jundiai.sp.gov.br/afro/wp-content/uploads/sites/11/2025/03/3c0d5ade-1bdd-4404-abd6-a10d4ca9ffdf-Lucineia-de-Oliveira-Santos-Santos.jpeg" alt="" class="wp-image-65" /></figure>



<figure class="wp-block-image size-large"><img loading="lazy" decoding="async" width="394" height="512" data-id="66" src="https://rotasturisticas.jundiai.sp.gov.br/afro/wp-content/uploads/sites/11/2025/03/57656f87-5211-47f3-b4b2-94bc7354ed21-Lucineia-de-Oliveira-Santos-Santos.jpeg" alt="" class="wp-image-66" /></figure>



<figure class="wp-block-image size-large"><img loading="lazy" decoding="async" width="554" height="554" data-id="64" src="https://rotasturisticas.jundiai.sp.gov.br/afro/wp-content/uploads/sites/11/2025/03/0c8bdde2-c47f-45ca-9cc8-e8ad5839fa60-Lucineia-de-Oliveira-Santos-Santos.jpeg" alt="" class="wp-image-64" srcset="https://rotasturisticas.jundiai.sp.gov.br/culturanegra/wp-content/uploads/sites/11/2025/03/0c8bdde2-c47f-45ca-9cc8-e8ad5839fa60-Lucineia-de-Oliveira-Santos-Santos.jpeg 554w, https://rotasturisticas.jundiai.sp.gov.br/culturanegra/wp-content/uploads/sites/11/2025/03/0c8bdde2-c47f-45ca-9cc8-e8ad5839fa60-Lucineia-de-Oliveira-Santos-Santos-100x100.jpeg 100w" sizes="auto, (max-width: 554px) 100vw, 554px" /></figure>



<figure class="wp-block-image size-large"><img loading="lazy" decoding="async" width="950" height="950" data-id="70" src="https://rotasturisticas.jundiai.sp.gov.br/afro/wp-content/uploads/sites/11/2025/03/IMG_3703-Lucineia-de-Oliveira-Santos-Santos-950x950.jpeg" alt="" class="wp-image-70" srcset="https://rotasturisticas.jundiai.sp.gov.br/culturanegra/wp-content/uploads/sites/11/2025/03/IMG_3703-Lucineia-de-Oliveira-Santos-Santos-950x950.jpeg 950w, https://rotasturisticas.jundiai.sp.gov.br/culturanegra/wp-content/uploads/sites/11/2025/03/IMG_3703-Lucineia-de-Oliveira-Santos-Santos-100x100.jpeg 100w, https://rotasturisticas.jundiai.sp.gov.br/culturanegra/wp-content/uploads/sites/11/2025/03/IMG_3703-Lucineia-de-Oliveira-Santos-Santos-768x768.jpeg 768w, https://rotasturisticas.jundiai.sp.gov.br/culturanegra/wp-content/uploads/sites/11/2025/03/IMG_3703-Lucineia-de-Oliveira-Santos-Santos.jpeg 1280w" sizes="auto, (max-width: 950px) 100vw, 950px" /></figure>



<figure class="wp-block-image size-large"><img loading="lazy" decoding="async" width="489" height="627" data-id="69" src="https://rotasturisticas.jundiai.sp.gov.br/afro/wp-content/uploads/sites/11/2025/03/4bbe47c3-85cf-4210-9b67-198e5015b11f-Lucineia-de-Oliveira-Santos-Santos.jpeg" alt="" class="wp-image-69" /></figure>



<figure class="wp-block-image size-large"><img loading="lazy" decoding="async" width="535" height="950" data-id="68" src="https://rotasturisticas.jundiai.sp.gov.br/afro/wp-content/uploads/sites/11/2025/03/IMG_4885-Lucineia-de-Oliveira-Santos-Santos-535x950.jpeg" alt="" class="wp-image-68" srcset="https://rotasturisticas.jundiai.sp.gov.br/culturanegra/wp-content/uploads/sites/11/2025/03/IMG_4885-Lucineia-de-Oliveira-Santos-Santos-535x950.jpeg 535w, https://rotasturisticas.jundiai.sp.gov.br/culturanegra/wp-content/uploads/sites/11/2025/03/IMG_4885-Lucineia-de-Oliveira-Santos-Santos-768x1364.jpeg 768w, https://rotasturisticas.jundiai.sp.gov.br/culturanegra/wp-content/uploads/sites/11/2025/03/IMG_4885-Lucineia-de-Oliveira-Santos-Santos-865x1536.jpeg 865w, https://rotasturisticas.jundiai.sp.gov.br/culturanegra/wp-content/uploads/sites/11/2025/03/IMG_4885-Lucineia-de-Oliveira-Santos-Santos.jpeg 901w" sizes="auto, (max-width: 535px) 100vw, 535px" /></figure>



<figure class="wp-block-image size-large"><img loading="lazy" decoding="async" width="1080" height="946" data-id="71" src="https://rotasturisticas.jundiai.sp.gov.br/afro/wp-content/uploads/sites/11/2025/03/68072e85-1966-40da-a1ab-a5f8351354b3-Lucineia-de-Oliveira-Santos-Santos.jpeg" alt="" class="wp-image-71" srcset="https://rotasturisticas.jundiai.sp.gov.br/culturanegra/wp-content/uploads/sites/11/2025/03/68072e85-1966-40da-a1ab-a5f8351354b3-Lucineia-de-Oliveira-Santos-Santos.jpeg 1080w, https://rotasturisticas.jundiai.sp.gov.br/culturanegra/wp-content/uploads/sites/11/2025/03/68072e85-1966-40da-a1ab-a5f8351354b3-Lucineia-de-Oliveira-Santos-Santos-768x673.jpeg 768w" sizes="auto, (max-width: 1080px) 100vw, 1080px" /></figure>



<figure class="wp-block-image size-large"><img loading="lazy" decoding="async" width="702" height="950" data-id="72" src="https://rotasturisticas.jundiai.sp.gov.br/afro/wp-content/uploads/sites/11/2025/03/bdcff300-1868-485e-a405-3635bdf18fe3-Lucineia-de-Oliveira-Santos-Santos-702x950.jpeg" alt="" class="wp-image-72" srcset="https://rotasturisticas.jundiai.sp.gov.br/culturanegra/wp-content/uploads/sites/11/2025/03/bdcff300-1868-485e-a405-3635bdf18fe3-Lucineia-de-Oliveira-Santos-Santos-702x950.jpeg 702w, https://rotasturisticas.jundiai.sp.gov.br/culturanegra/wp-content/uploads/sites/11/2025/03/bdcff300-1868-485e-a405-3635bdf18fe3-Lucineia-de-Oliveira-Santos-Santos-768x1040.jpeg 768w, https://rotasturisticas.jundiai.sp.gov.br/culturanegra/wp-content/uploads/sites/11/2025/03/bdcff300-1868-485e-a405-3635bdf18fe3-Lucineia-de-Oliveira-Santos-Santos.jpeg 929w" sizes="auto, (max-width: 702px) 100vw, 702px" /></figure>



<figure class="wp-block-image size-large"><img loading="lazy" decoding="async" width="950" height="950" data-id="73" src="https://rotasturisticas.jundiai.sp.gov.br/afro/wp-content/uploads/sites/11/2025/03/Photoroom_20250302_115553-Lucineia-de-Oliveira-Santos-Santos-950x950.jpeg" alt="" class="wp-image-73" srcset="https://rotasturisticas.jundiai.sp.gov.br/culturanegra/wp-content/uploads/sites/11/2025/03/Photoroom_20250302_115553-Lucineia-de-Oliveira-Santos-Santos-950x950.jpeg 950w, https://rotasturisticas.jundiai.sp.gov.br/culturanegra/wp-content/uploads/sites/11/2025/03/Photoroom_20250302_115553-Lucineia-de-Oliveira-Santos-Santos-100x100.jpeg 100w, https://rotasturisticas.jundiai.sp.gov.br/culturanegra/wp-content/uploads/sites/11/2025/03/Photoroom_20250302_115553-Lucineia-de-Oliveira-Santos-Santos-768x768.jpeg 768w, https://rotasturisticas.jundiai.sp.gov.br/culturanegra/wp-content/uploads/sites/11/2025/03/Photoroom_20250302_115553-Lucineia-de-Oliveira-Santos-Santos.jpeg 1280w" sizes="auto, (max-width: 950px) 100vw, 950px" /></figure>
</figure>

<p>Deliciosos Açaís, com variedades de acompanhamento de frutas e cremes gourmets. Experimente também o Fondue, com frutas banhadas no chocolate branco e chocolate meio amargo, servidas no copo.</p>
