{"id":50,"date":"2025-03-25T09:58:01","date_gmt":"2025-03-25T12:58:01","guid":{"rendered":"https:\/\/rotasturisticas.jundiai.sp.gov.br\/afro\/?page_id=50"},"modified":"2025-03-27T09:11:46","modified_gmt":"2025-03-27T12:11:46","slug":"acaraje-da-mona","status":"publish","type":"page","link":"https:\/\/rotasturisticas.jundiai.sp.gov.br\/culturanegra\/empreendedores\/acaraje-da-mona\/","title":{"rendered":"Acaraj\u00e9 da Mona &#8211; Abebe Eventos"},"content":{"rendered":"\n<p>Empresa familiar que foi fundada no ano de 2008, pela matriarca Mona com o intuito de expandir a culin\u00e1ria afro-brasileira, atrav\u00e9s de suas cores, aromas, sabores, e saberes para que o legado deixado pelos nossos ancestrais n\u00e3o caia no esquecimento. Trazemos o ax\u00e9 do acaraj\u00e9 com o perfume do dend\u00ea em cada localidade que passamos, sendo uma iguaria sagrada de Ians\u00e3, uma divindade do culto de matriz africana. Em 25 de novembro \u00e9 celebrado o Dia Nacional da Baiana de Acaraj\u00e9. Patrim\u00f4nio cultural do Brasil, as baianas de acaraj\u00e9 t\u00eam toda uma trajet\u00f3ria de representatividade e resist\u00eancia. Assim s\u00e3o chamadas as mulheres que se dedicam ao of\u00edcio tradicional de produzir acaraj\u00e9 e outras iguarias das culin\u00e1rias africana e afro-baiana.<br>Tal s\u00edmbolo t\u00e3o importante tamb\u00e9m existe em Jundia\u00ed, e \u00e9 atrav\u00e9s de Eunice de C\u00e1ssia Fonseca de Almeida, conhecida como Mona e Dandara Ruanda de Almeida Scalli, entre outras, que trazem consigo a tradi\u00e7\u00e3o que se mant\u00e9m na cidade de Jundia\u00ed.<br>O projeto em si, tem como objetivo apresentar al\u00e9m das baianas do acaraj\u00e9, o sabor quente e forte de nossa comida oriunda da \u00c1frica, suas indument\u00e1rias caracter\u00edsticas, sendo compostas por turbantes, panos e colares de conta, entre outros grandes elementos de identifica\u00e7\u00e3o deste of\u00edcio, como heran\u00e7a de dignidade deixada pelos nossos antepassados.<\/p>\n\n\n\n<figure class=\"wp-block-gallery has-nested-images columns-default is-cropped wp-block-gallery-1 is-layout-flex wp-block-gallery-is-layout-flex\">\n<figure class=\"wp-block-image size-large\"><img loading=\"lazy\" decoding=\"async\" width=\"713\" height=\"950\" data-id=\"53\" src=\"https:\/\/rotasturisticas.jundiai.sp.gov.br\/afro\/wp-content\/uploads\/sites\/11\/2025\/03\/FB_IMG_1737494057829-Tata-Ybadan-Ybadan-713x950.jpg\" alt=\"\" class=\"wp-image-53\" srcset=\"https:\/\/rotasturisticas.jundiai.sp.gov.br\/culturanegra\/wp-content\/uploads\/sites\/11\/2025\/03\/FB_IMG_1737494057829-Tata-Ybadan-Ybadan-713x950.jpg 713w, https:\/\/rotasturisticas.jundiai.sp.gov.br\/culturanegra\/wp-content\/uploads\/sites\/11\/2025\/03\/FB_IMG_1737494057829-Tata-Ybadan-Ybadan.jpg 720w\" sizes=\"auto, (max-width: 713px) 100vw, 713px\" \/><\/figure>\n\n\n\n<figure class=\"wp-block-image size-large\"><img loading=\"lazy\" decoding=\"async\" width=\"720\" height=\"837\" data-id=\"55\" src=\"https:\/\/rotasturisticas.jundiai.sp.gov.br\/afro\/wp-content\/uploads\/sites\/11\/2025\/03\/FB_IMG_1737493827255-Tata-Ybadan-Ybadan.jpg\" alt=\"\" class=\"wp-image-55\" \/><\/figure>\n\n\n\n<figure class=\"wp-block-image size-large\"><img loading=\"lazy\" decoding=\"async\" width=\"720\" height=\"432\" data-id=\"54\" src=\"https:\/\/rotasturisticas.jundiai.sp.gov.br\/afro\/wp-content\/uploads\/sites\/11\/2025\/03\/FB_IMG_1737493714083-Tata-Ybadan-Ybadan.jpg\" alt=\"\" class=\"wp-image-54\" \/><\/figure>\n\n\n\n<figure class=\"wp-block-image size-large\"><img loading=\"lazy\" decoding=\"async\" width=\"720\" height=\"481\" data-id=\"56\" src=\"https:\/\/rotasturisticas.jundiai.sp.gov.br\/afro\/wp-content\/uploads\/sites\/11\/2025\/03\/FB_IMG_1737493703824-Tata-Ybadan-Ybadan.jpg\" alt=\"\" class=\"wp-image-56\" \/><\/figure>\n\n\n\n<figure class=\"wp-block-image size-large\"><img loading=\"lazy\" decoding=\"async\" width=\"720\" height=\"720\" data-id=\"57\" src=\"https:\/\/rotasturisticas.jundiai.sp.gov.br\/afro\/wp-content\/uploads\/sites\/11\/2025\/03\/FB_IMG_1737493589643-Tata-Ybadan-Ybadan.jpg\" alt=\"\" class=\"wp-image-57\" srcset=\"https:\/\/rotasturisticas.jundiai.sp.gov.br\/culturanegra\/wp-content\/uploads\/sites\/11\/2025\/03\/FB_IMG_1737493589643-Tata-Ybadan-Ybadan.jpg 720w, https:\/\/rotasturisticas.jundiai.sp.gov.br\/culturanegra\/wp-content\/uploads\/sites\/11\/2025\/03\/FB_IMG_1737493589643-Tata-Ybadan-Ybadan-100x100.jpg 100w\" sizes=\"auto, (max-width: 720px) 100vw, 720px\" \/><\/figure>\n\n\n\n<figure class=\"wp-block-image size-large\"><img loading=\"lazy\" decoding=\"async\" width=\"633\" height=\"950\" data-id=\"59\" src=\"https:\/\/rotasturisticas.jundiai.sp.gov.br\/afro\/wp-content\/uploads\/sites\/11\/2025\/03\/IMG-20250320-WA0079-Tata-Ybadan-Ybadan-633x950.jpg\" alt=\"\" class=\"wp-image-59\" srcset=\"https:\/\/rotasturisticas.jundiai.sp.gov.br\/culturanegra\/wp-content\/uploads\/sites\/11\/2025\/03\/IMG-20250320-WA0079-Tata-Ybadan-Ybadan-633x950.jpg 633w, https:\/\/rotasturisticas.jundiai.sp.gov.br\/culturanegra\/wp-content\/uploads\/sites\/11\/2025\/03\/IMG-20250320-WA0079-Tata-Ybadan-Ybadan.jpg 640w\" sizes=\"auto, (max-width: 633px) 100vw, 633px\" \/><\/figure>\n\n\n\n<figure class=\"wp-block-image size-large\"><img loading=\"lazy\" decoding=\"async\" width=\"633\" height=\"950\" data-id=\"60\" src=\"https:\/\/rotasturisticas.jundiai.sp.gov.br\/afro\/wp-content\/uploads\/sites\/11\/2025\/03\/IMG-20250320-WA0078-Tata-Ybadan-Ybadan-633x950.jpg\" alt=\"\" class=\"wp-image-60\" srcset=\"https:\/\/rotasturisticas.jundiai.sp.gov.br\/culturanegra\/wp-content\/uploads\/sites\/11\/2025\/03\/IMG-20250320-WA0078-Tata-Ybadan-Ybadan-633x950.jpg 633w, https:\/\/rotasturisticas.jundiai.sp.gov.br\/culturanegra\/wp-content\/uploads\/sites\/11\/2025\/03\/IMG-20250320-WA0078-Tata-Ybadan-Ybadan.jpg 640w\" sizes=\"auto, (max-width: 633px) 100vw, 633px\" \/><\/figure>\n\n\n\n<figure class=\"wp-block-image size-large\"><img loading=\"lazy\" decoding=\"async\" width=\"1267\" height=\"950\" data-id=\"61\" src=\"https:\/\/rotasturisticas.jundiai.sp.gov.br\/afro\/wp-content\/uploads\/sites\/11\/2025\/03\/IMG-20250320-WA0077-Tata-Ybadan-Ybadan-1267x950.jpg\" alt=\"\" class=\"wp-image-61\" srcset=\"https:\/\/rotasturisticas.jundiai.sp.gov.br\/culturanegra\/wp-content\/uploads\/sites\/11\/2025\/03\/IMG-20250320-WA0077-Tata-Ybadan-Ybadan-1267x950.jpg 1267w, https:\/\/rotasturisticas.jundiai.sp.gov.br\/culturanegra\/wp-content\/uploads\/sites\/11\/2025\/03\/IMG-20250320-WA0077-Tata-Ybadan-Ybadan-300x225.jpg 300w, https:\/\/rotasturisticas.jundiai.sp.gov.br\/culturanegra\/wp-content\/uploads\/sites\/11\/2025\/03\/IMG-20250320-WA0077-Tata-Ybadan-Ybadan-768x576.jpg 768w, https:\/\/rotasturisticas.jundiai.sp.gov.br\/culturanegra\/wp-content\/uploads\/sites\/11\/2025\/03\/IMG-20250320-WA0077-Tata-Ybadan-Ybadan.jpg 1280w\" sizes=\"auto, (max-width: 1267px) 100vw, 1267px\" \/><\/figure>\n\n\n\n<figure class=\"wp-block-image size-large\"><img loading=\"lazy\" decoding=\"async\" width=\"480\" height=\"550\" data-id=\"58\" src=\"https:\/\/rotasturisticas.jundiai.sp.gov.br\/afro\/wp-content\/uploads\/sites\/11\/2025\/03\/FB_IMG_1737494139178-Tata-Ybadan-Ybadan.jpg\" alt=\"\" class=\"wp-image-58\" \/><\/figure>\n<\/figure>\n","protected":false},"excerpt":{"rendered":"<p>Empresa familiar que foi fundada no ano de 2008, pela matriarca Mona com o intuito de expandir a culin\u00e1ria afro-brasileira, atrav\u00e9s de suas cores, aromas, sabores, e saberes para que o legado deixado pelos nossos ancestrais n\u00e3o caia no esquecimento. Trazemos o ax\u00e9 do acaraj\u00e9 com o perfume do dend\u00ea em cada localidade que passamos, [&hellip;]<\/p>\n","protected":false},"author":16,"featured_media":0,"parent":25,"menu_order":0,"comment_status":"closed","ping_status":"closed","template":"page-local.php","meta":{"footnotes":""},"class_list":["post-50","page","type-page","status-publish","hentry"],"_links":{"self":[{"href":"https:\/\/rotasturisticas.jundiai.sp.gov.br\/culturanegra\/wp-json\/wp\/v2\/pages\/50","targetHints":{"allow":["GET"]}}],"collection":[{"href":"https:\/\/rotasturisticas.jundiai.sp.gov.br\/culturanegra\/wp-json\/wp\/v2\/pages"}],"about":[{"href":"https:\/\/rotasturisticas.jundiai.sp.gov.br\/culturanegra\/wp-json\/wp\/v2\/types\/page"}],"author":[{"embeddable":true,"href":"https:\/\/rotasturisticas.jundiai.sp.gov.br\/culturanegra\/wp-json\/wp\/v2\/users\/16"}],"replies":[{"embeddable":true,"href":"https:\/\/rotasturisticas.jundiai.sp.gov.br\/culturanegra\/wp-json\/wp\/v2\/comments?post=50"}],"version-history":[{"count":2,"href":"https:\/\/rotasturisticas.jundiai.sp.gov.br\/culturanegra\/wp-json\/wp\/v2\/pages\/50\/revisions"}],"predecessor-version":[{"id":62,"href":"https:\/\/rotasturisticas.jundiai.sp.gov.br\/culturanegra\/wp-json\/wp\/v2\/pages\/50\/revisions\/62"}],"up":[{"embeddable":true,"href":"https:\/\/rotasturisticas.jundiai.sp.gov.br\/culturanegra\/wp-json\/wp\/v2\/pages\/25"}],"wp:attachment":[{"href":"https:\/\/rotasturisticas.jundiai.sp.gov.br\/culturanegra\/wp-json\/wp\/v2\/media?parent=50"}],"curies":[{"name":"wp","href":"https:\/\/api.w.org\/{rel}","templated":true}]}}

Acarajé da Mona &#8211; Abebe Eventos

<p>Empresa familiar que foi fundada no ano de 2008, pela matriarca Mona com o intuito de expandir a culinária afro-brasileira, através de suas cores, aromas, sabores, e saberes para que o legado deixado pelos nossos ancestrais não caia no esquecimento. Trazemos o axé do acarajé com o perfume do dendê em cada localidade que passamos, sendo uma iguaria sagrada de Iansã, uma divindade do culto de matriz africana. Em 25 de novembro é celebrado o Dia Nacional da Baiana de Acarajé. Patrimônio cultural do Brasil, as baianas de acarajé têm toda uma trajetória de representatividade e resistência. Assim são chamadas as mulheres que se dedicam ao ofício tradicional de produzir acarajé e outras iguarias das culinárias africana e afro-baiana.<br>Tal símbolo tão importante também existe em Jundiaí, e é através de Eunice de Cássia Fonseca de Almeida, conhecida como Mona e Dandara Ruanda de Almeida Scalli, entre outras, que trazem consigo a tradição que se mantém na cidade de Jundiaí.<br>O projeto em si, tem como objetivo apresentar além das baianas do acarajé, o sabor quente e forte de nossa comida oriunda da África, suas indumentárias características, sendo compostas por turbantes, panos e colares de conta, entre outros grandes elementos de identificação deste ofício, como herança de dignidade deixada pelos nossos antepassados.</p>



<figure class="wp-block-gallery has-nested-images columns-default is-cropped wp-block-gallery-1 is-layout-flex wp-block-gallery-is-layout-flex">
<figure class="wp-block-image size-large"><img loading="lazy" decoding="async" width="713" height="950" data-id="53" src="https://rotasturisticas.jundiai.sp.gov.br/afro/wp-content/uploads/sites/11/2025/03/FB_IMG_1737494057829-Tata-Ybadan-Ybadan-713x950.jpg" alt="" class="wp-image-53" srcset="https://rotasturisticas.jundiai.sp.gov.br/culturanegra/wp-content/uploads/sites/11/2025/03/FB_IMG_1737494057829-Tata-Ybadan-Ybadan-713x950.jpg 713w, https://rotasturisticas.jundiai.sp.gov.br/culturanegra/wp-content/uploads/sites/11/2025/03/FB_IMG_1737494057829-Tata-Ybadan-Ybadan.jpg 720w" sizes="auto, (max-width: 713px) 100vw, 713px" /></figure>



<figure class="wp-block-image size-large"><img loading="lazy" decoding="async" width="720" height="837" data-id="55" src="https://rotasturisticas.jundiai.sp.gov.br/afro/wp-content/uploads/sites/11/2025/03/FB_IMG_1737493827255-Tata-Ybadan-Ybadan.jpg" alt="" class="wp-image-55" /></figure>



<figure class="wp-block-image size-large"><img loading="lazy" decoding="async" width="720" height="432" data-id="54" src="https://rotasturisticas.jundiai.sp.gov.br/afro/wp-content/uploads/sites/11/2025/03/FB_IMG_1737493714083-Tata-Ybadan-Ybadan.jpg" alt="" class="wp-image-54" /></figure>



<figure class="wp-block-image size-large"><img loading="lazy" decoding="async" width="720" height="481" data-id="56" src="https://rotasturisticas.jundiai.sp.gov.br/afro/wp-content/uploads/sites/11/2025/03/FB_IMG_1737493703824-Tata-Ybadan-Ybadan.jpg" alt="" class="wp-image-56" /></figure>



<figure class="wp-block-image size-large"><img loading="lazy" decoding="async" width="720" height="720" data-id="57" src="https://rotasturisticas.jundiai.sp.gov.br/afro/wp-content/uploads/sites/11/2025/03/FB_IMG_1737493589643-Tata-Ybadan-Ybadan.jpg" alt="" class="wp-image-57" srcset="https://rotasturisticas.jundiai.sp.gov.br/culturanegra/wp-content/uploads/sites/11/2025/03/FB_IMG_1737493589643-Tata-Ybadan-Ybadan.jpg 720w, https://rotasturisticas.jundiai.sp.gov.br/culturanegra/wp-content/uploads/sites/11/2025/03/FB_IMG_1737493589643-Tata-Ybadan-Ybadan-100x100.jpg 100w" sizes="auto, (max-width: 720px) 100vw, 720px" /></figure>



<figure class="wp-block-image size-large"><img loading="lazy" decoding="async" width="633" height="950" data-id="59" src="https://rotasturisticas.jundiai.sp.gov.br/afro/wp-content/uploads/sites/11/2025/03/IMG-20250320-WA0079-Tata-Ybadan-Ybadan-633x950.jpg" alt="" class="wp-image-59" srcset="https://rotasturisticas.jundiai.sp.gov.br/culturanegra/wp-content/uploads/sites/11/2025/03/IMG-20250320-WA0079-Tata-Ybadan-Ybadan-633x950.jpg 633w, https://rotasturisticas.jundiai.sp.gov.br/culturanegra/wp-content/uploads/sites/11/2025/03/IMG-20250320-WA0079-Tata-Ybadan-Ybadan.jpg 640w" sizes="auto, (max-width: 633px) 100vw, 633px" /></figure>



<figure class="wp-block-image size-large"><img loading="lazy" decoding="async" width="633" height="950" data-id="60" src="https://rotasturisticas.jundiai.sp.gov.br/afro/wp-content/uploads/sites/11/2025/03/IMG-20250320-WA0078-Tata-Ybadan-Ybadan-633x950.jpg" alt="" class="wp-image-60" srcset="https://rotasturisticas.jundiai.sp.gov.br/culturanegra/wp-content/uploads/sites/11/2025/03/IMG-20250320-WA0078-Tata-Ybadan-Ybadan-633x950.jpg 633w, https://rotasturisticas.jundiai.sp.gov.br/culturanegra/wp-content/uploads/sites/11/2025/03/IMG-20250320-WA0078-Tata-Ybadan-Ybadan.jpg 640w" sizes="auto, (max-width: 633px) 100vw, 633px" /></figure>



<figure class="wp-block-image size-large"><img loading="lazy" decoding="async" width="1267" height="950" data-id="61" src="https://rotasturisticas.jundiai.sp.gov.br/afro/wp-content/uploads/sites/11/2025/03/IMG-20250320-WA0077-Tata-Ybadan-Ybadan-1267x950.jpg" alt="" class="wp-image-61" srcset="https://rotasturisticas.jundiai.sp.gov.br/culturanegra/wp-content/uploads/sites/11/2025/03/IMG-20250320-WA0077-Tata-Ybadan-Ybadan-1267x950.jpg 1267w, https://rotasturisticas.jundiai.sp.gov.br/culturanegra/wp-content/uploads/sites/11/2025/03/IMG-20250320-WA0077-Tata-Ybadan-Ybadan-300x225.jpg 300w, https://rotasturisticas.jundiai.sp.gov.br/culturanegra/wp-content/uploads/sites/11/2025/03/IMG-20250320-WA0077-Tata-Ybadan-Ybadan-768x576.jpg 768w, https://rotasturisticas.jundiai.sp.gov.br/culturanegra/wp-content/uploads/sites/11/2025/03/IMG-20250320-WA0077-Tata-Ybadan-Ybadan.jpg 1280w" sizes="auto, (max-width: 1267px) 100vw, 1267px" /></figure>



<figure class="wp-block-image size-large"><img loading="lazy" decoding="async" width="480" height="550" data-id="58" src="https://rotasturisticas.jundiai.sp.gov.br/afro/wp-content/uploads/sites/11/2025/03/FB_IMG_1737494139178-Tata-Ybadan-Ybadan.jpg" alt="" class="wp-image-58" /></figure>
</figure>

<p>Empresa familiar que foi fundada no ano de 2008, pela matriarca Mona com o intuito de expandir a culinária afro-brasileira, através de suas cores, aromas, sabores, e saberes para que o legado deixado pelos nossos ancestrais não caia no esquecimento. Trazemos o axé do acarajé com o perfume do dendê em cada localidade que passamos, [&hellip;]</p>
