{"id":410,"date":"2025-07-31T15:31:03","date_gmt":"2025-07-31T18:31:03","guid":{"rendered":"https:\/\/rotasturisticas.jundiai.sp.gov.br\/afro\/?page_id=410"},"modified":"2025-07-31T15:31:06","modified_gmt":"2025-07-31T18:31:06","slug":"oficina-de-luz-atelie","status":"publish","type":"page","link":"https:\/\/rotasturisticas.jundiai.sp.gov.br\/culturanegra\/empreendedores\/oficina-de-luz-atelie\/","title":{"rendered":"Oficina de luz ateli\u00ea"},"content":{"rendered":"\n<p>O artesanato est\u00e1 presente em minha vida desde pequena por causa da minha m\u00e3e que sempre gostou e tive o privil\u00e9gio de herdar esse dom maravilhoso onde fa\u00e7o mandalas , algumas pecas em croch\u00ea e o macram\u00ea. Estou a disposi\u00e7\u00e3o para mostrar minha arte e se encantar com minhas pe\u00e7as.<\/p>\n\n\n\n<figure class=\"wp-block-gallery has-nested-images columns-default is-cropped wp-block-gallery-1 is-layout-flex wp-block-gallery-is-layout-flex\">\n<figure class=\"wp-block-image size-large\"><img loading=\"lazy\" decoding=\"async\" width=\"713\" height=\"950\" data-id=\"411\" src=\"https:\/\/rotasturisticas.jundiai.sp.gov.br\/afro\/wp-content\/uploads\/sites\/11\/2025\/07\/0bb8d8e7-5454-40c2-8892-9251e35f42db-daniela-naiara-toledo-713x950.jpeg\" alt=\"\" class=\"wp-image-411\" srcset=\"https:\/\/rotasturisticas.jundiai.sp.gov.br\/culturanegra\/wp-content\/uploads\/sites\/11\/2025\/07\/0bb8d8e7-5454-40c2-8892-9251e35f42db-daniela-naiara-toledo-713x950.jpeg 713w, https:\/\/rotasturisticas.jundiai.sp.gov.br\/culturanegra\/wp-content\/uploads\/sites\/11\/2025\/07\/0bb8d8e7-5454-40c2-8892-9251e35f42db-daniela-naiara-toledo-768x1024.jpeg 768w, https:\/\/rotasturisticas.jundiai.sp.gov.br\/culturanegra\/wp-content\/uploads\/sites\/11\/2025\/07\/0bb8d8e7-5454-40c2-8892-9251e35f42db-daniela-naiara-toledo-1152x1536.jpeg 1152w, https:\/\/rotasturisticas.jundiai.sp.gov.br\/culturanegra\/wp-content\/uploads\/sites\/11\/2025\/07\/0bb8d8e7-5454-40c2-8892-9251e35f42db-daniela-naiara-toledo.jpeg 1200w\" sizes=\"auto, (max-width: 713px) 100vw, 713px\" \/><\/figure>\n\n\n\n<figure class=\"wp-block-image size-large\"><img loading=\"lazy\" decoding=\"async\" width=\"712\" height=\"950\" data-id=\"412\" src=\"https:\/\/rotasturisticas.jundiai.sp.gov.br\/afro\/wp-content\/uploads\/sites\/11\/2025\/07\/IMG_0346-daniela-naiara-toledo-712x950.jpeg\" alt=\"\" class=\"wp-image-412\" srcset=\"https:\/\/rotasturisticas.jundiai.sp.gov.br\/culturanegra\/wp-content\/uploads\/sites\/11\/2025\/07\/IMG_0346-daniela-naiara-toledo-712x950.jpeg 712w, https:\/\/rotasturisticas.jundiai.sp.gov.br\/culturanegra\/wp-content\/uploads\/sites\/11\/2025\/07\/IMG_0346-daniela-naiara-toledo-768x1024.jpeg 768w, https:\/\/rotasturisticas.jundiai.sp.gov.br\/culturanegra\/wp-content\/uploads\/sites\/11\/2025\/07\/IMG_0346-daniela-naiara-toledo-1152x1536.jpeg 1152w, https:\/\/rotasturisticas.jundiai.sp.gov.br\/culturanegra\/wp-content\/uploads\/sites\/11\/2025\/07\/IMG_0346-daniela-naiara-toledo.jpeg 1280w\" sizes=\"auto, (max-width: 712px) 100vw, 712px\" \/><\/figure>\n\n\n\n<figure class=\"wp-block-image size-large\"><img loading=\"lazy\" decoding=\"async\" width=\"712\" height=\"950\" data-id=\"413\" src=\"https:\/\/rotasturisticas.jundiai.sp.gov.br\/afro\/wp-content\/uploads\/sites\/11\/2025\/07\/IMG_0348-daniela-naiara-toledo-712x950.jpeg\" alt=\"\" class=\"wp-image-413\" srcset=\"https:\/\/rotasturisticas.jundiai.sp.gov.br\/culturanegra\/wp-content\/uploads\/sites\/11\/2025\/07\/IMG_0348-daniela-naiara-toledo-712x950.jpeg 712w, https:\/\/rotasturisticas.jundiai.sp.gov.br\/culturanegra\/wp-content\/uploads\/sites\/11\/2025\/07\/IMG_0348-daniela-naiara-toledo-768x1024.jpeg 768w, https:\/\/rotasturisticas.jundiai.sp.gov.br\/culturanegra\/wp-content\/uploads\/sites\/11\/2025\/07\/IMG_0348-daniela-naiara-toledo-1152x1536.jpeg 1152w, https:\/\/rotasturisticas.jundiai.sp.gov.br\/culturanegra\/wp-content\/uploads\/sites\/11\/2025\/07\/IMG_0348-daniela-naiara-toledo.jpeg 1280w\" sizes=\"auto, (max-width: 712px) 100vw, 712px\" \/><\/figure>\n\n\n\n<figure class=\"wp-block-image size-large\"><img loading=\"lazy\" decoding=\"async\" width=\"712\" height=\"950\" data-id=\"417\" src=\"https:\/\/rotasturisticas.jundiai.sp.gov.br\/afro\/wp-content\/uploads\/sites\/11\/2025\/07\/IMG_1961-daniela-naiara-toledo-712x950.jpeg\" alt=\"\" class=\"wp-image-417\" srcset=\"https:\/\/rotasturisticas.jundiai.sp.gov.br\/culturanegra\/wp-content\/uploads\/sites\/11\/2025\/07\/IMG_1961-daniela-naiara-toledo-712x950.jpeg 712w, https:\/\/rotasturisticas.jundiai.sp.gov.br\/culturanegra\/wp-content\/uploads\/sites\/11\/2025\/07\/IMG_1961-daniela-naiara-toledo-768x1024.jpeg 768w, https:\/\/rotasturisticas.jundiai.sp.gov.br\/culturanegra\/wp-content\/uploads\/sites\/11\/2025\/07\/IMG_1961-daniela-naiara-toledo-1152x1536.jpeg 1152w, https:\/\/rotasturisticas.jundiai.sp.gov.br\/culturanegra\/wp-content\/uploads\/sites\/11\/2025\/07\/IMG_1961-daniela-naiara-toledo.jpeg 1280w\" sizes=\"auto, (max-width: 712px) 100vw, 712px\" \/><\/figure>\n\n\n\n<figure class=\"wp-block-image size-large\"><img loading=\"lazy\" decoding=\"async\" width=\"712\" height=\"950\" data-id=\"416\" src=\"https:\/\/rotasturisticas.jundiai.sp.gov.br\/afro\/wp-content\/uploads\/sites\/11\/2025\/07\/IMG_1998-daniela-naiara-toledo-712x950.jpeg\" alt=\"\" class=\"wp-image-416\" srcset=\"https:\/\/rotasturisticas.jundiai.sp.gov.br\/culturanegra\/wp-content\/uploads\/sites\/11\/2025\/07\/IMG_1998-daniela-naiara-toledo-712x950.jpeg 712w, https:\/\/rotasturisticas.jundiai.sp.gov.br\/culturanegra\/wp-content\/uploads\/sites\/11\/2025\/07\/IMG_1998-daniela-naiara-toledo-768x1024.jpeg 768w, https:\/\/rotasturisticas.jundiai.sp.gov.br\/culturanegra\/wp-content\/uploads\/sites\/11\/2025\/07\/IMG_1998-daniela-naiara-toledo-1152x1536.jpeg 1152w, https:\/\/rotasturisticas.jundiai.sp.gov.br\/culturanegra\/wp-content\/uploads\/sites\/11\/2025\/07\/IMG_1998-daniela-naiara-toledo.jpeg 1280w\" sizes=\"auto, (max-width: 712px) 100vw, 712px\" \/><\/figure>\n\n\n\n<figure class=\"wp-block-image size-large\"><img loading=\"lazy\" decoding=\"async\" width=\"712\" height=\"950\" data-id=\"418\" src=\"https:\/\/rotasturisticas.jundiai.sp.gov.br\/afro\/wp-content\/uploads\/sites\/11\/2025\/07\/IMG_2623-daniela-naiara-toledo-712x950.jpeg\" alt=\"\" class=\"wp-image-418\" srcset=\"https:\/\/rotasturisticas.jundiai.sp.gov.br\/culturanegra\/wp-content\/uploads\/sites\/11\/2025\/07\/IMG_2623-daniela-naiara-toledo-712x950.jpeg 712w, https:\/\/rotasturisticas.jundiai.sp.gov.br\/culturanegra\/wp-content\/uploads\/sites\/11\/2025\/07\/IMG_2623-daniela-naiara-toledo-768x1024.jpeg 768w, https:\/\/rotasturisticas.jundiai.sp.gov.br\/culturanegra\/wp-content\/uploads\/sites\/11\/2025\/07\/IMG_2623-daniela-naiara-toledo-1152x1536.jpeg 1152w, https:\/\/rotasturisticas.jundiai.sp.gov.br\/culturanegra\/wp-content\/uploads\/sites\/11\/2025\/07\/IMG_2623-daniela-naiara-toledo.jpeg 1280w\" sizes=\"auto, (max-width: 712px) 100vw, 712px\" \/><\/figure>\n\n\n\n<figure class=\"wp-block-image size-large\"><img loading=\"lazy\" decoding=\"async\" width=\"712\" height=\"950\" data-id=\"419\" src=\"https:\/\/rotasturisticas.jundiai.sp.gov.br\/afro\/wp-content\/uploads\/sites\/11\/2025\/07\/IMG_2932-daniela-naiara-toledo-712x950.jpeg\" alt=\"\" class=\"wp-image-419\" srcset=\"https:\/\/rotasturisticas.jundiai.sp.gov.br\/culturanegra\/wp-content\/uploads\/sites\/11\/2025\/07\/IMG_2932-daniela-naiara-toledo-712x950.jpeg 712w, https:\/\/rotasturisticas.jundiai.sp.gov.br\/culturanegra\/wp-content\/uploads\/sites\/11\/2025\/07\/IMG_2932-daniela-naiara-toledo-768x1024.jpeg 768w, https:\/\/rotasturisticas.jundiai.sp.gov.br\/culturanegra\/wp-content\/uploads\/sites\/11\/2025\/07\/IMG_2932-daniela-naiara-toledo-1152x1536.jpeg 1152w, https:\/\/rotasturisticas.jundiai.sp.gov.br\/culturanegra\/wp-content\/uploads\/sites\/11\/2025\/07\/IMG_2932-daniela-naiara-toledo.jpeg 1280w\" sizes=\"auto, (max-width: 712px) 100vw, 712px\" \/><\/figure>\n\n\n\n<figure class=\"wp-block-image size-large\"><img loading=\"lazy\" decoding=\"async\" width=\"712\" height=\"950\" data-id=\"414\" src=\"https:\/\/rotasturisticas.jundiai.sp.gov.br\/afro\/wp-content\/uploads\/sites\/11\/2025\/07\/IMG_2940-daniela-naiara-toledo-712x950.jpeg\" alt=\"\" class=\"wp-image-414\" srcset=\"https:\/\/rotasturisticas.jundiai.sp.gov.br\/culturanegra\/wp-content\/uploads\/sites\/11\/2025\/07\/IMG_2940-daniela-naiara-toledo-712x950.jpeg 712w, https:\/\/rotasturisticas.jundiai.sp.gov.br\/culturanegra\/wp-content\/uploads\/sites\/11\/2025\/07\/IMG_2940-daniela-naiara-toledo-768x1024.jpeg 768w, https:\/\/rotasturisticas.jundiai.sp.gov.br\/culturanegra\/wp-content\/uploads\/sites\/11\/2025\/07\/IMG_2940-daniela-naiara-toledo-1152x1536.jpeg 1152w, https:\/\/rotasturisticas.jundiai.sp.gov.br\/culturanegra\/wp-content\/uploads\/sites\/11\/2025\/07\/IMG_2940-daniela-naiara-toledo.jpeg 1280w\" sizes=\"auto, (max-width: 712px) 100vw, 712px\" \/><\/figure>\n\n\n\n<figure class=\"wp-block-image size-large\"><img loading=\"lazy\" decoding=\"async\" width=\"712\" height=\"950\" data-id=\"415\" src=\"https:\/\/rotasturisticas.jundiai.sp.gov.br\/afro\/wp-content\/uploads\/sites\/11\/2025\/07\/IMG_2942-daniela-naiara-toledo-712x950.jpeg\" alt=\"\" class=\"wp-image-415\" srcset=\"https:\/\/rotasturisticas.jundiai.sp.gov.br\/culturanegra\/wp-content\/uploads\/sites\/11\/2025\/07\/IMG_2942-daniela-naiara-toledo-712x950.jpeg 712w, https:\/\/rotasturisticas.jundiai.sp.gov.br\/culturanegra\/wp-content\/uploads\/sites\/11\/2025\/07\/IMG_2942-daniela-naiara-toledo-768x1024.jpeg 768w, https:\/\/rotasturisticas.jundiai.sp.gov.br\/culturanegra\/wp-content\/uploads\/sites\/11\/2025\/07\/IMG_2942-daniela-naiara-toledo-1152x1536.jpeg 1152w, https:\/\/rotasturisticas.jundiai.sp.gov.br\/culturanegra\/wp-content\/uploads\/sites\/11\/2025\/07\/IMG_2942-daniela-naiara-toledo.jpeg 1280w\" sizes=\"auto, (max-width: 712px) 100vw, 712px\" \/><\/figure>\n\n\n\n<figure class=\"wp-block-image size-large\"><img loading=\"lazy\" decoding=\"async\" width=\"712\" height=\"950\" data-id=\"420\" src=\"https:\/\/rotasturisticas.jundiai.sp.gov.br\/afro\/wp-content\/uploads\/sites\/11\/2025\/07\/IMG_4877-daniela-naiara-toledo-712x950.jpeg\" alt=\"\" class=\"wp-image-420\" srcset=\"https:\/\/rotasturisticas.jundiai.sp.gov.br\/culturanegra\/wp-content\/uploads\/sites\/11\/2025\/07\/IMG_4877-daniela-naiara-toledo-712x950.jpeg 712w, https:\/\/rotasturisticas.jundiai.sp.gov.br\/culturanegra\/wp-content\/uploads\/sites\/11\/2025\/07\/IMG_4877-daniela-naiara-toledo-768x1024.jpeg 768w, https:\/\/rotasturisticas.jundiai.sp.gov.br\/culturanegra\/wp-content\/uploads\/sites\/11\/2025\/07\/IMG_4877-daniela-naiara-toledo-1152x1536.jpeg 1152w, https:\/\/rotasturisticas.jundiai.sp.gov.br\/culturanegra\/wp-content\/uploads\/sites\/11\/2025\/07\/IMG_4877-daniela-naiara-toledo.jpeg 1280w\" sizes=\"auto, (max-width: 712px) 100vw, 712px\" \/><\/figure>\n<\/figure>\n","protected":false},"excerpt":{"rendered":"<p>O artesanato est\u00e1 presente em minha vida desde pequena por causa da minha m\u00e3e que sempre gostou e tive o privil\u00e9gio de herdar esse dom maravilhoso onde fa\u00e7o mandalas , algumas pecas em croch\u00ea e o macram\u00ea. Estou a disposi\u00e7\u00e3o para mostrar minha arte e se encantar com minhas pe\u00e7as.<\/p>\n","protected":false},"author":23,"featured_media":0,"parent":25,"menu_order":0,"comment_status":"closed","ping_status":"closed","template":"page-local.php","meta":{"footnotes":""},"class_list":["post-410","page","type-page","status-publish","hentry"],"_links":{"self":[{"href":"https:\/\/rotasturisticas.jundiai.sp.gov.br\/culturanegra\/wp-json\/wp\/v2\/pages\/410","targetHints":{"allow":["GET"]}}],"collection":[{"href":"https:\/\/rotasturisticas.jundiai.sp.gov.br\/culturanegra\/wp-json\/wp\/v2\/pages"}],"about":[{"href":"https:\/\/rotasturisticas.jundiai.sp.gov.br\/culturanegra\/wp-json\/wp\/v2\/types\/page"}],"author":[{"embeddable":true,"href":"https:\/\/rotasturisticas.jundiai.sp.gov.br\/culturanegra\/wp-json\/wp\/v2\/users\/23"}],"replies":[{"embeddable":true,"href":"https:\/\/rotasturisticas.jundiai.sp.gov.br\/culturanegra\/wp-json\/wp\/v2\/comments?post=410"}],"version-history":[{"count":1,"href":"https:\/\/rotasturisticas.jundiai.sp.gov.br\/culturanegra\/wp-json\/wp\/v2\/pages\/410\/revisions"}],"predecessor-version":[{"id":421,"href":"https:\/\/rotasturisticas.jundiai.sp.gov.br\/culturanegra\/wp-json\/wp\/v2\/pages\/410\/revisions\/421"}],"up":[{"embeddable":true,"href":"https:\/\/rotasturisticas.jundiai.sp.gov.br\/culturanegra\/wp-json\/wp\/v2\/pages\/25"}],"wp:attachment":[{"href":"https:\/\/rotasturisticas.jundiai.sp.gov.br\/culturanegra\/wp-json\/wp\/v2\/media?parent=410"}],"curies":[{"name":"wp","href":"https:\/\/api.w.org\/{rel}","templated":true}]}}

Oficina de luz ateliê

<p>O artesanato está presente em minha vida desde pequena por causa da minha mãe que sempre gostou e tive o privilégio de herdar esse dom maravilhoso onde faço mandalas , algumas pecas em crochê e o macramê. Estou a disposição para mostrar minha arte e se encantar com minhas peças.</p>



<figure class="wp-block-gallery has-nested-images columns-default is-cropped wp-block-gallery-1 is-layout-flex wp-block-gallery-is-layout-flex">
<figure class="wp-block-image size-large"><img loading="lazy" decoding="async" width="713" height="950" data-id="411" src="https://rotasturisticas.jundiai.sp.gov.br/afro/wp-content/uploads/sites/11/2025/07/0bb8d8e7-5454-40c2-8892-9251e35f42db-daniela-naiara-toledo-713x950.jpeg" alt="" class="wp-image-411" srcset="https://rotasturisticas.jundiai.sp.gov.br/culturanegra/wp-content/uploads/sites/11/2025/07/0bb8d8e7-5454-40c2-8892-9251e35f42db-daniela-naiara-toledo-713x950.jpeg 713w, https://rotasturisticas.jundiai.sp.gov.br/culturanegra/wp-content/uploads/sites/11/2025/07/0bb8d8e7-5454-40c2-8892-9251e35f42db-daniela-naiara-toledo-768x1024.jpeg 768w, https://rotasturisticas.jundiai.sp.gov.br/culturanegra/wp-content/uploads/sites/11/2025/07/0bb8d8e7-5454-40c2-8892-9251e35f42db-daniela-naiara-toledo-1152x1536.jpeg 1152w, https://rotasturisticas.jundiai.sp.gov.br/culturanegra/wp-content/uploads/sites/11/2025/07/0bb8d8e7-5454-40c2-8892-9251e35f42db-daniela-naiara-toledo.jpeg 1200w" sizes="auto, (max-width: 713px) 100vw, 713px" /></figure>



<figure class="wp-block-image size-large"><img loading="lazy" decoding="async" width="712" height="950" data-id="412" src="https://rotasturisticas.jundiai.sp.gov.br/afro/wp-content/uploads/sites/11/2025/07/IMG_0346-daniela-naiara-toledo-712x950.jpeg" alt="" class="wp-image-412" srcset="https://rotasturisticas.jundiai.sp.gov.br/culturanegra/wp-content/uploads/sites/11/2025/07/IMG_0346-daniela-naiara-toledo-712x950.jpeg 712w, https://rotasturisticas.jundiai.sp.gov.br/culturanegra/wp-content/uploads/sites/11/2025/07/IMG_0346-daniela-naiara-toledo-768x1024.jpeg 768w, https://rotasturisticas.jundiai.sp.gov.br/culturanegra/wp-content/uploads/sites/11/2025/07/IMG_0346-daniela-naiara-toledo-1152x1536.jpeg 1152w, https://rotasturisticas.jundiai.sp.gov.br/culturanegra/wp-content/uploads/sites/11/2025/07/IMG_0346-daniela-naiara-toledo.jpeg 1280w" sizes="auto, (max-width: 712px) 100vw, 712px" /></figure>



<figure class="wp-block-image size-large"><img loading="lazy" decoding="async" width="712" height="950" data-id="413" src="https://rotasturisticas.jundiai.sp.gov.br/afro/wp-content/uploads/sites/11/2025/07/IMG_0348-daniela-naiara-toledo-712x950.jpeg" alt="" class="wp-image-413" srcset="https://rotasturisticas.jundiai.sp.gov.br/culturanegra/wp-content/uploads/sites/11/2025/07/IMG_0348-daniela-naiara-toledo-712x950.jpeg 712w, https://rotasturisticas.jundiai.sp.gov.br/culturanegra/wp-content/uploads/sites/11/2025/07/IMG_0348-daniela-naiara-toledo-768x1024.jpeg 768w, https://rotasturisticas.jundiai.sp.gov.br/culturanegra/wp-content/uploads/sites/11/2025/07/IMG_0348-daniela-naiara-toledo-1152x1536.jpeg 1152w, https://rotasturisticas.jundiai.sp.gov.br/culturanegra/wp-content/uploads/sites/11/2025/07/IMG_0348-daniela-naiara-toledo.jpeg 1280w" sizes="auto, (max-width: 712px) 100vw, 712px" /></figure>



<figure class="wp-block-image size-large"><img loading="lazy" decoding="async" width="712" height="950" data-id="417" src="https://rotasturisticas.jundiai.sp.gov.br/afro/wp-content/uploads/sites/11/2025/07/IMG_1961-daniela-naiara-toledo-712x950.jpeg" alt="" class="wp-image-417" srcset="https://rotasturisticas.jundiai.sp.gov.br/culturanegra/wp-content/uploads/sites/11/2025/07/IMG_1961-daniela-naiara-toledo-712x950.jpeg 712w, https://rotasturisticas.jundiai.sp.gov.br/culturanegra/wp-content/uploads/sites/11/2025/07/IMG_1961-daniela-naiara-toledo-768x1024.jpeg 768w, https://rotasturisticas.jundiai.sp.gov.br/culturanegra/wp-content/uploads/sites/11/2025/07/IMG_1961-daniela-naiara-toledo-1152x1536.jpeg 1152w, https://rotasturisticas.jundiai.sp.gov.br/culturanegra/wp-content/uploads/sites/11/2025/07/IMG_1961-daniela-naiara-toledo.jpeg 1280w" sizes="auto, (max-width: 712px) 100vw, 712px" /></figure>



<figure class="wp-block-image size-large"><img loading="lazy" decoding="async" width="712" height="950" data-id="416" src="https://rotasturisticas.jundiai.sp.gov.br/afro/wp-content/uploads/sites/11/2025/07/IMG_1998-daniela-naiara-toledo-712x950.jpeg" alt="" class="wp-image-416" srcset="https://rotasturisticas.jundiai.sp.gov.br/culturanegra/wp-content/uploads/sites/11/2025/07/IMG_1998-daniela-naiara-toledo-712x950.jpeg 712w, https://rotasturisticas.jundiai.sp.gov.br/culturanegra/wp-content/uploads/sites/11/2025/07/IMG_1998-daniela-naiara-toledo-768x1024.jpeg 768w, https://rotasturisticas.jundiai.sp.gov.br/culturanegra/wp-content/uploads/sites/11/2025/07/IMG_1998-daniela-naiara-toledo-1152x1536.jpeg 1152w, https://rotasturisticas.jundiai.sp.gov.br/culturanegra/wp-content/uploads/sites/11/2025/07/IMG_1998-daniela-naiara-toledo.jpeg 1280w" sizes="auto, (max-width: 712px) 100vw, 712px" /></figure>



<figure class="wp-block-image size-large"><img loading="lazy" decoding="async" width="712" height="950" data-id="418" src="https://rotasturisticas.jundiai.sp.gov.br/afro/wp-content/uploads/sites/11/2025/07/IMG_2623-daniela-naiara-toledo-712x950.jpeg" alt="" class="wp-image-418" srcset="https://rotasturisticas.jundiai.sp.gov.br/culturanegra/wp-content/uploads/sites/11/2025/07/IMG_2623-daniela-naiara-toledo-712x950.jpeg 712w, https://rotasturisticas.jundiai.sp.gov.br/culturanegra/wp-content/uploads/sites/11/2025/07/IMG_2623-daniela-naiara-toledo-768x1024.jpeg 768w, https://rotasturisticas.jundiai.sp.gov.br/culturanegra/wp-content/uploads/sites/11/2025/07/IMG_2623-daniela-naiara-toledo-1152x1536.jpeg 1152w, https://rotasturisticas.jundiai.sp.gov.br/culturanegra/wp-content/uploads/sites/11/2025/07/IMG_2623-daniela-naiara-toledo.jpeg 1280w" sizes="auto, (max-width: 712px) 100vw, 712px" /></figure>



<figure class="wp-block-image size-large"><img loading="lazy" decoding="async" width="712" height="950" data-id="419" src="https://rotasturisticas.jundiai.sp.gov.br/afro/wp-content/uploads/sites/11/2025/07/IMG_2932-daniela-naiara-toledo-712x950.jpeg" alt="" class="wp-image-419" srcset="https://rotasturisticas.jundiai.sp.gov.br/culturanegra/wp-content/uploads/sites/11/2025/07/IMG_2932-daniela-naiara-toledo-712x950.jpeg 712w, https://rotasturisticas.jundiai.sp.gov.br/culturanegra/wp-content/uploads/sites/11/2025/07/IMG_2932-daniela-naiara-toledo-768x1024.jpeg 768w, https://rotasturisticas.jundiai.sp.gov.br/culturanegra/wp-content/uploads/sites/11/2025/07/IMG_2932-daniela-naiara-toledo-1152x1536.jpeg 1152w, https://rotasturisticas.jundiai.sp.gov.br/culturanegra/wp-content/uploads/sites/11/2025/07/IMG_2932-daniela-naiara-toledo.jpeg 1280w" sizes="auto, (max-width: 712px) 100vw, 712px" /></figure>



<figure class="wp-block-image size-large"><img loading="lazy" decoding="async" width="712" height="950" data-id="414" src="https://rotasturisticas.jundiai.sp.gov.br/afro/wp-content/uploads/sites/11/2025/07/IMG_2940-daniela-naiara-toledo-712x950.jpeg" alt="" class="wp-image-414" srcset="https://rotasturisticas.jundiai.sp.gov.br/culturanegra/wp-content/uploads/sites/11/2025/07/IMG_2940-daniela-naiara-toledo-712x950.jpeg 712w, https://rotasturisticas.jundiai.sp.gov.br/culturanegra/wp-content/uploads/sites/11/2025/07/IMG_2940-daniela-naiara-toledo-768x1024.jpeg 768w, https://rotasturisticas.jundiai.sp.gov.br/culturanegra/wp-content/uploads/sites/11/2025/07/IMG_2940-daniela-naiara-toledo-1152x1536.jpeg 1152w, https://rotasturisticas.jundiai.sp.gov.br/culturanegra/wp-content/uploads/sites/11/2025/07/IMG_2940-daniela-naiara-toledo.jpeg 1280w" sizes="auto, (max-width: 712px) 100vw, 712px" /></figure>



<figure class="wp-block-image size-large"><img loading="lazy" decoding="async" width="712" height="950" data-id="415" src="https://rotasturisticas.jundiai.sp.gov.br/afro/wp-content/uploads/sites/11/2025/07/IMG_2942-daniela-naiara-toledo-712x950.jpeg" alt="" class="wp-image-415" srcset="https://rotasturisticas.jundiai.sp.gov.br/culturanegra/wp-content/uploads/sites/11/2025/07/IMG_2942-daniela-naiara-toledo-712x950.jpeg 712w, https://rotasturisticas.jundiai.sp.gov.br/culturanegra/wp-content/uploads/sites/11/2025/07/IMG_2942-daniela-naiara-toledo-768x1024.jpeg 768w, https://rotasturisticas.jundiai.sp.gov.br/culturanegra/wp-content/uploads/sites/11/2025/07/IMG_2942-daniela-naiara-toledo-1152x1536.jpeg 1152w, https://rotasturisticas.jundiai.sp.gov.br/culturanegra/wp-content/uploads/sites/11/2025/07/IMG_2942-daniela-naiara-toledo.jpeg 1280w" sizes="auto, (max-width: 712px) 100vw, 712px" /></figure>



<figure class="wp-block-image size-large"><img loading="lazy" decoding="async" width="712" height="950" data-id="420" src="https://rotasturisticas.jundiai.sp.gov.br/afro/wp-content/uploads/sites/11/2025/07/IMG_4877-daniela-naiara-toledo-712x950.jpeg" alt="" class="wp-image-420" srcset="https://rotasturisticas.jundiai.sp.gov.br/culturanegra/wp-content/uploads/sites/11/2025/07/IMG_4877-daniela-naiara-toledo-712x950.jpeg 712w, https://rotasturisticas.jundiai.sp.gov.br/culturanegra/wp-content/uploads/sites/11/2025/07/IMG_4877-daniela-naiara-toledo-768x1024.jpeg 768w, https://rotasturisticas.jundiai.sp.gov.br/culturanegra/wp-content/uploads/sites/11/2025/07/IMG_4877-daniela-naiara-toledo-1152x1536.jpeg 1152w, https://rotasturisticas.jundiai.sp.gov.br/culturanegra/wp-content/uploads/sites/11/2025/07/IMG_4877-daniela-naiara-toledo.jpeg 1280w" sizes="auto, (max-width: 712px) 100vw, 712px" /></figure>
</figure>

<p>O artesanato está presente em minha vida desde pequena por causa da minha mãe que sempre gostou e tive o privilégio de herdar esse dom maravilhoso onde faço mandalas , algumas pecas em crochê e o macramê. Estou a disposição para mostrar minha arte e se encantar com minhas peças.</p>
