{"id":366,"date":"2025-07-07T12:07:35","date_gmt":"2025-07-07T15:07:35","guid":{"rendered":"https:\/\/rotasturisticas.jundiai.sp.gov.br\/afro\/?page_id=366"},"modified":"2025-07-07T12:07:35","modified_gmt":"2025-07-07T15:07:35","slug":"tete-bonifacio-nega-arteira","status":"publish","type":"page","link":"https:\/\/rotasturisticas.jundiai.sp.gov.br\/culturanegra\/empreendedores\/tete-bonifacio-nega-arteira\/","title":{"rendered":"Tet\u00ea Bonif\u00e1cio Nega Arteira"},"content":{"rendered":"\n<p>Artes\u00e3, atuo com todos os materiais sustent\u00e1veis, abajur de cano pvc, bijuterias, brincos desenhados a m\u00e3o, est\u00e1tuas de jornal, decora\u00e7\u00f5es, bonecas de pano, entre outras<\/p>\n\n\n\n<p><\/p>\n","protected":false},"excerpt":{"rendered":"<p>Artes\u00e3, atuo com todos os materiais sustent\u00e1veis, abajur de cano pvc, bijuterias, brincos desenhados a m\u00e3o, est\u00e1tuas de jornal, decora\u00e7\u00f5es, bonecas de pano, entre outras<\/p>\n","protected":false},"author":23,"featured_media":0,"parent":25,"menu_order":0,"comment_status":"closed","ping_status":"closed","template":"page-local.php","meta":{"footnotes":""},"class_list":["post-366","page","type-page","status-publish","hentry"],"_links":{"self":[{"href":"https:\/\/rotasturisticas.jundiai.sp.gov.br\/culturanegra\/wp-json\/wp\/v2\/pages\/366","targetHints":{"allow":["GET"]}}],"collection":[{"href":"https:\/\/rotasturisticas.jundiai.sp.gov.br\/culturanegra\/wp-json\/wp\/v2\/pages"}],"about":[{"href":"https:\/\/rotasturisticas.jundiai.sp.gov.br\/culturanegra\/wp-json\/wp\/v2\/types\/page"}],"author":[{"embeddable":true,"href":"https:\/\/rotasturisticas.jundiai.sp.gov.br\/culturanegra\/wp-json\/wp\/v2\/users\/23"}],"replies":[{"embeddable":true,"href":"https:\/\/rotasturisticas.jundiai.sp.gov.br\/culturanegra\/wp-json\/wp\/v2\/comments?post=366"}],"version-history":[{"count":1,"href":"https:\/\/rotasturisticas.jundiai.sp.gov.br\/culturanegra\/wp-json\/wp\/v2\/pages\/366\/revisions"}],"predecessor-version":[{"id":367,"href":"https:\/\/rotasturisticas.jundiai.sp.gov.br\/culturanegra\/wp-json\/wp\/v2\/pages\/366\/revisions\/367"}],"up":[{"embeddable":true,"href":"https:\/\/rotasturisticas.jundiai.sp.gov.br\/culturanegra\/wp-json\/wp\/v2\/pages\/25"}],"wp:attachment":[{"href":"https:\/\/rotasturisticas.jundiai.sp.gov.br\/culturanegra\/wp-json\/wp\/v2\/media?parent=366"}],"curies":[{"name":"wp","href":"https:\/\/api.w.org\/{rel}","templated":true}]}}

Tetê Bonifácio Nega Arteira

<p>Artesã, atuo com todos os materiais sustentáveis, abajur de cano pvc, bijuterias, brincos desenhados a mão, estátuas de jornal, decorações, bonecas de pano, entre outras</p>



<p></p>

<p>Artesã, atuo com todos os materiais sustentáveis, abajur de cano pvc, bijuterias, brincos desenhados a mão, estátuas de jornal, decorações, bonecas de pano, entre outras</p>
