{"id":331,"date":"2025-04-11T11:52:28","date_gmt":"2025-04-11T14:52:28","guid":{"rendered":"https:\/\/rotasturisticas.jundiai.sp.gov.br\/afro\/?page_id=331"},"modified":"2025-07-04T14:57:19","modified_gmt":"2025-07-04T17:57:19","slug":"gi-real","status":"publish","type":"page","link":"https:\/\/rotasturisticas.jundiai.sp.gov.br\/culturanegra\/contato\/intervencoes-artisticas\/gi-real\/","title":{"rendered":"Gi Real"},"content":{"rendered":"\n<p>Graduanda em Teatro \u2013 Licenciatura\u2013. Cursou tamb\u00e9m Jornalismo. Participou da Cia Paulista de Teatro &#8211; oficinas de Teatro e de Palha\u00e7aria Sesc Jundia\u00ed, al\u00e9m de participa\u00e7\u00e3o em grupos como: Renascem, Cena4, Cia Giro no Biombo, entre outras.<\/p>\n\n\n\n<p>Forma\u00e7\u00e3o t\u00e9cnica em Teatro escola EAJ e Casa da Cultura, Fotojornalismo e Fotografia Documental e R\u00e1dio (Locu\u00e7\u00e3o) pelo Senac Fausto Lapa e Jundia\u00ed. Roteirista e Diretora do Document\u00e1rio As Tarcilas Mulheres na Arte. Participou da s\u00e9rie cinematogr\u00e1fica Domus como atriz protagonista. Figurinista do filme Fatalidade, entre diversas pe\u00e7as de teatro. Atriz e contadora de hist\u00f3rias e apresenta\u00e7\u00e3o Rota Afro de Jundia\u00ed.<\/p>\n\n\n\n<figure class=\"wp-block-gallery has-nested-images columns-default is-cropped wp-block-gallery-1 is-layout-flex wp-block-gallery-is-layout-flex\">\n<figure class=\"wp-block-image size-large\"><img loading=\"lazy\" decoding=\"async\" width=\"1280\" height=\"847\" data-id=\"352\" src=\"https:\/\/rotasturisticas.jundiai.sp.gov.br\/afro\/wp-content\/uploads\/sites\/11\/2025\/07\/WhatsApp-Image-2025-07-02-at-10.54.43.jpeg\" alt=\"\" class=\"wp-image-352\" srcset=\"https:\/\/rotasturisticas.jundiai.sp.gov.br\/culturanegra\/wp-content\/uploads\/sites\/11\/2025\/07\/WhatsApp-Image-2025-07-02-at-10.54.43.jpeg 1280w, https:\/\/rotasturisticas.jundiai.sp.gov.br\/culturanegra\/wp-content\/uploads\/sites\/11\/2025\/07\/WhatsApp-Image-2025-07-02-at-10.54.43-768x508.jpeg 768w\" sizes=\"auto, (max-width: 1280px) 100vw, 1280px\" \/><\/figure>\n\n\n\n<figure class=\"wp-block-image size-large\"><img loading=\"lazy\" decoding=\"async\" width=\"633\" height=\"950\" data-id=\"351\" src=\"https:\/\/rotasturisticas.jundiai.sp.gov.br\/afro\/wp-content\/uploads\/sites\/11\/2025\/07\/WhatsApp-Image-2025-07-02-at-10.54.44-633x950.jpeg\" alt=\"\" class=\"wp-image-351\" srcset=\"https:\/\/rotasturisticas.jundiai.sp.gov.br\/culturanegra\/wp-content\/uploads\/sites\/11\/2025\/07\/WhatsApp-Image-2025-07-02-at-10.54.44-633x950.jpeg 633w, https:\/\/rotasturisticas.jundiai.sp.gov.br\/culturanegra\/wp-content\/uploads\/sites\/11\/2025\/07\/WhatsApp-Image-2025-07-02-at-10.54.44-768x1152.jpeg 768w, https:\/\/rotasturisticas.jundiai.sp.gov.br\/culturanegra\/wp-content\/uploads\/sites\/11\/2025\/07\/WhatsApp-Image-2025-07-02-at-10.54.44.jpeg 1000w\" sizes=\"auto, (max-width: 633px) 100vw, 633px\" \/><\/figure>\n<\/figure>\n","protected":false},"excerpt":{"rendered":"<p>Graduanda em Teatro \u2013 Licenciatura\u2013. Cursou tamb\u00e9m Jornalismo. Participou da Cia Paulista de Teatro &#8211; oficinas de Teatro e de Palha\u00e7aria Sesc Jundia\u00ed, al\u00e9m de participa\u00e7\u00e3o em grupos como: Renascem, Cena4, Cia Giro no Biombo, entre outras. Forma\u00e7\u00e3o t\u00e9cnica em Teatro escola EAJ e Casa da Cultura, Fotojornalismo e Fotografia Documental e R\u00e1dio (Locu\u00e7\u00e3o) pelo [&hellip;]<\/p>\n","protected":false},"author":16,"featured_media":0,"parent":34,"menu_order":0,"comment_status":"closed","ping_status":"closed","template":"page-local.php","meta":{"footnotes":""},"class_list":["post-331","page","type-page","status-publish","hentry"],"_links":{"self":[{"href":"https:\/\/rotasturisticas.jundiai.sp.gov.br\/culturanegra\/wp-json\/wp\/v2\/pages\/331","targetHints":{"allow":["GET"]}}],"collection":[{"href":"https:\/\/rotasturisticas.jundiai.sp.gov.br\/culturanegra\/wp-json\/wp\/v2\/pages"}],"about":[{"href":"https:\/\/rotasturisticas.jundiai.sp.gov.br\/culturanegra\/wp-json\/wp\/v2\/types\/page"}],"author":[{"embeddable":true,"href":"https:\/\/rotasturisticas.jundiai.sp.gov.br\/culturanegra\/wp-json\/wp\/v2\/users\/16"}],"replies":[{"embeddable":true,"href":"https:\/\/rotasturisticas.jundiai.sp.gov.br\/culturanegra\/wp-json\/wp\/v2\/comments?post=331"}],"version-history":[{"count":2,"href":"https:\/\/rotasturisticas.jundiai.sp.gov.br\/culturanegra\/wp-json\/wp\/v2\/pages\/331\/revisions"}],"predecessor-version":[{"id":353,"href":"https:\/\/rotasturisticas.jundiai.sp.gov.br\/culturanegra\/wp-json\/wp\/v2\/pages\/331\/revisions\/353"}],"up":[{"embeddable":true,"href":"https:\/\/rotasturisticas.jundiai.sp.gov.br\/culturanegra\/wp-json\/wp\/v2\/pages\/34"}],"wp:attachment":[{"href":"https:\/\/rotasturisticas.jundiai.sp.gov.br\/culturanegra\/wp-json\/wp\/v2\/media?parent=331"}],"curies":[{"name":"wp","href":"https:\/\/api.w.org\/{rel}","templated":true}]}}

<p>Graduanda em Teatro – Licenciatura–. Cursou também Jornalismo. Participou da Cia Paulista de Teatro &#8211; oficinas de Teatro e de Palhaçaria Sesc Jundiaí, além de participação em grupos como: Renascem, Cena4, Cia Giro no Biombo, entre outras.</p>



<p>Formação técnica em Teatro escola EAJ e Casa da Cultura, Fotojornalismo e Fotografia Documental e Rádio (Locução) pelo Senac Fausto Lapa e Jundiaí. Roteirista e Diretora do Documentário As Tarcilas Mulheres na Arte. Participou da série cinematográfica Domus como atriz protagonista. Figurinista do filme Fatalidade, entre diversas peças de teatro. Atriz e contadora de histórias e apresentação Rota Afro de Jundiaí.</p>



<figure class="wp-block-gallery has-nested-images columns-default is-cropped wp-block-gallery-1 is-layout-flex wp-block-gallery-is-layout-flex">
<figure class="wp-block-image size-large"><img loading="lazy" decoding="async" width="1280" height="847" data-id="352" src="https://rotasturisticas.jundiai.sp.gov.br/afro/wp-content/uploads/sites/11/2025/07/WhatsApp-Image-2025-07-02-at-10.54.43.jpeg" alt="" class="wp-image-352" srcset="https://rotasturisticas.jundiai.sp.gov.br/culturanegra/wp-content/uploads/sites/11/2025/07/WhatsApp-Image-2025-07-02-at-10.54.43.jpeg 1280w, https://rotasturisticas.jundiai.sp.gov.br/culturanegra/wp-content/uploads/sites/11/2025/07/WhatsApp-Image-2025-07-02-at-10.54.43-768x508.jpeg 768w" sizes="auto, (max-width: 1280px) 100vw, 1280px" /></figure>



<figure class="wp-block-image size-large"><img loading="lazy" decoding="async" width="633" height="950" data-id="351" src="https://rotasturisticas.jundiai.sp.gov.br/afro/wp-content/uploads/sites/11/2025/07/WhatsApp-Image-2025-07-02-at-10.54.44-633x950.jpeg" alt="" class="wp-image-351" srcset="https://rotasturisticas.jundiai.sp.gov.br/culturanegra/wp-content/uploads/sites/11/2025/07/WhatsApp-Image-2025-07-02-at-10.54.44-633x950.jpeg 633w, https://rotasturisticas.jundiai.sp.gov.br/culturanegra/wp-content/uploads/sites/11/2025/07/WhatsApp-Image-2025-07-02-at-10.54.44-768x1152.jpeg 768w, https://rotasturisticas.jundiai.sp.gov.br/culturanegra/wp-content/uploads/sites/11/2025/07/WhatsApp-Image-2025-07-02-at-10.54.44.jpeg 1000w" sizes="auto, (max-width: 633px) 100vw, 633px" /></figure>
</figure>

<p>Graduanda em Teatro – Licenciatura–. Cursou também Jornalismo. Participou da Cia Paulista de Teatro &#8211; oficinas de Teatro e de Palhaçaria Sesc Jundiaí, além de participação em grupos como: Renascem, Cena4, Cia Giro no Biombo, entre outras. Formação técnica em Teatro escola EAJ e Casa da Cultura, Fotojornalismo e Fotografia Documental e Rádio (Locução) pelo [&hellip;]</p>
