{"id":328,"date":"2025-04-11T11:37:16","date_gmt":"2025-04-11T14:37:16","guid":{"rendered":"https:\/\/rotasturisticas.jundiai.sp.gov.br\/afro\/?page_id=328"},"modified":"2025-04-11T11:37:16","modified_gmt":"2025-04-11T14:37:16","slug":"giovanni-joaquim","status":"publish","type":"page","link":"https:\/\/rotasturisticas.jundiai.sp.gov.br\/culturanegra\/contato\/intervencoes-artisticas\/giovanni-joaquim\/","title":{"rendered":"Giovanni Joaquim"},"content":{"rendered":"\n<p>Giovanni Joaquim \u00e9 ator com mais de 9 anos de atua\u00e7\u00e3o. Teve forma\u00e7\u00e3o atrav\u00e9s de cursos livres de teatro, oficinas e, na pr\u00e1tica do of\u00edcio. Atou em diversos espet\u00e1culos, entre eles: \u201cOlhei Mais e Mais por Dentro Gente Aprendendo a ser Gente\u201d 2016 \u2013 2017, \u201cGente Aprendendo a Ser Livre\u201d 2017-2018, \u201cEstamos Falando de Amor\u201d 2018, \u201cOlhei Por Dentro e Vi Tudo\u201d 2019, \u201cVi\u00fava Por\u00e9m Honesta\u201d 2020 e \u201cRobin Hood\u201d 2022-2023, &#8220;Stella do Patroc\u00ednio&#8221; 2024,&#8221;Chico Rei&#8221; 2024, &#8220;O Trovador e o Rei&#8221; 2024<\/p>\n\n\n\n<p>\u00a0Trabalhou com alguns grupos teatrais como CIA Nascem, CIA Paulista de Artes, CIA de V\u00e1rzea e Corpo Art\u00edstico de Teatro de Jundia\u00ed, CIA \u00c0 Dois. Atualmente integra os grupos de teatro do N\u00facleo Preto De Artes Afros Diasp\u00f3ricas, CIA dos Patos, CIA \u00c0 Dois e Grupo Cadin.<\/p>\n\n\n\n<figure class=\"wp-block-gallery has-nested-images columns-default is-cropped wp-block-gallery-1 is-layout-flex wp-block-gallery-is-layout-flex\">\n<figure class=\"wp-block-image size-large\"><img loading=\"lazy\" decoding=\"async\" width=\"1280\" height=\"853\" data-id=\"329\" src=\"https:\/\/rotasturisticas.jundiai.sp.gov.br\/afro\/wp-content\/uploads\/sites\/11\/2025\/04\/IMG_9188-Giovanni-Joaquim.jpg\" alt=\"\" class=\"wp-image-329\" srcset=\"https:\/\/rotasturisticas.jundiai.sp.gov.br\/culturanegra\/wp-content\/uploads\/sites\/11\/2025\/04\/IMG_9188-Giovanni-Joaquim.jpg 1280w, https:\/\/rotasturisticas.jundiai.sp.gov.br\/culturanegra\/wp-content\/uploads\/sites\/11\/2025\/04\/IMG_9188-Giovanni-Joaquim-768x512.jpg 768w\" sizes=\"auto, (max-width: 1280px) 100vw, 1280px\" \/><\/figure>\n<\/figure>\n","protected":false},"excerpt":{"rendered":"<p>Giovanni Joaquim \u00e9 ator com mais de 9 anos de atua\u00e7\u00e3o. Teve forma\u00e7\u00e3o atrav\u00e9s de cursos livres de teatro, oficinas e, na pr\u00e1tica do of\u00edcio. Atou em diversos espet\u00e1culos, entre eles: \u201cOlhei Mais e Mais por Dentro Gente Aprendendo a ser Gente\u201d 2016 \u2013 2017, \u201cGente Aprendendo a Ser Livre\u201d 2017-2018, \u201cEstamos Falando de Amor\u201d [&hellip;]<\/p>\n","protected":false},"author":16,"featured_media":0,"parent":34,"menu_order":0,"comment_status":"closed","ping_status":"closed","template":"page-local.php","meta":{"footnotes":""},"class_list":["post-328","page","type-page","status-publish","hentry"],"_links":{"self":[{"href":"https:\/\/rotasturisticas.jundiai.sp.gov.br\/culturanegra\/wp-json\/wp\/v2\/pages\/328","targetHints":{"allow":["GET"]}}],"collection":[{"href":"https:\/\/rotasturisticas.jundiai.sp.gov.br\/culturanegra\/wp-json\/wp\/v2\/pages"}],"about":[{"href":"https:\/\/rotasturisticas.jundiai.sp.gov.br\/culturanegra\/wp-json\/wp\/v2\/types\/page"}],"author":[{"embeddable":true,"href":"https:\/\/rotasturisticas.jundiai.sp.gov.br\/culturanegra\/wp-json\/wp\/v2\/users\/16"}],"replies":[{"embeddable":true,"href":"https:\/\/rotasturisticas.jundiai.sp.gov.br\/culturanegra\/wp-json\/wp\/v2\/comments?post=328"}],"version-history":[{"count":1,"href":"https:\/\/rotasturisticas.jundiai.sp.gov.br\/culturanegra\/wp-json\/wp\/v2\/pages\/328\/revisions"}],"predecessor-version":[{"id":330,"href":"https:\/\/rotasturisticas.jundiai.sp.gov.br\/culturanegra\/wp-json\/wp\/v2\/pages\/328\/revisions\/330"}],"up":[{"embeddable":true,"href":"https:\/\/rotasturisticas.jundiai.sp.gov.br\/culturanegra\/wp-json\/wp\/v2\/pages\/34"}],"wp:attachment":[{"href":"https:\/\/rotasturisticas.jundiai.sp.gov.br\/culturanegra\/wp-json\/wp\/v2\/media?parent=328"}],"curies":[{"name":"wp","href":"https:\/\/api.w.org\/{rel}","templated":true}]}}

<p>Giovanni Joaquim é ator com mais de 9 anos de atuação. Teve formação através de cursos livres de teatro, oficinas e, na prática do ofício. Atou em diversos espetáculos, entre eles: “Olhei Mais e Mais por Dentro Gente Aprendendo a ser Gente” 2016 – 2017, “Gente Aprendendo a Ser Livre” 2017-2018, “Estamos Falando de Amor” 2018, “Olhei Por Dentro e Vi Tudo” 2019, “Viúva Porém Honesta” 2020 e “Robin Hood” 2022-2023, &#8220;Stella do Patrocínio&#8221; 2024,&#8221;Chico Rei&#8221; 2024, &#8220;O Trovador e o Rei&#8221; 2024</p>



<p> Trabalhou com alguns grupos teatrais como CIA Nascem, CIA Paulista de Artes, CIA de Várzea e Corpo Artístico de Teatro de Jundiaí, CIA À Dois. Atualmente integra os grupos de teatro do Núcleo Preto De Artes Afros Diaspóricas, CIA dos Patos, CIA À Dois e Grupo Cadin.</p>



<figure class="wp-block-gallery has-nested-images columns-default is-cropped wp-block-gallery-1 is-layout-flex wp-block-gallery-is-layout-flex">
<figure class="wp-block-image size-large"><img loading="lazy" decoding="async" width="1280" height="853" data-id="329" src="https://rotasturisticas.jundiai.sp.gov.br/afro/wp-content/uploads/sites/11/2025/04/IMG_9188-Giovanni-Joaquim.jpg" alt="" class="wp-image-329" srcset="https://rotasturisticas.jundiai.sp.gov.br/culturanegra/wp-content/uploads/sites/11/2025/04/IMG_9188-Giovanni-Joaquim.jpg 1280w, https://rotasturisticas.jundiai.sp.gov.br/culturanegra/wp-content/uploads/sites/11/2025/04/IMG_9188-Giovanni-Joaquim-768x512.jpg 768w" sizes="auto, (max-width: 1280px) 100vw, 1280px" /></figure>
</figure>

<p>Giovanni Joaquim é ator com mais de 9 anos de atuação. Teve formação através de cursos livres de teatro, oficinas e, na prática do ofício. Atou em diversos espetáculos, entre eles: “Olhei Mais e Mais por Dentro Gente Aprendendo a ser Gente” 2016 – 2017, “Gente Aprendendo a Ser Livre” 2017-2018, “Estamos Falando de Amor” [&hellip;]</p>
