{"id":323,"date":"2025-04-11T11:14:15","date_gmt":"2025-04-11T14:14:15","guid":{"rendered":"https:\/\/rotasturisticas.jundiai.sp.gov.br\/afro\/?page_id=323"},"modified":"2025-07-04T14:56:28","modified_gmt":"2025-07-04T17:56:28","slug":"paulinha-miurim","status":"publish","type":"page","link":"https:\/\/rotasturisticas.jundiai.sp.gov.br\/culturanegra\/contato\/intervencoes-artisticas\/paulinha-miurim\/","title":{"rendered":"Paulinha Miurim"},"content":{"rendered":"\n<p>Trabalha com teatro e narra\u00e7\u00e3o de hist\u00f3rias desde 2003. Participou do centro de estudos teatrais do Polytheama no munic\u00edpio de Jundia\u00ed. Integrou diversas cias no munic\u00edpio de Jundia\u00ed, tais como: \u201cCia paulista de Artes\u201d; e \u201cCia na ponta da l\u00edngua\u201d \u2013 da qual foi cofundadora. Cursou canto e percuss\u00e3o no CMC (Col\u00e9gio de M\u00fasica Crist\u00e3o) de Jundia\u00ed. Em 2020 co-fundou o Cena 4 produ\u00e7\u00f5es, onde atua como atriz, narradora, musicista, pernalta, palha\u00e7a e diretora. Integra projetos art\u00edsticos como a Rota Afro de Jundia\u00ed.<\/p>\n\n\n\n<figure class=\"wp-block-gallery has-nested-images columns-default is-cropped wp-block-gallery-1 is-layout-flex wp-block-gallery-is-layout-flex\">\n<figure class=\"wp-block-image size-large\"><img loading=\"lazy\" decoding=\"async\" width=\"633\" height=\"950\" data-id=\"349\" src=\"https:\/\/rotasturisticas.jundiai.sp.gov.br\/afro\/wp-content\/uploads\/sites\/11\/2025\/07\/WhatsApp-Image-2025-07-04-at-10.41.06-3-633x950.jpeg\" alt=\"\" class=\"wp-image-349\" srcset=\"https:\/\/rotasturisticas.jundiai.sp.gov.br\/culturanegra\/wp-content\/uploads\/sites\/11\/2025\/07\/WhatsApp-Image-2025-07-04-at-10.41.06-3-633x950.jpeg 633w, https:\/\/rotasturisticas.jundiai.sp.gov.br\/culturanegra\/wp-content\/uploads\/sites\/11\/2025\/07\/WhatsApp-Image-2025-07-04-at-10.41.06-3-768x1152.jpeg 768w, https:\/\/rotasturisticas.jundiai.sp.gov.br\/culturanegra\/wp-content\/uploads\/sites\/11\/2025\/07\/WhatsApp-Image-2025-07-04-at-10.41.06-3.jpeg 1000w\" sizes=\"auto, (max-width: 633px) 100vw, 633px\" \/><\/figure>\n\n\n\n<figure class=\"wp-block-image size-large\"><img loading=\"lazy\" decoding=\"async\" width=\"633\" height=\"950\" data-id=\"348\" src=\"https:\/\/rotasturisticas.jundiai.sp.gov.br\/afro\/wp-content\/uploads\/sites\/11\/2025\/07\/WhatsApp-Image-2025-07-04-at-10.41.06-2-633x950.jpeg\" alt=\"\" class=\"wp-image-348\" srcset=\"https:\/\/rotasturisticas.jundiai.sp.gov.br\/culturanegra\/wp-content\/uploads\/sites\/11\/2025\/07\/WhatsApp-Image-2025-07-04-at-10.41.06-2-633x950.jpeg 633w, https:\/\/rotasturisticas.jundiai.sp.gov.br\/culturanegra\/wp-content\/uploads\/sites\/11\/2025\/07\/WhatsApp-Image-2025-07-04-at-10.41.06-2-768x1152.jpeg 768w, https:\/\/rotasturisticas.jundiai.sp.gov.br\/culturanegra\/wp-content\/uploads\/sites\/11\/2025\/07\/WhatsApp-Image-2025-07-04-at-10.41.06-2.jpeg 1000w\" sizes=\"auto, (max-width: 633px) 100vw, 633px\" \/><\/figure>\n<\/figure>\n\n\n\n<p><\/p>\n","protected":false},"excerpt":{"rendered":"<p>Trabalha com teatro e narra\u00e7\u00e3o de hist\u00f3rias desde 2003. Participou do centro de estudos teatrais do Polytheama no munic\u00edpio de Jundia\u00ed. Integrou diversas cias no munic\u00edpio de Jundia\u00ed, tais como: \u201cCia paulista de Artes\u201d; e \u201cCia na ponta da l\u00edngua\u201d \u2013 da qual foi cofundadora. Cursou canto e percuss\u00e3o no CMC (Col\u00e9gio de M\u00fasica Crist\u00e3o) [&hellip;]<\/p>\n","protected":false},"author":16,"featured_media":0,"parent":34,"menu_order":0,"comment_status":"closed","ping_status":"closed","template":"page-local.php","meta":{"footnotes":""},"class_list":["post-323","page","type-page","status-publish","hentry"],"_links":{"self":[{"href":"https:\/\/rotasturisticas.jundiai.sp.gov.br\/culturanegra\/wp-json\/wp\/v2\/pages\/323","targetHints":{"allow":["GET"]}}],"collection":[{"href":"https:\/\/rotasturisticas.jundiai.sp.gov.br\/culturanegra\/wp-json\/wp\/v2\/pages"}],"about":[{"href":"https:\/\/rotasturisticas.jundiai.sp.gov.br\/culturanegra\/wp-json\/wp\/v2\/types\/page"}],"author":[{"embeddable":true,"href":"https:\/\/rotasturisticas.jundiai.sp.gov.br\/culturanegra\/wp-json\/wp\/v2\/users\/16"}],"replies":[{"embeddable":true,"href":"https:\/\/rotasturisticas.jundiai.sp.gov.br\/culturanegra\/wp-json\/wp\/v2\/comments?post=323"}],"version-history":[{"count":2,"href":"https:\/\/rotasturisticas.jundiai.sp.gov.br\/culturanegra\/wp-json\/wp\/v2\/pages\/323\/revisions"}],"predecessor-version":[{"id":350,"href":"https:\/\/rotasturisticas.jundiai.sp.gov.br\/culturanegra\/wp-json\/wp\/v2\/pages\/323\/revisions\/350"}],"up":[{"embeddable":true,"href":"https:\/\/rotasturisticas.jundiai.sp.gov.br\/culturanegra\/wp-json\/wp\/v2\/pages\/34"}],"wp:attachment":[{"href":"https:\/\/rotasturisticas.jundiai.sp.gov.br\/culturanegra\/wp-json\/wp\/v2\/media?parent=323"}],"curies":[{"name":"wp","href":"https:\/\/api.w.org\/{rel}","templated":true}]}}

<p>Trabalha com teatro e narração de histórias desde 2003. Participou do centro de estudos teatrais do Polytheama no município de Jundiaí. Integrou diversas cias no município de Jundiaí, tais como: “Cia paulista de Artes”; e “Cia na ponta da língua” – da qual foi cofundadora. Cursou canto e percussão no CMC (Colégio de Música Cristão) de Jundiaí. Em 2020 co-fundou o Cena 4 produções, onde atua como atriz, narradora, musicista, pernalta, palhaça e diretora. Integra projetos artísticos como a Rota Afro de Jundiaí.</p>



<figure class="wp-block-gallery has-nested-images columns-default is-cropped wp-block-gallery-1 is-layout-flex wp-block-gallery-is-layout-flex">
<figure class="wp-block-image size-large"><img loading="lazy" decoding="async" width="633" height="950" data-id="349" src="https://rotasturisticas.jundiai.sp.gov.br/afro/wp-content/uploads/sites/11/2025/07/WhatsApp-Image-2025-07-04-at-10.41.06-3-633x950.jpeg" alt="" class="wp-image-349" srcset="https://rotasturisticas.jundiai.sp.gov.br/culturanegra/wp-content/uploads/sites/11/2025/07/WhatsApp-Image-2025-07-04-at-10.41.06-3-633x950.jpeg 633w, https://rotasturisticas.jundiai.sp.gov.br/culturanegra/wp-content/uploads/sites/11/2025/07/WhatsApp-Image-2025-07-04-at-10.41.06-3-768x1152.jpeg 768w, https://rotasturisticas.jundiai.sp.gov.br/culturanegra/wp-content/uploads/sites/11/2025/07/WhatsApp-Image-2025-07-04-at-10.41.06-3.jpeg 1000w" sizes="auto, (max-width: 633px) 100vw, 633px" /></figure>



<figure class="wp-block-image size-large"><img loading="lazy" decoding="async" width="633" height="950" data-id="348" src="https://rotasturisticas.jundiai.sp.gov.br/afro/wp-content/uploads/sites/11/2025/07/WhatsApp-Image-2025-07-04-at-10.41.06-2-633x950.jpeg" alt="" class="wp-image-348" srcset="https://rotasturisticas.jundiai.sp.gov.br/culturanegra/wp-content/uploads/sites/11/2025/07/WhatsApp-Image-2025-07-04-at-10.41.06-2-633x950.jpeg 633w, https://rotasturisticas.jundiai.sp.gov.br/culturanegra/wp-content/uploads/sites/11/2025/07/WhatsApp-Image-2025-07-04-at-10.41.06-2-768x1152.jpeg 768w, https://rotasturisticas.jundiai.sp.gov.br/culturanegra/wp-content/uploads/sites/11/2025/07/WhatsApp-Image-2025-07-04-at-10.41.06-2.jpeg 1000w" sizes="auto, (max-width: 633px) 100vw, 633px" /></figure>
</figure>



<p></p>

<p>Trabalha com teatro e narração de histórias desde 2003. Participou do centro de estudos teatrais do Polytheama no município de Jundiaí. Integrou diversas cias no município de Jundiaí, tais como: “Cia paulista de Artes”; e “Cia na ponta da língua” – da qual foi cofundadora. Cursou canto e percussão no CMC (Colégio de Música Cristão) [&hellip;]</p>
