{"id":315,"date":"2025-04-08T13:48:20","date_gmt":"2025-04-08T16:48:20","guid":{"rendered":"https:\/\/rotasturisticas.jundiai.sp.gov.br\/afro\/?page_id=315"},"modified":"2025-04-08T13:53:41","modified_gmt":"2025-04-08T16:53:41","slug":"stephanie-leite","status":"publish","type":"page","link":"https:\/\/rotasturisticas.jundiai.sp.gov.br\/culturanegra\/contato\/intervencoes-artisticas\/stephanie-leite\/","title":{"rendered":"Stephanie Leite"},"content":{"rendered":"\n<p>Atriz com experi\u00eancia em teatro desde 2011, atuando em espet\u00e1culos infantis, web s\u00e9ries e curtas-metragens em Jundia\u00ed. Destaque para a pe\u00e7a &#8220;A Tr\u00e1gica Hist\u00f3ria do Rei \u00c9dipo&#8221; (2019, SESC Jundia\u00ed, dir. Alexandre Ferreira).&nbsp;&nbsp;<\/p>\n\n\n\n<p>Entre 2020 e 2022, integrou o N\u00facleo XIII de Artes Dram\u00e1ticas (Campo Limpo Paulista, dir. Cleber Lima), participando de obras como &#8220;Timo&#8221;, &#8220;Cali-ce&#8221;, &#8220;Auto da Compadecida&#8221; e &#8220;Ex-cola&#8221;, al\u00e9m de projetos contemplados pela Lei Aldir Blanc.&nbsp;&nbsp;<\/p>\n\n\n\n<p>De 2022 a 2023, fez parte da Cia Espelho D&#8217;Arte (Vinhedo-SP, dir. Luciano Fernandes), atuando em montagens como &#8220;Cinderela de Cordel&#8221;, &#8220;Santa do Pau Oco&#8221;, &#8220;Morte e Vida Severina&#8221; e &#8220;O Santo Inqu\u00e9rito&#8221; (Teatro Castro Mendes, Campinas), al\u00e9m de &#8220;Colagens de uma Ditadura Nunca Mais&#8221; (Programa de Populariza\u00e7\u00e3o do Teatro).\u00a0\u00a0<\/p>\n\n\n\n<p>No mesmo per\u00edodo, integrou o elenco da Cia Ca\u00e7a Vento de Artes, dedicada ao p\u00fablico infantil.\u00a0\u00a0<\/p>\n\n\n\n<p>Atualmente, lidera o OyaL\u00e1! Coletivo Art\u00edstico, participa de projetos da Rota Afro-Tur\u00edstica e Afro-Patrimonial de Jundia\u00ed e atua em projetos culturais contemplados por leis de incentivo.&nbsp;&nbsp;<\/p>\n\n\n\n<p>Fot\u00f3grafa Still em produ\u00e7\u00f5es como o document\u00e1rio &#8220;Um Olhar Arretado Sobre V\u00e1rzea Paulista&#8221; (2024) e os espet\u00e1culos &#8220;Brincantes&#8221; e &#8220;Retirantes&#8221; (Cia Jovem Rumos).&nbsp;&nbsp;<\/p>\n\n\n\n<p>Forma\u00e7\u00e3o: Licenciatura Plena em Letras Portugu\u00eas\/Ingl\u00eas (2013-2016)<\/p>\n\n\n\n<figure class=\"wp-block-gallery has-nested-images columns-default is-cropped wp-block-gallery-1 is-layout-flex wp-block-gallery-is-layout-flex\">\n<figure class=\"wp-block-image size-large\"><img loading=\"lazy\" decoding=\"async\" width=\"400\" height=\"400\" data-id=\"317\" src=\"https:\/\/rotasturisticas.jundiai.sp.gov.br\/afro\/wp-content\/uploads\/sites\/11\/2025\/04\/Stephanie-Leite.png\" alt=\"\" class=\"wp-image-317\" srcset=\"https:\/\/rotasturisticas.jundiai.sp.gov.br\/culturanegra\/wp-content\/uploads\/sites\/11\/2025\/04\/Stephanie-Leite.png 400w, https:\/\/rotasturisticas.jundiai.sp.gov.br\/culturanegra\/wp-content\/uploads\/sites\/11\/2025\/04\/Stephanie-Leite-100x100.png 100w\" sizes=\"auto, (max-width: 400px) 100vw, 400px\" \/><\/figure>\n<\/figure>\n","protected":false},"excerpt":{"rendered":"<p>Atriz com experi\u00eancia em teatro desde 2011, atuando em espet\u00e1culos infantis, web s\u00e9ries e curtas-metragens em Jundia\u00ed. Destaque para a pe\u00e7a &#8220;A Tr\u00e1gica Hist\u00f3ria do Rei \u00c9dipo&#8221; (2019, SESC Jundia\u00ed, dir. Alexandre Ferreira).&nbsp;&nbsp; Entre 2020 e 2022, integrou o N\u00facleo XIII de Artes Dram\u00e1ticas (Campo Limpo Paulista, dir. Cleber Lima), participando de obras como &#8220;Timo&#8221;, [&hellip;]<\/p>\n","protected":false},"author":16,"featured_media":0,"parent":34,"menu_order":0,"comment_status":"closed","ping_status":"closed","template":"page-local.php","meta":{"footnotes":""},"class_list":["post-315","page","type-page","status-publish","hentry"],"_links":{"self":[{"href":"https:\/\/rotasturisticas.jundiai.sp.gov.br\/culturanegra\/wp-json\/wp\/v2\/pages\/315","targetHints":{"allow":["GET"]}}],"collection":[{"href":"https:\/\/rotasturisticas.jundiai.sp.gov.br\/culturanegra\/wp-json\/wp\/v2\/pages"}],"about":[{"href":"https:\/\/rotasturisticas.jundiai.sp.gov.br\/culturanegra\/wp-json\/wp\/v2\/types\/page"}],"author":[{"embeddable":true,"href":"https:\/\/rotasturisticas.jundiai.sp.gov.br\/culturanegra\/wp-json\/wp\/v2\/users\/16"}],"replies":[{"embeddable":true,"href":"https:\/\/rotasturisticas.jundiai.sp.gov.br\/culturanegra\/wp-json\/wp\/v2\/comments?post=315"}],"version-history":[{"count":3,"href":"https:\/\/rotasturisticas.jundiai.sp.gov.br\/culturanegra\/wp-json\/wp\/v2\/pages\/315\/revisions"}],"predecessor-version":[{"id":319,"href":"https:\/\/rotasturisticas.jundiai.sp.gov.br\/culturanegra\/wp-json\/wp\/v2\/pages\/315\/revisions\/319"}],"up":[{"embeddable":true,"href":"https:\/\/rotasturisticas.jundiai.sp.gov.br\/culturanegra\/wp-json\/wp\/v2\/pages\/34"}],"wp:attachment":[{"href":"https:\/\/rotasturisticas.jundiai.sp.gov.br\/culturanegra\/wp-json\/wp\/v2\/media?parent=315"}],"curies":[{"name":"wp","href":"https:\/\/api.w.org\/{rel}","templated":true}]}}

<p>Atriz com experiência em teatro desde 2011, atuando em espetáculos infantis, web séries e curtas-metragens em Jundiaí. Destaque para a peça &#8220;A Trágica História do Rei Édipo&#8221; (2019, SESC Jundiaí, dir. Alexandre Ferreira).&nbsp;&nbsp;</p>



<p>Entre 2020 e 2022, integrou o Núcleo XIII de Artes Dramáticas (Campo Limpo Paulista, dir. Cleber Lima), participando de obras como &#8220;Timo&#8221;, &#8220;Cali-ce&#8221;, &#8220;Auto da Compadecida&#8221; e &#8220;Ex-cola&#8221;, além de projetos contemplados pela Lei Aldir Blanc.&nbsp;&nbsp;</p>



<p>De 2022 a 2023, fez parte da Cia Espelho D&#8217;Arte (Vinhedo-SP, dir. Luciano Fernandes), atuando em montagens como &#8220;Cinderela de Cordel&#8221;, &#8220;Santa do Pau Oco&#8221;, &#8220;Morte e Vida Severina&#8221; e &#8220;O Santo Inquérito&#8221; (Teatro Castro Mendes, Campinas), além de &#8220;Colagens de uma Ditadura Nunca Mais&#8221; (Programa de Popularização do Teatro).  </p>



<p>No mesmo período, integrou o elenco da Cia Caça Vento de Artes, dedicada ao público infantil.  </p>



<p>Atualmente, lidera o OyaLá! Coletivo Artístico, participa de projetos da Rota Afro-Turística e Afro-Patrimonial de Jundiaí e atua em projetos culturais contemplados por leis de incentivo.&nbsp;&nbsp;</p>



<p>Fotógrafa Still em produções como o documentário &#8220;Um Olhar Arretado Sobre Várzea Paulista&#8221; (2024) e os espetáculos &#8220;Brincantes&#8221; e &#8220;Retirantes&#8221; (Cia Jovem Rumos).&nbsp;&nbsp;</p>



<p>Formação: Licenciatura Plena em Letras Português/Inglês (2013-2016)</p>



<figure class="wp-block-gallery has-nested-images columns-default is-cropped wp-block-gallery-1 is-layout-flex wp-block-gallery-is-layout-flex">
<figure class="wp-block-image size-large"><img loading="lazy" decoding="async" width="400" height="400" data-id="317" src="https://rotasturisticas.jundiai.sp.gov.br/afro/wp-content/uploads/sites/11/2025/04/Stephanie-Leite.png" alt="" class="wp-image-317" srcset="https://rotasturisticas.jundiai.sp.gov.br/culturanegra/wp-content/uploads/sites/11/2025/04/Stephanie-Leite.png 400w, https://rotasturisticas.jundiai.sp.gov.br/culturanegra/wp-content/uploads/sites/11/2025/04/Stephanie-Leite-100x100.png 100w" sizes="auto, (max-width: 400px) 100vw, 400px" /></figure>
</figure>

<p>Atriz com experiência em teatro desde 2011, atuando em espetáculos infantis, web séries e curtas-metragens em Jundiaí. Destaque para a peça &#8220;A Trágica História do Rei Édipo&#8221; (2019, SESC Jundiaí, dir. Alexandre Ferreira).&nbsp;&nbsp; Entre 2020 e 2022, integrou o Núcleo XIII de Artes Dramáticas (Campo Limpo Paulista, dir. Cleber Lima), participando de obras como &#8220;Timo&#8221;, [&hellip;]</p>
