{"id":310,"date":"2025-04-08T13:43:13","date_gmt":"2025-04-08T16:43:13","guid":{"rendered":"https:\/\/rotasturisticas.jundiai.sp.gov.br\/afro\/?page_id=310"},"modified":"2025-04-08T13:43:39","modified_gmt":"2025-04-08T16:43:39","slug":"baque-de-arruda","status":"publish","type":"page","link":"https:\/\/rotasturisticas.jundiai.sp.gov.br\/culturanegra\/contato\/intervencoes-artisticas\/baque-de-arruda\/","title":{"rendered":"Baque de Arruda"},"content":{"rendered":"\n<p>Baque de Arruda \u00e9 um grupo que estuda e toca o maracatu, que nasce em 2014 como um projeto na E.E. Professora Benedita Arruda, no qual alunos e alunas da escola p\u00fablica puderam aprender mais sobre a hist\u00f3ria afrodiasp\u00f3rica atrav\u00e9s da m\u00fasica. Hoje em dia, o Baque de Arruda \u00e9 um coletivo de pessoas negras que ensinam e tocam o maracatu como forma de resist\u00eancia e aquilombamento dentro da cidade de Jundia\u00ed.<br><\/p>\n\n\n\n<figure class=\"wp-block-gallery has-nested-images columns-default is-cropped wp-block-gallery-1 is-layout-flex wp-block-gallery-is-layout-flex\">\n<figure class=\"wp-block-image size-large\"><img loading=\"lazy\" decoding=\"async\" width=\"439\" height=\"950\" data-id=\"313\" src=\"https:\/\/rotasturisticas.jundiai.sp.gov.br\/afro\/wp-content\/uploads\/sites\/11\/2025\/04\/Baque-de-Arruda-439x950.jpeg\" alt=\"\" class=\"wp-image-313\" srcset=\"https:\/\/rotasturisticas.jundiai.sp.gov.br\/culturanegra\/wp-content\/uploads\/sites\/11\/2025\/04\/Baque-de-Arruda-439x950.jpeg 439w, https:\/\/rotasturisticas.jundiai.sp.gov.br\/culturanegra\/wp-content\/uploads\/sites\/11\/2025\/04\/Baque-de-Arruda.jpeg 591w\" sizes=\"auto, (max-width: 439px) 100vw, 439px\" \/><\/figure>\n<\/figure>\n","protected":false},"excerpt":{"rendered":"<p>Baque de Arruda \u00e9 um grupo que estuda e toca o maracatu, que nasce em 2014 como um projeto na E.E. Professora Benedita Arruda, no qual alunos e alunas da escola p\u00fablica puderam aprender mais sobre a hist\u00f3ria afrodiasp\u00f3rica atrav\u00e9s da m\u00fasica. Hoje em dia, o Baque de Arruda \u00e9 um coletivo de pessoas negras [&hellip;]<\/p>\n","protected":false},"author":16,"featured_media":0,"parent":34,"menu_order":0,"comment_status":"closed","ping_status":"closed","template":"page-local.php","meta":{"footnotes":""},"class_list":["post-310","page","type-page","status-publish","hentry"],"_links":{"self":[{"href":"https:\/\/rotasturisticas.jundiai.sp.gov.br\/culturanegra\/wp-json\/wp\/v2\/pages\/310","targetHints":{"allow":["GET"]}}],"collection":[{"href":"https:\/\/rotasturisticas.jundiai.sp.gov.br\/culturanegra\/wp-json\/wp\/v2\/pages"}],"about":[{"href":"https:\/\/rotasturisticas.jundiai.sp.gov.br\/culturanegra\/wp-json\/wp\/v2\/types\/page"}],"author":[{"embeddable":true,"href":"https:\/\/rotasturisticas.jundiai.sp.gov.br\/culturanegra\/wp-json\/wp\/v2\/users\/16"}],"replies":[{"embeddable":true,"href":"https:\/\/rotasturisticas.jundiai.sp.gov.br\/culturanegra\/wp-json\/wp\/v2\/comments?post=310"}],"version-history":[{"count":2,"href":"https:\/\/rotasturisticas.jundiai.sp.gov.br\/culturanegra\/wp-json\/wp\/v2\/pages\/310\/revisions"}],"predecessor-version":[{"id":314,"href":"https:\/\/rotasturisticas.jundiai.sp.gov.br\/culturanegra\/wp-json\/wp\/v2\/pages\/310\/revisions\/314"}],"up":[{"embeddable":true,"href":"https:\/\/rotasturisticas.jundiai.sp.gov.br\/culturanegra\/wp-json\/wp\/v2\/pages\/34"}],"wp:attachment":[{"href":"https:\/\/rotasturisticas.jundiai.sp.gov.br\/culturanegra\/wp-json\/wp\/v2\/media?parent=310"}],"curies":[{"name":"wp","href":"https:\/\/api.w.org\/{rel}","templated":true}]}}

<p>Baque de Arruda é um grupo que estuda e toca o maracatu, que nasce em 2014 como um projeto na E.E. Professora Benedita Arruda, no qual alunos e alunas da escola pública puderam aprender mais sobre a história afrodiaspórica através da música. Hoje em dia, o Baque de Arruda é um coletivo de pessoas negras que ensinam e tocam o maracatu como forma de resistência e aquilombamento dentro da cidade de Jundiaí.<br></p>



<figure class="wp-block-gallery has-nested-images columns-default is-cropped wp-block-gallery-1 is-layout-flex wp-block-gallery-is-layout-flex">
<figure class="wp-block-image size-large"><img loading="lazy" decoding="async" width="439" height="950" data-id="313" src="https://rotasturisticas.jundiai.sp.gov.br/afro/wp-content/uploads/sites/11/2025/04/Baque-de-Arruda-439x950.jpeg" alt="" class="wp-image-313" srcset="https://rotasturisticas.jundiai.sp.gov.br/culturanegra/wp-content/uploads/sites/11/2025/04/Baque-de-Arruda-439x950.jpeg 439w, https://rotasturisticas.jundiai.sp.gov.br/culturanegra/wp-content/uploads/sites/11/2025/04/Baque-de-Arruda.jpeg 591w" sizes="auto, (max-width: 439px) 100vw, 439px" /></figure>
</figure>

<p>Baque de Arruda é um grupo que estuda e toca o maracatu, que nasce em 2014 como um projeto na E.E. Professora Benedita Arruda, no qual alunos e alunas da escola pública puderam aprender mais sobre a história afrodiaspórica através da música. Hoje em dia, o Baque de Arruda é um coletivo de pessoas negras [&hellip;]</p>
