{"id":303,"date":"2025-04-08T13:35:37","date_gmt":"2025-04-08T16:35:37","guid":{"rendered":"https:\/\/rotasturisticas.jundiai.sp.gov.br\/afro\/?page_id=303"},"modified":"2025-04-08T13:40:52","modified_gmt":"2025-04-08T16:40:52","slug":"ana-luiza","status":"publish","type":"page","link":"https:\/\/rotasturisticas.jundiai.sp.gov.br\/culturanegra\/contato\/intervencoes-artisticas\/ana-luiza\/","title":{"rendered":"Ana Luiza"},"content":{"rendered":"\n<p>Desde 2012 desenvolve uma pesquisa sobre a cultura afro-brasileira, partindo da musicalidade para compreender a ancestralidade que guia as pr\u00e1ticas cotidianas afrodiasp\u00f3ricas no Brasil, principalmente em rela\u00e7\u00e3o \u00e0s mulheres negras.<\/p>\n\n\n\n<p>Come\u00e7ou sua trajet\u00f3ria na m\u00fasica e cultura popular tocando em grupos percussivos de maracatu em S\u00e3o Paulo, o que impulsionou a fazer uma pesquisa mais profunda pelos ritmos afro-brasileiros do Recife.<\/p>\n\n\n\n<p>Em 2016 se mudou para Pernambuco para fazer seu mestrado sobre o coco de roda, paralelo a isso teve o prazer de conviver e aprender com mestras e mestres sobre nossa musicalidade. Ganhou o t\u00edtulo de madrinha do Coco de Sala pelo Mestre Zezinho de Casa Amarela, mestre de coco mais velho de Pernambuco.<\/p>\n\n\n\n<p>Hoje em dia, realiza apresenta\u00e7\u00f5es musicais, oficinas de m\u00fasica e dan\u00e7a juntamente com o Coco das \u00c1guas Doces, Baque Delas e Baque de Arruda.<\/p>\n\n\n\n<figure class=\"wp-block-gallery has-nested-images columns-default is-cropped wp-block-gallery-1 is-layout-flex wp-block-gallery-is-layout-flex\">\n<figure class=\"wp-block-image size-large\"><img loading=\"lazy\" decoding=\"async\" width=\"606\" height=\"950\" data-id=\"305\" src=\"https:\/\/rotasturisticas.jundiai.sp.gov.br\/afro\/wp-content\/uploads\/sites\/11\/2025\/04\/Ana-Luiza-606x950.jpeg\" alt=\"\" class=\"wp-image-305\" srcset=\"https:\/\/rotasturisticas.jundiai.sp.gov.br\/culturanegra\/wp-content\/uploads\/sites\/11\/2025\/04\/Ana-Luiza-606x950.jpeg 606w, https:\/\/rotasturisticas.jundiai.sp.gov.br\/culturanegra\/wp-content\/uploads\/sites\/11\/2025\/04\/Ana-Luiza-768x1203.jpeg 768w, https:\/\/rotasturisticas.jundiai.sp.gov.br\/culturanegra\/wp-content\/uploads\/sites\/11\/2025\/04\/Ana-Luiza.jpeg 817w\" sizes=\"auto, (max-width: 606px) 100vw, 606px\" \/><\/figure>\n<\/figure>\n","protected":false},"excerpt":{"rendered":"<p>Desde 2012 desenvolve uma pesquisa sobre a cultura afro-brasileira, partindo da musicalidade para compreender a ancestralidade que guia as pr\u00e1ticas cotidianas afrodiasp\u00f3ricas no Brasil, principalmente em rela\u00e7\u00e3o \u00e0s mulheres negras. Come\u00e7ou sua trajet\u00f3ria na m\u00fasica e cultura popular tocando em grupos percussivos de maracatu em S\u00e3o Paulo, o que impulsionou a fazer uma pesquisa mais [&hellip;]<\/p>\n","protected":false},"author":16,"featured_media":0,"parent":34,"menu_order":0,"comment_status":"closed","ping_status":"closed","template":"page-local.php","meta":{"footnotes":""},"class_list":["post-303","page","type-page","status-publish","hentry"],"_links":{"self":[{"href":"https:\/\/rotasturisticas.jundiai.sp.gov.br\/culturanegra\/wp-json\/wp\/v2\/pages\/303","targetHints":{"allow":["GET"]}}],"collection":[{"href":"https:\/\/rotasturisticas.jundiai.sp.gov.br\/culturanegra\/wp-json\/wp\/v2\/pages"}],"about":[{"href":"https:\/\/rotasturisticas.jundiai.sp.gov.br\/culturanegra\/wp-json\/wp\/v2\/types\/page"}],"author":[{"embeddable":true,"href":"https:\/\/rotasturisticas.jundiai.sp.gov.br\/culturanegra\/wp-json\/wp\/v2\/users\/16"}],"replies":[{"embeddable":true,"href":"https:\/\/rotasturisticas.jundiai.sp.gov.br\/culturanegra\/wp-json\/wp\/v2\/comments?post=303"}],"version-history":[{"count":2,"href":"https:\/\/rotasturisticas.jundiai.sp.gov.br\/culturanegra\/wp-json\/wp\/v2\/pages\/303\/revisions"}],"predecessor-version":[{"id":306,"href":"https:\/\/rotasturisticas.jundiai.sp.gov.br\/culturanegra\/wp-json\/wp\/v2\/pages\/303\/revisions\/306"}],"up":[{"embeddable":true,"href":"https:\/\/rotasturisticas.jundiai.sp.gov.br\/culturanegra\/wp-json\/wp\/v2\/pages\/34"}],"wp:attachment":[{"href":"https:\/\/rotasturisticas.jundiai.sp.gov.br\/culturanegra\/wp-json\/wp\/v2\/media?parent=303"}],"curies":[{"name":"wp","href":"https:\/\/api.w.org\/{rel}","templated":true}]}}

<p>Desde 2012 desenvolve uma pesquisa sobre a cultura afro-brasileira, partindo da musicalidade para compreender a ancestralidade que guia as práticas cotidianas afrodiaspóricas no Brasil, principalmente em relação às mulheres negras.</p>



<p>Começou sua trajetória na música e cultura popular tocando em grupos percussivos de maracatu em São Paulo, o que impulsionou a fazer uma pesquisa mais profunda pelos ritmos afro-brasileiros do Recife.</p>



<p>Em 2016 se mudou para Pernambuco para fazer seu mestrado sobre o coco de roda, paralelo a isso teve o prazer de conviver e aprender com mestras e mestres sobre nossa musicalidade. Ganhou o título de madrinha do Coco de Sala pelo Mestre Zezinho de Casa Amarela, mestre de coco mais velho de Pernambuco.</p>



<p>Hoje em dia, realiza apresentações musicais, oficinas de música e dança juntamente com o Coco das Águas Doces, Baque Delas e Baque de Arruda.</p>



<figure class="wp-block-gallery has-nested-images columns-default is-cropped wp-block-gallery-1 is-layout-flex wp-block-gallery-is-layout-flex">
<figure class="wp-block-image size-large"><img loading="lazy" decoding="async" width="606" height="950" data-id="305" src="https://rotasturisticas.jundiai.sp.gov.br/afro/wp-content/uploads/sites/11/2025/04/Ana-Luiza-606x950.jpeg" alt="" class="wp-image-305" srcset="https://rotasturisticas.jundiai.sp.gov.br/culturanegra/wp-content/uploads/sites/11/2025/04/Ana-Luiza-606x950.jpeg 606w, https://rotasturisticas.jundiai.sp.gov.br/culturanegra/wp-content/uploads/sites/11/2025/04/Ana-Luiza-768x1203.jpeg 768w, https://rotasturisticas.jundiai.sp.gov.br/culturanegra/wp-content/uploads/sites/11/2025/04/Ana-Luiza.jpeg 817w" sizes="auto, (max-width: 606px) 100vw, 606px" /></figure>
</figure>

<p>Desde 2012 desenvolve uma pesquisa sobre a cultura afro-brasileira, partindo da musicalidade para compreender a ancestralidade que guia as práticas cotidianas afrodiaspóricas no Brasil, principalmente em relação às mulheres negras. Começou sua trajetória na música e cultura popular tocando em grupos percussivos de maracatu em São Paulo, o que impulsionou a fazer uma pesquisa mais [&hellip;]</p>
