{"id":299,"date":"2025-04-08T13:33:27","date_gmt":"2025-04-08T16:33:27","guid":{"rendered":"https:\/\/rotasturisticas.jundiai.sp.gov.br\/afro\/?page_id=299"},"modified":"2025-04-08T13:41:05","modified_gmt":"2025-04-08T16:41:05","slug":"daniel-dutra","status":"publish","type":"page","link":"https:\/\/rotasturisticas.jundiai.sp.gov.br\/culturanegra\/contato\/intervencoes-artisticas\/daniel-dutra\/","title":{"rendered":"Daniel Dutra"},"content":{"rendered":"\n<p>Daniel Dutra, ator, palha\u00e7o, arte educador, iluminador, diretor e contador de est\u00f3rias.<\/p>\n\n\n\n<p>Formado pelo Curso T\u00e9cnico Intensivo de Teatro e TV Braapa 2008\/2009.<\/p>\n\n\n\n<p>Atualmente Co-fundador da Cia Inspirarte.<\/p>\n\n\n\n<p>Seu trabalho mais recente \u00e9 o projeto Rota Afro sob dire\u00e7\u00e3o de Vive Almeida. Projeto em parceria com a Unidade de Cultura e Turismo de Jundia\u00ed.<\/p>\n\n\n\n<p>Participou de workshops e espet\u00e1culos com diretores renomados como Luiz Amorim, Daniela biancardi, Marcelo Colavitto, Rodrigo Fregnan, Marcelo Peroni, Carlos Pasqualin, Giba Pedroza e entre outros\u2026<\/p>\n\n\n\n<p>&nbsp;Atuou durante 8 anos na Cia Paulista de Artes em Jundia\u00ed.&nbsp;<\/p>\n\n\n\n<p>Atualmente integra como ator as cias: perform\u00e1tico \u00c9os , Cena 4, Cia mamulengos e cia claquete.<\/p>\n\n\n\n<p>Recebeu pr\u00eamios de melhor ilumina\u00e7\u00e3o no festeju \u2013 Festival de teatro de Jundia\u00ed &#8211; ano de 2022 e 2024, ambos pela escola Atuar\u00e1 de teatro.<\/p>\n\n\n\n<p>Sua dedica\u00e7\u00e3o \u00e0s artes c\u00eanicas e \u00e0 educa\u00e7\u00e3o reflete um compromisso com o impacto social e cultural, promovendo o teatro como ferramenta de transforma\u00e7\u00e3o e express\u00e3o art\u00edstica.<\/p>\n\n\n\n<figure class=\"wp-block-gallery has-nested-images columns-default is-cropped wp-block-gallery-1 is-layout-flex wp-block-gallery-is-layout-flex\">\n<figure class=\"wp-block-image size-large\"><img loading=\"lazy\" decoding=\"async\" width=\"593\" height=\"950\" data-id=\"300\" src=\"https:\/\/rotasturisticas.jundiai.sp.gov.br\/afro\/wp-content\/uploads\/sites\/11\/2025\/04\/Daniel-Dutra-593x950.jpg\" alt=\"\" class=\"wp-image-300\" srcset=\"https:\/\/rotasturisticas.jundiai.sp.gov.br\/culturanegra\/wp-content\/uploads\/sites\/11\/2025\/04\/Daniel-Dutra-593x950.jpg 593w, https:\/\/rotasturisticas.jundiai.sp.gov.br\/culturanegra\/wp-content\/uploads\/sites\/11\/2025\/04\/Daniel-Dutra-768x1230.jpg 768w, https:\/\/rotasturisticas.jundiai.sp.gov.br\/culturanegra\/wp-content\/uploads\/sites\/11\/2025\/04\/Daniel-Dutra-959x1536.jpg 959w, https:\/\/rotasturisticas.jundiai.sp.gov.br\/culturanegra\/wp-content\/uploads\/sites\/11\/2025\/04\/Daniel-Dutra.jpg 1005w\" sizes=\"auto, (max-width: 593px) 100vw, 593px\" \/><\/figure>\n<\/figure>\n","protected":false},"excerpt":{"rendered":"<p>Daniel Dutra, ator, palha\u00e7o, arte educador, iluminador, diretor e contador de est\u00f3rias. Formado pelo Curso T\u00e9cnico Intensivo de Teatro e TV Braapa 2008\/2009. Atualmente Co-fundador da Cia Inspirarte. Seu trabalho mais recente \u00e9 o projeto Rota Afro sob dire\u00e7\u00e3o de Vive Almeida. Projeto em parceria com a Unidade de Cultura e Turismo de Jundia\u00ed. Participou [&hellip;]<\/p>\n","protected":false},"author":16,"featured_media":0,"parent":34,"menu_order":0,"comment_status":"closed","ping_status":"closed","template":"page-local.php","meta":{"footnotes":""},"class_list":["post-299","page","type-page","status-publish","hentry"],"_links":{"self":[{"href":"https:\/\/rotasturisticas.jundiai.sp.gov.br\/culturanegra\/wp-json\/wp\/v2\/pages\/299","targetHints":{"allow":["GET"]}}],"collection":[{"href":"https:\/\/rotasturisticas.jundiai.sp.gov.br\/culturanegra\/wp-json\/wp\/v2\/pages"}],"about":[{"href":"https:\/\/rotasturisticas.jundiai.sp.gov.br\/culturanegra\/wp-json\/wp\/v2\/types\/page"}],"author":[{"embeddable":true,"href":"https:\/\/rotasturisticas.jundiai.sp.gov.br\/culturanegra\/wp-json\/wp\/v2\/users\/16"}],"replies":[{"embeddable":true,"href":"https:\/\/rotasturisticas.jundiai.sp.gov.br\/culturanegra\/wp-json\/wp\/v2\/comments?post=299"}],"version-history":[{"count":1,"href":"https:\/\/rotasturisticas.jundiai.sp.gov.br\/culturanegra\/wp-json\/wp\/v2\/pages\/299\/revisions"}],"predecessor-version":[{"id":301,"href":"https:\/\/rotasturisticas.jundiai.sp.gov.br\/culturanegra\/wp-json\/wp\/v2\/pages\/299\/revisions\/301"}],"up":[{"embeddable":true,"href":"https:\/\/rotasturisticas.jundiai.sp.gov.br\/culturanegra\/wp-json\/wp\/v2\/pages\/34"}],"wp:attachment":[{"href":"https:\/\/rotasturisticas.jundiai.sp.gov.br\/culturanegra\/wp-json\/wp\/v2\/media?parent=299"}],"curies":[{"name":"wp","href":"https:\/\/api.w.org\/{rel}","templated":true}]}}

<p>Daniel Dutra, ator, palhaço, arte educador, iluminador, diretor e contador de estórias.</p>



<p>Formado pelo Curso Técnico Intensivo de Teatro e TV Braapa 2008/2009.</p>



<p>Atualmente Co-fundador da Cia Inspirarte.</p>



<p>Seu trabalho mais recente é o projeto Rota Afro sob direção de Vive Almeida. Projeto em parceria com a Unidade de Cultura e Turismo de Jundiaí.</p>



<p>Participou de workshops e espetáculos com diretores renomados como Luiz Amorim, Daniela biancardi, Marcelo Colavitto, Rodrigo Fregnan, Marcelo Peroni, Carlos Pasqualin, Giba Pedroza e entre outros…</p>



<p>&nbsp;Atuou durante 8 anos na Cia Paulista de Artes em Jundiaí.&nbsp;</p>



<p>Atualmente integra como ator as cias: performático Éos , Cena 4, Cia mamulengos e cia claquete.</p>



<p>Recebeu prêmios de melhor iluminação no festeju – Festival de teatro de Jundiaí &#8211; ano de 2022 e 2024, ambos pela escola Atuará de teatro.</p>



<p>Sua dedicação às artes cênicas e à educação reflete um compromisso com o impacto social e cultural, promovendo o teatro como ferramenta de transformação e expressão artística.</p>



<figure class="wp-block-gallery has-nested-images columns-default is-cropped wp-block-gallery-1 is-layout-flex wp-block-gallery-is-layout-flex">
<figure class="wp-block-image size-large"><img loading="lazy" decoding="async" width="593" height="950" data-id="300" src="https://rotasturisticas.jundiai.sp.gov.br/afro/wp-content/uploads/sites/11/2025/04/Daniel-Dutra-593x950.jpg" alt="" class="wp-image-300" srcset="https://rotasturisticas.jundiai.sp.gov.br/culturanegra/wp-content/uploads/sites/11/2025/04/Daniel-Dutra-593x950.jpg 593w, https://rotasturisticas.jundiai.sp.gov.br/culturanegra/wp-content/uploads/sites/11/2025/04/Daniel-Dutra-768x1230.jpg 768w, https://rotasturisticas.jundiai.sp.gov.br/culturanegra/wp-content/uploads/sites/11/2025/04/Daniel-Dutra-959x1536.jpg 959w, https://rotasturisticas.jundiai.sp.gov.br/culturanegra/wp-content/uploads/sites/11/2025/04/Daniel-Dutra.jpg 1005w" sizes="auto, (max-width: 593px) 100vw, 593px" /></figure>
</figure>

<p>Daniel Dutra, ator, palhaço, arte educador, iluminador, diretor e contador de estórias. Formado pelo Curso Técnico Intensivo de Teatro e TV Braapa 2008/2009. Atualmente Co-fundador da Cia Inspirarte. Seu trabalho mais recente é o projeto Rota Afro sob direção de Vive Almeida. Projeto em parceria com a Unidade de Cultura e Turismo de Jundiaí. Participou [&hellip;]</p>
