{"id":27,"date":"2025-03-25T08:56:00","date_gmt":"2025-03-25T11:56:00","guid":{"rendered":"https:\/\/rotasturisticas.jundiai.sp.gov.br\/afro\/?page_id=27"},"modified":"2025-03-25T14:58:40","modified_gmt":"2025-03-25T17:58:40","slug":"onde-ficar","status":"publish","type":"page","link":"https:\/\/rotasturisticas.jundiai.sp.gov.br\/culturanegra\/onde-ficar\/","title":{"rendered":"Onde Ficar"},"content":{"rendered":"\n<p>Seja para uma viagem de neg\u00f3cios, um descanso merecido ou para explorar as belezas de Jundia\u00ed e regi\u00e3o, encontrar a hospedagem perfeita \u00e9 o primeiro passo para uma experi\u00eancia inesquec\u00edvel. Em Jundia\u00ed, voc\u00ea encontrar\u00e1 uma variedade de op\u00e7\u00f5es para todos os gostos e or\u00e7amentos.<\/p>\n\n\n\n<p><a href=\"https:\/\/turismo.jundiai.sp.gov.br\/hospedagem\/\" data-type=\"URL\" data-id=\"https:\/\/turismo.jundiai.sp.gov.br\/hospedagem\/\" target=\"_blank\" rel=\"noreferrer noopener\"><strong>Clique aqui e confira os Meios de Hospedagem<\/strong><\/a><\/p>\n","protected":false},"excerpt":{"rendered":"<p>Seja para uma viagem de neg\u00f3cios, um descanso merecido ou para explorar as belezas de Jundia\u00ed e regi\u00e3o, encontrar a hospedagem perfeita \u00e9 o primeiro passo para uma experi\u00eancia inesquec\u00edvel. Em Jundia\u00ed, voc\u00ea encontrar\u00e1 uma variedade de op\u00e7\u00f5es para todos os gostos e or\u00e7amentos. Clique aqui e confira os Meios de Hospedagem<\/p>\n","protected":false},"author":16,"featured_media":144,"parent":0,"menu_order":0,"comment_status":"closed","ping_status":"closed","template":"","meta":{"footnotes":""},"class_list":["post-27","page","type-page","status-publish","has-post-thumbnail","hentry"],"_links":{"self":[{"href":"https:\/\/rotasturisticas.jundiai.sp.gov.br\/culturanegra\/wp-json\/wp\/v2\/pages\/27","targetHints":{"allow":["GET"]}}],"collection":[{"href":"https:\/\/rotasturisticas.jundiai.sp.gov.br\/culturanegra\/wp-json\/wp\/v2\/pages"}],"about":[{"href":"https:\/\/rotasturisticas.jundiai.sp.gov.br\/culturanegra\/wp-json\/wp\/v2\/types\/page"}],"author":[{"embeddable":true,"href":"https:\/\/rotasturisticas.jundiai.sp.gov.br\/culturanegra\/wp-json\/wp\/v2\/users\/16"}],"replies":[{"embeddable":true,"href":"https:\/\/rotasturisticas.jundiai.sp.gov.br\/culturanegra\/wp-json\/wp\/v2\/comments?post=27"}],"version-history":[{"count":3,"href":"https:\/\/rotasturisticas.jundiai.sp.gov.br\/culturanegra\/wp-json\/wp\/v2\/pages\/27\/revisions"}],"predecessor-version":[{"id":142,"href":"https:\/\/rotasturisticas.jundiai.sp.gov.br\/culturanegra\/wp-json\/wp\/v2\/pages\/27\/revisions\/142"}],"wp:featuredmedia":[{"embeddable":true,"href":"https:\/\/rotasturisticas.jundiai.sp.gov.br\/culturanegra\/wp-json\/wp\/v2\/media\/144"}],"wp:attachment":[{"href":"https:\/\/rotasturisticas.jundiai.sp.gov.br\/culturanegra\/wp-json\/wp\/v2\/media?parent=27"}],"curies":[{"name":"wp","href":"https:\/\/api.w.org\/{rel}","templated":true}]}}

<p>Seja para uma viagem de negócios, um descanso merecido ou para explorar as belezas de Jundiaí e região, encontrar a hospedagem perfeita é o primeiro passo para uma experiência inesquecível. Em Jundiaí, você encontrará uma variedade de opções para todos os gostos e orçamentos.</p>



<p><a href="https://turismo.jundiai.sp.gov.br/hospedagem/" data-type="URL" data-id="https://turismo.jundiai.sp.gov.br/hospedagem/" target="_blank" rel="noreferrer noopener"><strong>Clique aqui e confira os Meios de Hospedagem</strong></a></p>

<p>Seja para uma viagem de negócios, um descanso merecido ou para explorar as belezas de Jundiaí e região, encontrar a hospedagem perfeita é o primeiro passo para uma experiência inesquecível. Em Jundiaí, você encontrará uma variedade de opções para todos os gostos e orçamentos. Clique aqui e confira os Meios de Hospedagem</p>
