{"id":216,"date":"2025-03-27T08:44:50","date_gmt":"2025-03-27T11:44:50","guid":{"rendered":"https:\/\/rotasturisticas.jundiai.sp.gov.br\/afro\/?page_id=216"},"modified":"2025-03-27T09:13:34","modified_gmt":"2025-03-27T12:13:34","slug":"luzes-de-aruanda-velas-aromaticas-e-decorativas","status":"publish","type":"page","link":"https:\/\/rotasturisticas.jundiai.sp.gov.br\/culturanegra\/empreendedores\/luzes-de-aruanda-velas-aromaticas-e-decorativas\/","title":{"rendered":"Luzes de Aruanda Velas Arom\u00e1ticas e Decorativas"},"content":{"rendered":"\n<p>Eu sou a Kelly, tenho 39 anos e sou a dona da marca de Velas Arom\u00e1ticas e Decorativas Luzes de Aruanda.<br>Iniciei as atividades em 2023 atrav\u00e9s de um sonho de inf\u00e2ncia.<br>Utilizo em minhas produ\u00e7\u00f5es produtos naturais tais como: Cera de Coco, Cristais, Ervas, Sementes, Ra\u00edzes e produtos recicl\u00e1veis.<br>Atuo sozinha e meu ateli\u00ea em casa.<br>Fa\u00e7o meus produtos de forma intuitiva, sob encomenda e tamb\u00e9m de forma personalizada. Meus produtos s\u00e3o para energizar, equilibrar e nutrir a espiritualidade.<\/p>\n\n\n\n<figure class=\"wp-block-gallery has-nested-images columns-default is-cropped wp-block-gallery-1 is-layout-flex wp-block-gallery-is-layout-flex\">\n<figure class=\"wp-block-image size-large\"><img loading=\"lazy\" decoding=\"async\" width=\"864\" height=\"885\" data-id=\"218\" src=\"https:\/\/rotasturisticas.jundiai.sp.gov.br\/afro\/wp-content\/uploads\/sites\/11\/2025\/03\/Captura-de-tela-2025-03-27-084727.png\" alt=\"\" class=\"wp-image-218\" srcset=\"https:\/\/rotasturisticas.jundiai.sp.gov.br\/culturanegra\/wp-content\/uploads\/sites\/11\/2025\/03\/Captura-de-tela-2025-03-27-084727.png 864w, https:\/\/rotasturisticas.jundiai.sp.gov.br\/culturanegra\/wp-content\/uploads\/sites\/11\/2025\/03\/Captura-de-tela-2025-03-27-084727-768x787.png 768w\" sizes=\"auto, (max-width: 864px) 100vw, 864px\" \/><\/figure>\n\n\n\n<figure class=\"wp-block-image size-large\"><img loading=\"lazy\" decoding=\"async\" width=\"897\" height=\"676\" data-id=\"219\" src=\"https:\/\/rotasturisticas.jundiai.sp.gov.br\/afro\/wp-content\/uploads\/sites\/11\/2025\/03\/Captura-de-tela-2025-03-27-084543.png\" alt=\"\" class=\"wp-image-219\" srcset=\"https:\/\/rotasturisticas.jundiai.sp.gov.br\/culturanegra\/wp-content\/uploads\/sites\/11\/2025\/03\/Captura-de-tela-2025-03-27-084543.png 897w, https:\/\/rotasturisticas.jundiai.sp.gov.br\/culturanegra\/wp-content\/uploads\/sites\/11\/2025\/03\/Captura-de-tela-2025-03-27-084543-300x225.png 300w, https:\/\/rotasturisticas.jundiai.sp.gov.br\/culturanegra\/wp-content\/uploads\/sites\/11\/2025\/03\/Captura-de-tela-2025-03-27-084543-768x579.png 768w\" sizes=\"auto, (max-width: 897px) 100vw, 897px\" \/><\/figure>\n\n\n\n<figure class=\"wp-block-image size-large\"><img loading=\"lazy\" decoding=\"async\" width=\"855\" height=\"716\" data-id=\"220\" src=\"https:\/\/rotasturisticas.jundiai.sp.gov.br\/afro\/wp-content\/uploads\/sites\/11\/2025\/03\/Captura-de-tela-2025-03-27-084858.png\" alt=\"\" class=\"wp-image-220\" srcset=\"https:\/\/rotasturisticas.jundiai.sp.gov.br\/culturanegra\/wp-content\/uploads\/sites\/11\/2025\/03\/Captura-de-tela-2025-03-27-084858.png 855w, https:\/\/rotasturisticas.jundiai.sp.gov.br\/culturanegra\/wp-content\/uploads\/sites\/11\/2025\/03\/Captura-de-tela-2025-03-27-084858-768x643.png 768w\" sizes=\"auto, (max-width: 855px) 100vw, 855px\" \/><\/figure>\n\n\n\n<figure class=\"wp-block-image size-full\"><img loading=\"lazy\" decoding=\"async\" width=\"894\" height=\"894\" data-id=\"222\" src=\"https:\/\/rotasturisticas.jundiai.sp.gov.br\/afro\/wp-content\/uploads\/sites\/11\/2025\/03\/Captura-de-tela-2025-03-27-084752.png\" alt=\"\" class=\"wp-image-222\" srcset=\"https:\/\/rotasturisticas.jundiai.sp.gov.br\/culturanegra\/wp-content\/uploads\/sites\/11\/2025\/03\/Captura-de-tela-2025-03-27-084752.png 894w, https:\/\/rotasturisticas.jundiai.sp.gov.br\/culturanegra\/wp-content\/uploads\/sites\/11\/2025\/03\/Captura-de-tela-2025-03-27-084752-100x100.png 100w, https:\/\/rotasturisticas.jundiai.sp.gov.br\/culturanegra\/wp-content\/uploads\/sites\/11\/2025\/03\/Captura-de-tela-2025-03-27-084752-768x768.png 768w\" sizes=\"auto, (max-width: 894px) 100vw, 894px\" \/><\/figure>\n\n\n\n<figure class=\"wp-block-image size-large\"><img loading=\"lazy\" decoding=\"async\" width=\"830\" height=\"891\" data-id=\"221\" src=\"https:\/\/rotasturisticas.jundiai.sp.gov.br\/afro\/wp-content\/uploads\/sites\/11\/2025\/03\/Captura-de-tela-2025-03-27-084811.png\" alt=\"\" class=\"wp-image-221\" srcset=\"https:\/\/rotasturisticas.jundiai.sp.gov.br\/culturanegra\/wp-content\/uploads\/sites\/11\/2025\/03\/Captura-de-tela-2025-03-27-084811.png 830w, https:\/\/rotasturisticas.jundiai.sp.gov.br\/culturanegra\/wp-content\/uploads\/sites\/11\/2025\/03\/Captura-de-tela-2025-03-27-084811-768x824.png 768w\" sizes=\"auto, (max-width: 830px) 100vw, 830px\" \/><\/figure>\n<\/figure>\n\n\n\n<p><\/p>\n","protected":false},"excerpt":{"rendered":"<p>Eu sou a Kelly, tenho 39 anos e sou a dona da marca de Velas Arom\u00e1ticas e Decorativas Luzes de Aruanda.Iniciei as atividades em 2023 atrav\u00e9s de um sonho de inf\u00e2ncia.Utilizo em minhas produ\u00e7\u00f5es produtos naturais tais como: Cera de Coco, Cristais, Ervas, Sementes, Ra\u00edzes e produtos recicl\u00e1veis.Atuo sozinha e meu ateli\u00ea em casa.Fa\u00e7o meus [&hellip;]<\/p>\n","protected":false},"author":16,"featured_media":0,"parent":25,"menu_order":0,"comment_status":"closed","ping_status":"closed","template":"page-local.php","meta":{"footnotes":""},"class_list":["post-216","page","type-page","status-publish","hentry"],"_links":{"self":[{"href":"https:\/\/rotasturisticas.jundiai.sp.gov.br\/culturanegra\/wp-json\/wp\/v2\/pages\/216","targetHints":{"allow":["GET"]}}],"collection":[{"href":"https:\/\/rotasturisticas.jundiai.sp.gov.br\/culturanegra\/wp-json\/wp\/v2\/pages"}],"about":[{"href":"https:\/\/rotasturisticas.jundiai.sp.gov.br\/culturanegra\/wp-json\/wp\/v2\/types\/page"}],"author":[{"embeddable":true,"href":"https:\/\/rotasturisticas.jundiai.sp.gov.br\/culturanegra\/wp-json\/wp\/v2\/users\/16"}],"replies":[{"embeddable":true,"href":"https:\/\/rotasturisticas.jundiai.sp.gov.br\/culturanegra\/wp-json\/wp\/v2\/comments?post=216"}],"version-history":[{"count":2,"href":"https:\/\/rotasturisticas.jundiai.sp.gov.br\/culturanegra\/wp-json\/wp\/v2\/pages\/216\/revisions"}],"predecessor-version":[{"id":223,"href":"https:\/\/rotasturisticas.jundiai.sp.gov.br\/culturanegra\/wp-json\/wp\/v2\/pages\/216\/revisions\/223"}],"up":[{"embeddable":true,"href":"https:\/\/rotasturisticas.jundiai.sp.gov.br\/culturanegra\/wp-json\/wp\/v2\/pages\/25"}],"wp:attachment":[{"href":"https:\/\/rotasturisticas.jundiai.sp.gov.br\/culturanegra\/wp-json\/wp\/v2\/media?parent=216"}],"curies":[{"name":"wp","href":"https:\/\/api.w.org\/{rel}","templated":true}]}}

Luzes de Aruanda Velas Aromáticas e Decorativas

<p>Eu sou a Kelly, tenho 39 anos e sou a dona da marca de Velas Aromáticas e Decorativas Luzes de Aruanda.<br>Iniciei as atividades em 2023 através de um sonho de infância.<br>Utilizo em minhas produções produtos naturais tais como: Cera de Coco, Cristais, Ervas, Sementes, Raízes e produtos recicláveis.<br>Atuo sozinha e meu ateliê em casa.<br>Faço meus produtos de forma intuitiva, sob encomenda e também de forma personalizada. Meus produtos são para energizar, equilibrar e nutrir a espiritualidade.</p>



<figure class="wp-block-gallery has-nested-images columns-default is-cropped wp-block-gallery-1 is-layout-flex wp-block-gallery-is-layout-flex">
<figure class="wp-block-image size-large"><img loading="lazy" decoding="async" width="864" height="885" data-id="218" src="https://rotasturisticas.jundiai.sp.gov.br/afro/wp-content/uploads/sites/11/2025/03/Captura-de-tela-2025-03-27-084727.png" alt="" class="wp-image-218" srcset="https://rotasturisticas.jundiai.sp.gov.br/culturanegra/wp-content/uploads/sites/11/2025/03/Captura-de-tela-2025-03-27-084727.png 864w, https://rotasturisticas.jundiai.sp.gov.br/culturanegra/wp-content/uploads/sites/11/2025/03/Captura-de-tela-2025-03-27-084727-768x787.png 768w" sizes="auto, (max-width: 864px) 100vw, 864px" /></figure>



<figure class="wp-block-image size-large"><img loading="lazy" decoding="async" width="897" height="676" data-id="219" src="https://rotasturisticas.jundiai.sp.gov.br/afro/wp-content/uploads/sites/11/2025/03/Captura-de-tela-2025-03-27-084543.png" alt="" class="wp-image-219" srcset="https://rotasturisticas.jundiai.sp.gov.br/culturanegra/wp-content/uploads/sites/11/2025/03/Captura-de-tela-2025-03-27-084543.png 897w, https://rotasturisticas.jundiai.sp.gov.br/culturanegra/wp-content/uploads/sites/11/2025/03/Captura-de-tela-2025-03-27-084543-300x225.png 300w, https://rotasturisticas.jundiai.sp.gov.br/culturanegra/wp-content/uploads/sites/11/2025/03/Captura-de-tela-2025-03-27-084543-768x579.png 768w" sizes="auto, (max-width: 897px) 100vw, 897px" /></figure>



<figure class="wp-block-image size-large"><img loading="lazy" decoding="async" width="855" height="716" data-id="220" src="https://rotasturisticas.jundiai.sp.gov.br/afro/wp-content/uploads/sites/11/2025/03/Captura-de-tela-2025-03-27-084858.png" alt="" class="wp-image-220" srcset="https://rotasturisticas.jundiai.sp.gov.br/culturanegra/wp-content/uploads/sites/11/2025/03/Captura-de-tela-2025-03-27-084858.png 855w, https://rotasturisticas.jundiai.sp.gov.br/culturanegra/wp-content/uploads/sites/11/2025/03/Captura-de-tela-2025-03-27-084858-768x643.png 768w" sizes="auto, (max-width: 855px) 100vw, 855px" /></figure>



<figure class="wp-block-image size-full"><img loading="lazy" decoding="async" width="894" height="894" data-id="222" src="https://rotasturisticas.jundiai.sp.gov.br/afro/wp-content/uploads/sites/11/2025/03/Captura-de-tela-2025-03-27-084752.png" alt="" class="wp-image-222" srcset="https://rotasturisticas.jundiai.sp.gov.br/culturanegra/wp-content/uploads/sites/11/2025/03/Captura-de-tela-2025-03-27-084752.png 894w, https://rotasturisticas.jundiai.sp.gov.br/culturanegra/wp-content/uploads/sites/11/2025/03/Captura-de-tela-2025-03-27-084752-100x100.png 100w, https://rotasturisticas.jundiai.sp.gov.br/culturanegra/wp-content/uploads/sites/11/2025/03/Captura-de-tela-2025-03-27-084752-768x768.png 768w" sizes="auto, (max-width: 894px) 100vw, 894px" /></figure>



<figure class="wp-block-image size-large"><img loading="lazy" decoding="async" width="830" height="891" data-id="221" src="https://rotasturisticas.jundiai.sp.gov.br/afro/wp-content/uploads/sites/11/2025/03/Captura-de-tela-2025-03-27-084811.png" alt="" class="wp-image-221" srcset="https://rotasturisticas.jundiai.sp.gov.br/culturanegra/wp-content/uploads/sites/11/2025/03/Captura-de-tela-2025-03-27-084811.png 830w, https://rotasturisticas.jundiai.sp.gov.br/culturanegra/wp-content/uploads/sites/11/2025/03/Captura-de-tela-2025-03-27-084811-768x824.png 768w" sizes="auto, (max-width: 830px) 100vw, 830px" /></figure>
</figure>



<p></p>

<p>Eu sou a Kelly, tenho 39 anos e sou a dona da marca de Velas Aromáticas e Decorativas Luzes de Aruanda.Iniciei as atividades em 2023 através de um sonho de infância.Utilizo em minhas produções produtos naturais tais como: Cera de Coco, Cristais, Ervas, Sementes, Raízes e produtos recicláveis.Atuo sozinha e meu ateliê em casa.Faço meus [&hellip;]</p>
