{"id":18,"date":"2025-03-25T08:50:43","date_gmt":"2025-03-25T11:50:43","guid":{"rendered":"https:\/\/rotasturisticas.jundiai.sp.gov.br\/afro\/?page_id=18"},"modified":"2025-03-25T15:03:48","modified_gmt":"2025-03-25T18:03:48","slug":"sobre","status":"publish","type":"page","link":"https:\/\/rotasturisticas.jundiai.sp.gov.br\/culturanegra\/sobre\/","title":{"rendered":"Sobre"},"content":{"rendered":"\n<p>No dia&nbsp; 22 de novembro de 2024 \u2013 A cidade de Jundia\u00ed deu mais um passo importante no reconhecimento e valoriza\u00e7\u00e3o da cultura negra e afro-brasileira, com o lan\u00e7amento da marca oficial Rota Tur\u00edstica Afro. Criada pela Lei n\u00b0 10.255, de 17 de Outubro de 2024, a Rota tem como objetivo prec\u00edpuo, preservar, enaltecer e divulgar a hist\u00f3ria e o legado da comunidade negra na cidade, al\u00e9m de promover o desenvolvimento econ\u00f4mico e social por meio do Afroturismo.<\/p>\n\n\n\n<p>O Afroturismo \u00e9 um segmento tur\u00edstico que valoriza a hist\u00f3ria, a cultura e o patrim\u00f4nio dos afrodescendentes, proporcionando experi\u00eancias aut\u00eanticas e significativas para os visitantes. Em Jundia\u00ed, a Rota Tur\u00edstica Afro permitir\u00e1 explorar comercialmente, um circuito rico em mem\u00f3ria e tradi\u00e7\u00e3o e que, destaca a presen\u00e7a marcante da comunidade negra na forma\u00e7\u00e3o da cidade. H\u00e1 muito mais em Jundia\u00ed do que somente imigrantes europeus.<\/p>\n\n\n\n<p>A iniciativa oferece um roteiro com pontos de interesse hist\u00f3rico e cultural, tais como, mas n\u00e3o se limitando ao Espa\u00e7o Expressa, o Clube 28 de Setembro, a Pra\u00e7a Rui Barbosa, Pra\u00e7a da Bandeira, o Museu Hist\u00f3rico e Cultural de Jundia\u00ed e a Igreja Nossa Senhora do Ros\u00e1rio e S\u00e3o Benedito. A Rota ser\u00e1 dinamizada por guias de turismo, artes\u00e3os e artistas, com protagonismo de pessoas pretas e pardas, que apresentar\u00e3o aos visitantes as narrativas, viv\u00eancias e contribui\u00e7\u00f5es da comunidade afro-jundiaiense.<\/p>\n\n\n\n<p>Para garantir a qualidade e a autenticidade da experi\u00eancia, a Prefeitura de Jundia\u00ed, por meio da Unidade de Gest\u00e3o de Cultura (UGC) e da Unidade de Gest\u00e3o de Agroneg\u00f3cio, Abastecimento e Turismo (UGAAT), promover\u00e1 a\u00e7\u00f5es de forma\u00e7\u00e3o para guias, agentes de viagens, comerciantes, artistas e afro empreendedores, bem como, estabelecer\u00e1 crit\u00e9rios norteadores para os interessados.<\/p>\n\n\n\n<p>Os participantes que conclu\u00edrem o processo, receber\u00e3o um selo de qualifica\u00e7\u00e3o, que os autorizar\u00e1 a explorar comercialmente a marca da Rota Tur\u00edstica Afro. O lan\u00e7amento da identidade visual, representa um marco para o turismo de Jundia\u00ed, consolidando a cidade como um destino que valoriza a diversidade \u00e9tnica e cultural<\/p>\n\n\n\n<p>A Rota Tur\u00edstica Afro de Jundia\u00ed, convida moradores e visitantes a descobrirem a riqueza da heran\u00e7a africada e diversidade da cultura afro-brasileira, al\u00e9m da contribui\u00e7\u00e3o fundamental da comunidade negra, para a hist\u00f3ria e o desenvolvimento da cidade.<\/p>\n\n\n\n<p>Fomentar o empreendedorismo negro que produza artigos ligados \u00e0 cultura africana e afro-brasileira\u2026<\/p>\n\n\n\n<p class=\"has-black-color has-text-color has-background has-link-color wp-elements-6ab20db6aad193a386503083f98741a3\" style=\"background-color:#fb8d3f\"><strong>OBJETIVOS<\/strong><\/p>\n\n\n\n<p>Proteger e promover o patrim\u00f4nio hist\u00f3rico cultural e art\u00edstico, material e imaterial;<\/p>\n\n\n\n<p>Promover o reconhecimento e a valoriza\u00e7\u00e3o da diversidade cultural, \u00e9tnica e regional brasileira, o respeito aos direitos humanos, \u00e0 mem\u00f3ria e \u00e0s tradi\u00e7\u00f5es;<\/p>\n\n\n\n<p>Dar protagonismo \u00e0 pessoa negra;<\/p>\n\n\n\n<p>Estimular o meio art\u00edstico com foco na produ\u00e7\u00e3o da cultura negra;<\/p>\n\n\n\n<p>Oportunizar mais um espa\u00e7o para a produ\u00e7\u00e3o art\u00edstica local por meio de interven\u00e7\u00f5es culturais do teatro, m\u00fasica, dan\u00e7a, entre outros;<\/p>\n\n\n\n<p><\/p>\n\n\n\n<p><\/p>\n\n\n\n<p>Texto: Val\u00e9ria de Paula Ign\u00e1cio, Departamento de Cultura e Denilson Ricardo Andr\u00e9,<strong> <\/strong>Departamento de Patrim\u00f4nio. Unidade de Gest\u00e3o de Cultura &#8211; Fevereiro\/2023 &#8211; revis\u00e3o Mar\u00e7o\/2025.<\/p>\n\n\n\n<p><\/p>\n","protected":false},"excerpt":{"rendered":"<p>No dia&nbsp; 22 de novembro de 2024 \u2013 A cidade de Jundia\u00ed deu mais um passo importante no reconhecimento e valoriza\u00e7\u00e3o da cultura negra e afro-brasileira, com o lan\u00e7amento da marca oficial Rota Tur\u00edstica Afro. Criada pela Lei n\u00b0 10.255, de 17 de Outubro de 2024, a Rota tem como objetivo prec\u00edpuo, preservar, enaltecer e [&hellip;]<\/p>\n","protected":false},"author":16,"featured_media":0,"parent":0,"menu_order":0,"comment_status":"closed","ping_status":"closed","template":"","meta":{"footnotes":"[]"},"class_list":["post-18","page","type-page","status-publish","hentry"],"_links":{"self":[{"href":"https:\/\/rotasturisticas.jundiai.sp.gov.br\/culturanegra\/wp-json\/wp\/v2\/pages\/18","targetHints":{"allow":["GET"]}}],"collection":[{"href":"https:\/\/rotasturisticas.jundiai.sp.gov.br\/culturanegra\/wp-json\/wp\/v2\/pages"}],"about":[{"href":"https:\/\/rotasturisticas.jundiai.sp.gov.br\/culturanegra\/wp-json\/wp\/v2\/types\/page"}],"author":[{"embeddable":true,"href":"https:\/\/rotasturisticas.jundiai.sp.gov.br\/culturanegra\/wp-json\/wp\/v2\/users\/16"}],"replies":[{"embeddable":true,"href":"https:\/\/rotasturisticas.jundiai.sp.gov.br\/culturanegra\/wp-json\/wp\/v2\/comments?post=18"}],"version-history":[{"count":9,"href":"https:\/\/rotasturisticas.jundiai.sp.gov.br\/culturanegra\/wp-json\/wp\/v2\/pages\/18\/revisions"}],"predecessor-version":[{"id":145,"href":"https:\/\/rotasturisticas.jundiai.sp.gov.br\/culturanegra\/wp-json\/wp\/v2\/pages\/18\/revisions\/145"}],"wp:attachment":[{"href":"https:\/\/rotasturisticas.jundiai.sp.gov.br\/culturanegra\/wp-json\/wp\/v2\/media?parent=18"}],"curies":[{"name":"wp","href":"https:\/\/api.w.org\/{rel}","templated":true}]}}

<p>No dia&nbsp; 22 de novembro de 2024 – A cidade de Jundiaí deu mais um passo importante no reconhecimento e valorização da cultura negra e afro-brasileira, com o lançamento da marca oficial Rota Turística Afro. Criada pela Lei n° 10.255, de 17 de Outubro de 2024, a Rota tem como objetivo precípuo, preservar, enaltecer e divulgar a história e o legado da comunidade negra na cidade, além de promover o desenvolvimento econômico e social por meio do Afroturismo.</p>



<p>O Afroturismo é um segmento turístico que valoriza a história, a cultura e o patrimônio dos afrodescendentes, proporcionando experiências autênticas e significativas para os visitantes. Em Jundiaí, a Rota Turística Afro permitirá explorar comercialmente, um circuito rico em memória e tradição e que, destaca a presença marcante da comunidade negra na formação da cidade. Há muito mais em Jundiaí do que somente imigrantes europeus.</p>



<p>A iniciativa oferece um roteiro com pontos de interesse histórico e cultural, tais como, mas não se limitando ao Espaço Expressa, o Clube 28 de Setembro, a Praça Rui Barbosa, Praça da Bandeira, o Museu Histórico e Cultural de Jundiaí e a Igreja Nossa Senhora do Rosário e São Benedito. A Rota será dinamizada por guias de turismo, artesãos e artistas, com protagonismo de pessoas pretas e pardas, que apresentarão aos visitantes as narrativas, vivências e contribuições da comunidade afro-jundiaiense.</p>



<p>Para garantir a qualidade e a autenticidade da experiência, a Prefeitura de Jundiaí, por meio da Unidade de Gestão de Cultura (UGC) e da Unidade de Gestão de Agronegócio, Abastecimento e Turismo (UGAAT), promoverá ações de formação para guias, agentes de viagens, comerciantes, artistas e afro empreendedores, bem como, estabelecerá critérios norteadores para os interessados.</p>



<p>Os participantes que concluírem o processo, receberão um selo de qualificação, que os autorizará a explorar comercialmente a marca da Rota Turística Afro. O lançamento da identidade visual, representa um marco para o turismo de Jundiaí, consolidando a cidade como um destino que valoriza a diversidade étnica e cultural</p>



<p>A Rota Turística Afro de Jundiaí, convida moradores e visitantes a descobrirem a riqueza da herança africada e diversidade da cultura afro-brasileira, além da contribuição fundamental da comunidade negra, para a história e o desenvolvimento da cidade.</p>



<p>Fomentar o empreendedorismo negro que produza artigos ligados à cultura africana e afro-brasileira…</p>



<p class="has-black-color has-text-color has-background has-link-color wp-elements-6ab20db6aad193a386503083f98741a3" style="background-color:#fb8d3f"><strong>OBJETIVOS</strong></p>



<p>Proteger e promover o patrimônio histórico cultural e artístico, material e imaterial;</p>



<p>Promover o reconhecimento e a valorização da diversidade cultural, étnica e regional brasileira, o respeito aos direitos humanos, à memória e às tradições;</p>



<p>Dar protagonismo à pessoa negra;</p>



<p>Estimular o meio artístico com foco na produção da cultura negra;</p>



<p>Oportunizar mais um espaço para a produção artística local por meio de intervenções culturais do teatro, música, dança, entre outros;</p>



<p></p>



<p></p>



<p>Texto: Valéria de Paula Ignácio, Departamento de Cultura e Denilson Ricardo André,<strong> </strong>Departamento de Patrimônio. Unidade de Gestão de Cultura &#8211; Fevereiro/2023 &#8211; revisão Março/2025.</p>



<p></p>

<p>No dia&nbsp; 22 de novembro de 2024 – A cidade de Jundiaí deu mais um passo importante no reconhecimento e valorização da cultura negra e afro-brasileira, com o lançamento da marca oficial Rota Turística Afro. Criada pela Lei n° 10.255, de 17 de Outubro de 2024, a Rota tem como objetivo precípuo, preservar, enaltecer e [&hellip;]</p>
