{"id":124,"date":"2025-03-25T14:37:48","date_gmt":"2025-03-25T17:37:48","guid":{"rendered":"https:\/\/rotasturisticas.jundiai.sp.gov.br\/afro\/?page_id=124"},"modified":"2025-03-25T14:47:14","modified_gmt":"2025-03-25T17:47:14","slug":"praca-rui-barbosa","status":"publish","type":"page","link":"https:\/\/rotasturisticas.jundiai.sp.gov.br\/culturanegra\/o-que-visitar\/praca-rui-barbosa\/","title":{"rendered":"Pra\u00e7a Rui Barbosa"},"content":{"rendered":"\n<p>As cidades passam constantemente por processos de reconstru\u00e7\u00e3o e seus espa\u00e7os v\u00e3o tendo novos olhares e significados o que em muitas vezes essa a\u00e7\u00e3o torna-se problem\u00e1tica quando os tra\u00e7os de outras \u00e9pocas s\u00e3o modificados e com eles inicia-se o processo de apagamento de mem\u00f3rias.&nbsp;&nbsp; A Pra\u00e7a Rui Barbosa, localizada no centro hist\u00f3rico de Jundia\u00ed, guarda lembran\u00e7as de espa\u00e7os que remetem \u00e0 presen\u00e7a e \u00e0 mem\u00f3ria da popula\u00e7\u00e3o negra na cidade. No local existiu a Igreja Nossa Senhora do Ros\u00e1rio entre as d\u00e9cadas finais do s\u00e9culo XVIII e o ano de 1922, ocasi\u00e3o em que ocorreu a sua demoli\u00e7\u00e3o para estender a rua do Ros\u00e1rio, no ponto em que se inicia a rua Major Sucupira, com a justificativa de embelezar a localidade, tradicionalmente, entre os cat\u00f3licos \u00e9 dado que Nossa Senhora do Ros\u00e1rio \u00e9 padroeira das pessoas humildes e as igrejas que levam o seu nome, t\u00eam forte liga\u00e7\u00e3o com a comunidade negra, sendo respons\u00e1veis pela forma\u00e7\u00e3o de Irmandades dos Homens Pretos em v\u00e1rias cidades do Brasil, para abrigar a f\u00e9 das pessoas negras, que n\u00e3o podiam frequentar as mesmas igrejas que os senhores.<br>Os embates entre os membros da Irmandade de Nossa Sra. do Ros\u00e1rio e o poder p\u00fablico local durante mais de um ano podem ser atestados nas atas das reuni\u00f5es da Irmandade. O descontentamento e a tristeza por perderem um espa\u00e7o t\u00e3o simb\u00f3lico da religiosidade e da resist\u00eancia est\u00e3o presentes no discurso registrado no documento\u201c a nossa velha e tradicional igreja\u201d.&nbsp;<\/p>\n\n\n\n<p>&nbsp;Nesta perspectiva, h\u00e1 fortes evid\u00eancias de que a comunidade negra que viveu em Jundia\u00ed na transi\u00e7\u00e3o do per\u00edodo colonial e nas d\u00e9cadas iniciais da Rep\u00fablica teve liga\u00e7\u00f5es culturais com aquele espa\u00e7o religioso. Em 1938, foi inaugurada a nova Igreja do Ros\u00e1rio e S\u00e3o Benedito na Pra\u00e7a das Bandeiras, vizinha ao Clube 28 de Setembro.<br>Os embates entre os Membros<\/p>\n\n\n\n<p><strong>Saiba mais em:<\/strong> <a href=\"https:\/\/cultura.jundiai.sp.gov.br\/espacos-culturais\/arquivo-historico-professora-maria-angela-borges-salvadori\/\">Arquivo Hist\u00f3rico Professora Maria \u00c2ngela Borges Salvadori<\/a><\/p>\n\n\n\n<p>Texto: Val\u00e9ria de Paula Ign\u00e1cio, Departamento de Cultura e Denilson Ricardo Andr\u00e9,<strong>&nbsp;<\/strong>Departamento de Patrim\u00f4nio. Unidade de Gest\u00e3o de Cultura \u2013 Fevereiro\/2023 \u2013 revis\u00e3o Mar\u00e7o\/2025.<\/p>\n\n\n\n<figure class=\"wp-block-gallery has-nested-images columns-default is-cropped wp-block-gallery-1 is-layout-flex wp-block-gallery-is-layout-flex\">\n<figure class=\"wp-block-image size-full\"><img loading=\"lazy\" decoding=\"async\" width=\"1280\" height=\"853\" data-id=\"133\" src=\"https:\/\/rotasturisticas.jundiai.sp.gov.br\/afro\/wp-content\/uploads\/sites\/11\/2025\/03\/praca_ruy_barbosa-4.jpg\" alt=\"\" class=\"wp-image-133\" srcset=\"https:\/\/rotasturisticas.jundiai.sp.gov.br\/culturanegra\/wp-content\/uploads\/sites\/11\/2025\/03\/praca_ruy_barbosa-4.jpg 1280w, https:\/\/rotasturisticas.jundiai.sp.gov.br\/culturanegra\/wp-content\/uploads\/sites\/11\/2025\/03\/praca_ruy_barbosa-4-768x512.jpg 768w\" sizes=\"auto, (max-width: 1280px) 100vw, 1280px\" \/><\/figure>\n\n\n\n<figure class=\"wp-block-image size-full\"><img loading=\"lazy\" decoding=\"async\" width=\"1280\" height=\"853\" data-id=\"138\" src=\"https:\/\/rotasturisticas.jundiai.sp.gov.br\/afro\/wp-content\/uploads\/sites\/11\/2025\/03\/praca_ruy_barbosa-5.jpg\" alt=\"\" class=\"wp-image-138\" srcset=\"https:\/\/rotasturisticas.jundiai.sp.gov.br\/culturanegra\/wp-content\/uploads\/sites\/11\/2025\/03\/praca_ruy_barbosa-5.jpg 1280w, https:\/\/rotasturisticas.jundiai.sp.gov.br\/culturanegra\/wp-content\/uploads\/sites\/11\/2025\/03\/praca_ruy_barbosa-5-768x512.jpg 768w\" sizes=\"auto, (max-width: 1280px) 100vw, 1280px\" \/><\/figure>\n\n\n\n<figure class=\"wp-block-image size-full\"><img loading=\"lazy\" decoding=\"async\" width=\"1280\" height=\"853\" data-id=\"137\" src=\"https:\/\/rotasturisticas.jundiai.sp.gov.br\/afro\/wp-content\/uploads\/sites\/11\/2025\/03\/praca_ruy_barbosa-6.jpg\" alt=\"\" class=\"wp-image-137\" srcset=\"https:\/\/rotasturisticas.jundiai.sp.gov.br\/culturanegra\/wp-content\/uploads\/sites\/11\/2025\/03\/praca_ruy_barbosa-6.jpg 1280w, https:\/\/rotasturisticas.jundiai.sp.gov.br\/culturanegra\/wp-content\/uploads\/sites\/11\/2025\/03\/praca_ruy_barbosa-6-768x512.jpg 768w\" sizes=\"auto, (max-width: 1280px) 100vw, 1280px\" \/><\/figure>\n\n\n\n<figure class=\"wp-block-image size-full\"><img loading=\"lazy\" decoding=\"async\" width=\"1280\" height=\"853\" data-id=\"136\" src=\"https:\/\/rotasturisticas.jundiai.sp.gov.br\/afro\/wp-content\/uploads\/sites\/11\/2025\/03\/praca_ruy_barbosa-1.jpg\" alt=\"\" class=\"wp-image-136\" srcset=\"https:\/\/rotasturisticas.jundiai.sp.gov.br\/culturanegra\/wp-content\/uploads\/sites\/11\/2025\/03\/praca_ruy_barbosa-1.jpg 1280w, https:\/\/rotasturisticas.jundiai.sp.gov.br\/culturanegra\/wp-content\/uploads\/sites\/11\/2025\/03\/praca_ruy_barbosa-1-768x512.jpg 768w\" sizes=\"auto, (max-width: 1280px) 100vw, 1280px\" \/><\/figure>\n\n\n\n<figure class=\"wp-block-image size-full\"><img loading=\"lazy\" decoding=\"async\" width=\"1280\" height=\"853\" data-id=\"135\" src=\"https:\/\/rotasturisticas.jundiai.sp.gov.br\/afro\/wp-content\/uploads\/sites\/11\/2025\/03\/praca_ruy_barbosa-2.jpg\" alt=\"\" class=\"wp-image-135\" srcset=\"https:\/\/rotasturisticas.jundiai.sp.gov.br\/culturanegra\/wp-content\/uploads\/sites\/11\/2025\/03\/praca_ruy_barbosa-2.jpg 1280w, https:\/\/rotasturisticas.jundiai.sp.gov.br\/culturanegra\/wp-content\/uploads\/sites\/11\/2025\/03\/praca_ruy_barbosa-2-768x512.jpg 768w\" sizes=\"auto, (max-width: 1280px) 100vw, 1280px\" \/><\/figure>\n\n\n\n<figure class=\"wp-block-image size-full\"><img loading=\"lazy\" decoding=\"async\" width=\"1280\" height=\"853\" data-id=\"134\" src=\"https:\/\/rotasturisticas.jundiai.sp.gov.br\/afro\/wp-content\/uploads\/sites\/11\/2025\/03\/praca_ruy_barbosa-3.jpg\" alt=\"\" class=\"wp-image-134\" srcset=\"https:\/\/rotasturisticas.jundiai.sp.gov.br\/culturanegra\/wp-content\/uploads\/sites\/11\/2025\/03\/praca_ruy_barbosa-3.jpg 1280w, https:\/\/rotasturisticas.jundiai.sp.gov.br\/culturanegra\/wp-content\/uploads\/sites\/11\/2025\/03\/praca_ruy_barbosa-3-768x512.jpg 768w\" sizes=\"auto, (max-width: 1280px) 100vw, 1280px\" \/><\/figure>\n<\/figure>\n","protected":false},"excerpt":{"rendered":"<p>As cidades passam constantemente por processos de reconstru\u00e7\u00e3o e seus espa\u00e7os v\u00e3o tendo novos olhares e significados o que em muitas vezes essa a\u00e7\u00e3o torna-se problem\u00e1tica quando os tra\u00e7os de outras \u00e9pocas s\u00e3o modificados e com eles inicia-se o processo de apagamento de mem\u00f3rias.&nbsp;&nbsp; A Pra\u00e7a Rui Barbosa, localizada no centro hist\u00f3rico de Jundia\u00ed, guarda [&hellip;]<\/p>\n","protected":false},"author":16,"featured_media":0,"parent":10,"menu_order":0,"comment_status":"closed","ping_status":"closed","template":"page-local.php","meta":{"footnotes":""},"class_list":["post-124","page","type-page","status-publish","hentry"],"_links":{"self":[{"href":"https:\/\/rotasturisticas.jundiai.sp.gov.br\/culturanegra\/wp-json\/wp\/v2\/pages\/124","targetHints":{"allow":["GET"]}}],"collection":[{"href":"https:\/\/rotasturisticas.jundiai.sp.gov.br\/culturanegra\/wp-json\/wp\/v2\/pages"}],"about":[{"href":"https:\/\/rotasturisticas.jundiai.sp.gov.br\/culturanegra\/wp-json\/wp\/v2\/types\/page"}],"author":[{"embeddable":true,"href":"https:\/\/rotasturisticas.jundiai.sp.gov.br\/culturanegra\/wp-json\/wp\/v2\/users\/16"}],"replies":[{"embeddable":true,"href":"https:\/\/rotasturisticas.jundiai.sp.gov.br\/culturanegra\/wp-json\/wp\/v2\/comments?post=124"}],"version-history":[{"count":3,"href":"https:\/\/rotasturisticas.jundiai.sp.gov.br\/culturanegra\/wp-json\/wp\/v2\/pages\/124\/revisions"}],"predecessor-version":[{"id":139,"href":"https:\/\/rotasturisticas.jundiai.sp.gov.br\/culturanegra\/wp-json\/wp\/v2\/pages\/124\/revisions\/139"}],"up":[{"embeddable":true,"href":"https:\/\/rotasturisticas.jundiai.sp.gov.br\/culturanegra\/wp-json\/wp\/v2\/pages\/10"}],"wp:attachment":[{"href":"https:\/\/rotasturisticas.jundiai.sp.gov.br\/culturanegra\/wp-json\/wp\/v2\/media?parent=124"}],"curies":[{"name":"wp","href":"https:\/\/api.w.org\/{rel}","templated":true}]}}

Praça Rui Barbosa

<p>As cidades passam constantemente por processos de reconstrução e seus espaços vão tendo novos olhares e significados o que em muitas vezes essa ação torna-se problemática quando os traços de outras épocas são modificados e com eles inicia-se o processo de apagamento de memórias.&nbsp;&nbsp; A Praça Rui Barbosa, localizada no centro histórico de Jundiaí, guarda lembranças de espaços que remetem à presença e à memória da população negra na cidade. No local existiu a Igreja Nossa Senhora do Rosário entre as décadas finais do século XVIII e o ano de 1922, ocasião em que ocorreu a sua demolição para estender a rua do Rosário, no ponto em que se inicia a rua Major Sucupira, com a justificativa de embelezar a localidade, tradicionalmente, entre os católicos é dado que Nossa Senhora do Rosário é padroeira das pessoas humildes e as igrejas que levam o seu nome, têm forte ligação com a comunidade negra, sendo responsáveis pela formação de Irmandades dos Homens Pretos em várias cidades do Brasil, para abrigar a fé das pessoas negras, que não podiam frequentar as mesmas igrejas que os senhores.<br>Os embates entre os membros da Irmandade de Nossa Sra. do Rosário e o poder público local durante mais de um ano podem ser atestados nas atas das reuniões da Irmandade. O descontentamento e a tristeza por perderem um espaço tão simbólico da religiosidade e da resistência estão presentes no discurso registrado no documento“ a nossa velha e tradicional igreja”.&nbsp;</p>



<p>&nbsp;Nesta perspectiva, há fortes evidências de que a comunidade negra que viveu em Jundiaí na transição do período colonial e nas décadas iniciais da República teve ligações culturais com aquele espaço religioso. Em 1938, foi inaugurada a nova Igreja do Rosário e São Benedito na Praça das Bandeiras, vizinha ao Clube 28 de Setembro.<br>Os embates entre os Membros</p>



<p><strong>Saiba mais em:</strong> <a href="https://cultura.jundiai.sp.gov.br/espacos-culturais/arquivo-historico-professora-maria-angela-borges-salvadori/">Arquivo Histórico Professora Maria Ângela Borges Salvadori</a></p>



<p>Texto: Valéria de Paula Ignácio, Departamento de Cultura e Denilson Ricardo André,<strong>&nbsp;</strong>Departamento de Patrimônio. Unidade de Gestão de Cultura – Fevereiro/2023 – revisão Março/2025.</p>



<figure class="wp-block-gallery has-nested-images columns-default is-cropped wp-block-gallery-1 is-layout-flex wp-block-gallery-is-layout-flex">
<figure class="wp-block-image size-full"><img loading="lazy" decoding="async" width="1280" height="853" data-id="133" src="https://rotasturisticas.jundiai.sp.gov.br/afro/wp-content/uploads/sites/11/2025/03/praca_ruy_barbosa-4.jpg" alt="" class="wp-image-133" srcset="https://rotasturisticas.jundiai.sp.gov.br/culturanegra/wp-content/uploads/sites/11/2025/03/praca_ruy_barbosa-4.jpg 1280w, https://rotasturisticas.jundiai.sp.gov.br/culturanegra/wp-content/uploads/sites/11/2025/03/praca_ruy_barbosa-4-768x512.jpg 768w" sizes="auto, (max-width: 1280px) 100vw, 1280px" /></figure>



<figure class="wp-block-image size-full"><img loading="lazy" decoding="async" width="1280" height="853" data-id="138" src="https://rotasturisticas.jundiai.sp.gov.br/afro/wp-content/uploads/sites/11/2025/03/praca_ruy_barbosa-5.jpg" alt="" class="wp-image-138" srcset="https://rotasturisticas.jundiai.sp.gov.br/culturanegra/wp-content/uploads/sites/11/2025/03/praca_ruy_barbosa-5.jpg 1280w, https://rotasturisticas.jundiai.sp.gov.br/culturanegra/wp-content/uploads/sites/11/2025/03/praca_ruy_barbosa-5-768x512.jpg 768w" sizes="auto, (max-width: 1280px) 100vw, 1280px" /></figure>



<figure class="wp-block-image size-full"><img loading="lazy" decoding="async" width="1280" height="853" data-id="137" src="https://rotasturisticas.jundiai.sp.gov.br/afro/wp-content/uploads/sites/11/2025/03/praca_ruy_barbosa-6.jpg" alt="" class="wp-image-137" srcset="https://rotasturisticas.jundiai.sp.gov.br/culturanegra/wp-content/uploads/sites/11/2025/03/praca_ruy_barbosa-6.jpg 1280w, https://rotasturisticas.jundiai.sp.gov.br/culturanegra/wp-content/uploads/sites/11/2025/03/praca_ruy_barbosa-6-768x512.jpg 768w" sizes="auto, (max-width: 1280px) 100vw, 1280px" /></figure>



<figure class="wp-block-image size-full"><img loading="lazy" decoding="async" width="1280" height="853" data-id="136" src="https://rotasturisticas.jundiai.sp.gov.br/afro/wp-content/uploads/sites/11/2025/03/praca_ruy_barbosa-1.jpg" alt="" class="wp-image-136" srcset="https://rotasturisticas.jundiai.sp.gov.br/culturanegra/wp-content/uploads/sites/11/2025/03/praca_ruy_barbosa-1.jpg 1280w, https://rotasturisticas.jundiai.sp.gov.br/culturanegra/wp-content/uploads/sites/11/2025/03/praca_ruy_barbosa-1-768x512.jpg 768w" sizes="auto, (max-width: 1280px) 100vw, 1280px" /></figure>



<figure class="wp-block-image size-full"><img loading="lazy" decoding="async" width="1280" height="853" data-id="135" src="https://rotasturisticas.jundiai.sp.gov.br/afro/wp-content/uploads/sites/11/2025/03/praca_ruy_barbosa-2.jpg" alt="" class="wp-image-135" srcset="https://rotasturisticas.jundiai.sp.gov.br/culturanegra/wp-content/uploads/sites/11/2025/03/praca_ruy_barbosa-2.jpg 1280w, https://rotasturisticas.jundiai.sp.gov.br/culturanegra/wp-content/uploads/sites/11/2025/03/praca_ruy_barbosa-2-768x512.jpg 768w" sizes="auto, (max-width: 1280px) 100vw, 1280px" /></figure>



<figure class="wp-block-image size-full"><img loading="lazy" decoding="async" width="1280" height="853" data-id="134" src="https://rotasturisticas.jundiai.sp.gov.br/afro/wp-content/uploads/sites/11/2025/03/praca_ruy_barbosa-3.jpg" alt="" class="wp-image-134" srcset="https://rotasturisticas.jundiai.sp.gov.br/culturanegra/wp-content/uploads/sites/11/2025/03/praca_ruy_barbosa-3.jpg 1280w, https://rotasturisticas.jundiai.sp.gov.br/culturanegra/wp-content/uploads/sites/11/2025/03/praca_ruy_barbosa-3-768x512.jpg 768w" sizes="auto, (max-width: 1280px) 100vw, 1280px" /></figure>
</figure>

<p>As cidades passam constantemente por processos de reconstrução e seus espaços vão tendo novos olhares e significados o que em muitas vezes essa ação torna-se problemática quando os traços de outras épocas são modificados e com eles inicia-se o processo de apagamento de memórias.&nbsp;&nbsp; A Praça Rui Barbosa, localizada no centro histórico de Jundiaí, guarda [&hellip;]</p>
