{"id":122,"date":"2025-03-25T14:35:09","date_gmt":"2025-03-25T17:35:09","guid":{"rendered":"https:\/\/rotasturisticas.jundiai.sp.gov.br\/afro\/?page_id=122"},"modified":"2025-03-26T10:45:28","modified_gmt":"2025-03-26T13:45:28","slug":"espaco-africa-jardim-botanico","status":"publish","type":"page","link":"https:\/\/rotasturisticas.jundiai.sp.gov.br\/culturanegra\/o-que-visitar\/espaco-africa-jardim-botanico\/","title":{"rendered":"Espa\u00e7o \u00c1frica &#8211; Jardim Bot\u00e2nico"},"content":{"rendered":"\n<p>Inaugurado no dia 29 de junho de 2012, o Espa\u00e7o \u00c1frica, localizado dentro do Jardim Bot\u00e2nico de Jundia\u00ed, foi concebido para homenagear a comunidade negra jundiaiense e sua contribui\u00e7\u00e3o na constru\u00e7\u00e3o da cidade. O nome objetiva retratar a diversidade de etnias e culturas do continente africano. As instala\u00e7\u00f5es contam com uma vasta vegeta\u00e7\u00e3o que remete ao continente Africano, como, por exemplo, o flamboyant, o dendezeiro um tipo de palmeira, entre outras, conta ainda com um espa\u00e7o dedicado \u00e0 Ervas Arom\u00e1ticas e Plantas Medicinais e mant\u00e9m em destaque dois Baob\u00e1s, uma \u00e1rvore s\u00edmbolo da cultura africana, que representa a conex\u00e3o entre o mundo espiritual e o material, entre os vivos e os mortos e \u00e9 tamb\u00e9m um s\u00edmbolo de resist\u00eancia, ancestralidade e sabedoria milenar. Atividades desenvolvidas no local materializam a mem\u00f3ria e a resist\u00eancia da comunidade negra na cidade, contribuindo para a preserva\u00e7\u00e3o desse patrim\u00f4nio cultura<\/p>\n\n\n\n<p>&nbsp;O Espa\u00e7o \u00c1frica foi concebido por movimentos sociais, ONGs e religi\u00f5es de matriz africana, representados por lideran\u00e7as como o Sr. Jorge Reis Tarc\u00edsio, do Grupo ZAMA, o Babalorix\u00e1 Pai Walter de Od\u00e9 Nit\u00e1 e os Ogans Nelson Jamaica, Eginaldo Hon\u00f3rio e Ubirajara Luis Pereira de Castro, representantes do Clube 28 de Setembro de Jundia\u00ed e pessoas da Sociedade Civil.<\/p>\n\n\n\n<p>Texto: Val\u00e9ria de Paula Ign\u00e1cio, Departamento de Cultura e Denilson Ricardo Andr\u00e9,<strong>\u00a0<\/strong>Departamento de Patrim\u00f4nio. Unidade de Gest\u00e3o de Cultura \u2013 Fevereiro\/2023 \u2013 revis\u00e3o Mar\u00e7o\/2025.<\/p>\n\n\n\n<figure class=\"wp-block-gallery has-nested-images columns-default is-cropped wp-block-gallery-1 is-layout-flex wp-block-gallery-is-layout-flex\">\n<figure class=\"wp-block-image size-large\"><img loading=\"lazy\" decoding=\"async\" width=\"720\" height=\"950\" data-id=\"127\" src=\"https:\/\/rotasturisticas.jundiai.sp.gov.br\/afro\/wp-content\/uploads\/sites\/11\/2025\/03\/africa-720x950.jpg\" alt=\"\" class=\"wp-image-127\" srcset=\"https:\/\/rotasturisticas.jundiai.sp.gov.br\/culturanegra\/wp-content\/uploads\/sites\/11\/2025\/03\/africa-720x950.jpg 720w, https:\/\/rotasturisticas.jundiai.sp.gov.br\/culturanegra\/wp-content\/uploads\/sites\/11\/2025\/03\/africa-768x1013.jpg 768w, https:\/\/rotasturisticas.jundiai.sp.gov.br\/culturanegra\/wp-content\/uploads\/sites\/11\/2025\/03\/africa-1165x1536.jpg 1165w, https:\/\/rotasturisticas.jundiai.sp.gov.br\/culturanegra\/wp-content\/uploads\/sites\/11\/2025\/03\/africa.jpg 1280w\" sizes=\"auto, (max-width: 720px) 100vw, 720px\" \/><\/figure>\n\n\n\n<figure class=\"wp-block-image size-large\"><img loading=\"lazy\" decoding=\"async\" width=\"1280\" height=\"720\" data-id=\"128\" src=\"https:\/\/rotasturisticas.jundiai.sp.gov.br\/afro\/wp-content\/uploads\/sites\/11\/2025\/03\/espaco-africa.jpg\" alt=\"\" class=\"wp-image-128\" srcset=\"https:\/\/rotasturisticas.jundiai.sp.gov.br\/culturanegra\/wp-content\/uploads\/sites\/11\/2025\/03\/espaco-africa.jpg 1280w, https:\/\/rotasturisticas.jundiai.sp.gov.br\/culturanegra\/wp-content\/uploads\/sites\/11\/2025\/03\/espaco-africa-768x432.jpg 768w\" sizes=\"auto, (max-width: 1280px) 100vw, 1280px\" \/><\/figure>\n\n\n\n<figure class=\"wp-block-image size-large\"><img loading=\"lazy\" decoding=\"async\" width=\"1280\" height=\"853\" data-id=\"129\" src=\"https:\/\/rotasturisticas.jundiai.sp.gov.br\/afro\/wp-content\/uploads\/sites\/11\/2025\/03\/Africa-1-Rota-Afro-alunos-Escola-Estadual-Cecilia-Rolemberg_fm_-150-1.jpg\" alt=\"\" class=\"wp-image-129\" srcset=\"https:\/\/rotasturisticas.jundiai.sp.gov.br\/culturanegra\/wp-content\/uploads\/sites\/11\/2025\/03\/Africa-1-Rota-Afro-alunos-Escola-Estadual-Cecilia-Rolemberg_fm_-150-1.jpg 1280w, https:\/\/rotasturisticas.jundiai.sp.gov.br\/culturanegra\/wp-content\/uploads\/sites\/11\/2025\/03\/Africa-1-Rota-Afro-alunos-Escola-Estadual-Cecilia-Rolemberg_fm_-150-1-768x512.jpg 768w\" sizes=\"auto, (max-width: 1280px) 100vw, 1280px\" \/><\/figure>\n\n\n\n<figure class=\"wp-block-image size-large\"><img loading=\"lazy\" decoding=\"async\" width=\"1280\" height=\"853\" data-id=\"130\" src=\"https:\/\/rotasturisticas.jundiai.sp.gov.br\/afro\/wp-content\/uploads\/sites\/11\/2025\/03\/Africa-Rota-Afro-alunos-Escola-Estadual-Cecilia-Rolemberg_fm_-136-2.jpg\" alt=\"\" class=\"wp-image-130\" srcset=\"https:\/\/rotasturisticas.jundiai.sp.gov.br\/culturanegra\/wp-content\/uploads\/sites\/11\/2025\/03\/Africa-Rota-Afro-alunos-Escola-Estadual-Cecilia-Rolemberg_fm_-136-2.jpg 1280w, https:\/\/rotasturisticas.jundiai.sp.gov.br\/culturanegra\/wp-content\/uploads\/sites\/11\/2025\/03\/Africa-Rota-Afro-alunos-Escola-Estadual-Cecilia-Rolemberg_fm_-136-2-768x512.jpg 768w\" sizes=\"auto, (max-width: 1280px) 100vw, 1280px\" \/><\/figure>\n<\/figure>\n","protected":false},"excerpt":{"rendered":"<p>Inaugurado no dia 29 de junho de 2012, o Espa\u00e7o \u00c1frica, localizado dentro do Jardim Bot\u00e2nico de Jundia\u00ed, foi concebido para homenagear a comunidade negra jundiaiense e sua contribui\u00e7\u00e3o na constru\u00e7\u00e3o da cidade. O nome objetiva retratar a diversidade de etnias e culturas do continente africano. As instala\u00e7\u00f5es contam com uma vasta vegeta\u00e7\u00e3o que remete [&hellip;]<\/p>\n","protected":false},"author":16,"featured_media":143,"parent":10,"menu_order":0,"comment_status":"closed","ping_status":"closed","template":"page-local.php","meta":{"footnotes":""},"class_list":["post-122","page","type-page","status-publish","has-post-thumbnail","hentry"],"_links":{"self":[{"href":"https:\/\/rotasturisticas.jundiai.sp.gov.br\/culturanegra\/wp-json\/wp\/v2\/pages\/122","targetHints":{"allow":["GET"]}}],"collection":[{"href":"https:\/\/rotasturisticas.jundiai.sp.gov.br\/culturanegra\/wp-json\/wp\/v2\/pages"}],"about":[{"href":"https:\/\/rotasturisticas.jundiai.sp.gov.br\/culturanegra\/wp-json\/wp\/v2\/types\/page"}],"author":[{"embeddable":true,"href":"https:\/\/rotasturisticas.jundiai.sp.gov.br\/culturanegra\/wp-json\/wp\/v2\/users\/16"}],"replies":[{"embeddable":true,"href":"https:\/\/rotasturisticas.jundiai.sp.gov.br\/culturanegra\/wp-json\/wp\/v2\/comments?post=122"}],"version-history":[{"count":2,"href":"https:\/\/rotasturisticas.jundiai.sp.gov.br\/culturanegra\/wp-json\/wp\/v2\/pages\/122\/revisions"}],"predecessor-version":[{"id":131,"href":"https:\/\/rotasturisticas.jundiai.sp.gov.br\/culturanegra\/wp-json\/wp\/v2\/pages\/122\/revisions\/131"}],"up":[{"embeddable":true,"href":"https:\/\/rotasturisticas.jundiai.sp.gov.br\/culturanegra\/wp-json\/wp\/v2\/pages\/10"}],"wp:featuredmedia":[{"embeddable":true,"href":"https:\/\/rotasturisticas.jundiai.sp.gov.br\/culturanegra\/wp-json\/wp\/v2\/media\/143"}],"wp:attachment":[{"href":"https:\/\/rotasturisticas.jundiai.sp.gov.br\/culturanegra\/wp-json\/wp\/v2\/media?parent=122"}],"curies":[{"name":"wp","href":"https:\/\/api.w.org\/{rel}","templated":true}]}}

Espaço África &#8211; Jardim Botânico

<p>Inaugurado no dia 29 de junho de 2012, o Espaço África, localizado dentro do Jardim Botânico de Jundiaí, foi concebido para homenagear a comunidade negra jundiaiense e sua contribuição na construção da cidade. O nome objetiva retratar a diversidade de etnias e culturas do continente africano. As instalações contam com uma vasta vegetação que remete ao continente Africano, como, por exemplo, o flamboyant, o dendezeiro um tipo de palmeira, entre outras, conta ainda com um espaço dedicado à Ervas Aromáticas e Plantas Medicinais e mantém em destaque dois Baobás, uma árvore símbolo da cultura africana, que representa a conexão entre o mundo espiritual e o material, entre os vivos e os mortos e é também um símbolo de resistência, ancestralidade e sabedoria milenar. Atividades desenvolvidas no local materializam a memória e a resistência da comunidade negra na cidade, contribuindo para a preservação desse patrimônio cultura</p>



<p>&nbsp;O Espaço África foi concebido por movimentos sociais, ONGs e religiões de matriz africana, representados por lideranças como o Sr. Jorge Reis Tarcísio, do Grupo ZAMA, o Babalorixá Pai Walter de Odé Nitá e os Ogans Nelson Jamaica, Eginaldo Honório e Ubirajara Luis Pereira de Castro, representantes do Clube 28 de Setembro de Jundiaí e pessoas da Sociedade Civil.</p>



<p>Texto: Valéria de Paula Ignácio, Departamento de Cultura e Denilson Ricardo André,<strong> </strong>Departamento de Patrimônio. Unidade de Gestão de Cultura – Fevereiro/2023 – revisão Março/2025.</p>



<figure class="wp-block-gallery has-nested-images columns-default is-cropped wp-block-gallery-1 is-layout-flex wp-block-gallery-is-layout-flex">
<figure class="wp-block-image size-large"><img loading="lazy" decoding="async" width="720" height="950" data-id="127" src="https://rotasturisticas.jundiai.sp.gov.br/afro/wp-content/uploads/sites/11/2025/03/africa-720x950.jpg" alt="" class="wp-image-127" srcset="https://rotasturisticas.jundiai.sp.gov.br/culturanegra/wp-content/uploads/sites/11/2025/03/africa-720x950.jpg 720w, https://rotasturisticas.jundiai.sp.gov.br/culturanegra/wp-content/uploads/sites/11/2025/03/africa-768x1013.jpg 768w, https://rotasturisticas.jundiai.sp.gov.br/culturanegra/wp-content/uploads/sites/11/2025/03/africa-1165x1536.jpg 1165w, https://rotasturisticas.jundiai.sp.gov.br/culturanegra/wp-content/uploads/sites/11/2025/03/africa.jpg 1280w" sizes="auto, (max-width: 720px) 100vw, 720px" /></figure>



<figure class="wp-block-image size-large"><img loading="lazy" decoding="async" width="1280" height="720" data-id="128" src="https://rotasturisticas.jundiai.sp.gov.br/afro/wp-content/uploads/sites/11/2025/03/espaco-africa.jpg" alt="" class="wp-image-128" srcset="https://rotasturisticas.jundiai.sp.gov.br/culturanegra/wp-content/uploads/sites/11/2025/03/espaco-africa.jpg 1280w, https://rotasturisticas.jundiai.sp.gov.br/culturanegra/wp-content/uploads/sites/11/2025/03/espaco-africa-768x432.jpg 768w" sizes="auto, (max-width: 1280px) 100vw, 1280px" /></figure>



<figure class="wp-block-image size-large"><img loading="lazy" decoding="async" width="1280" height="853" data-id="129" src="https://rotasturisticas.jundiai.sp.gov.br/afro/wp-content/uploads/sites/11/2025/03/Africa-1-Rota-Afro-alunos-Escola-Estadual-Cecilia-Rolemberg_fm_-150-1.jpg" alt="" class="wp-image-129" srcset="https://rotasturisticas.jundiai.sp.gov.br/culturanegra/wp-content/uploads/sites/11/2025/03/Africa-1-Rota-Afro-alunos-Escola-Estadual-Cecilia-Rolemberg_fm_-150-1.jpg 1280w, https://rotasturisticas.jundiai.sp.gov.br/culturanegra/wp-content/uploads/sites/11/2025/03/Africa-1-Rota-Afro-alunos-Escola-Estadual-Cecilia-Rolemberg_fm_-150-1-768x512.jpg 768w" sizes="auto, (max-width: 1280px) 100vw, 1280px" /></figure>



<figure class="wp-block-image size-large"><img loading="lazy" decoding="async" width="1280" height="853" data-id="130" src="https://rotasturisticas.jundiai.sp.gov.br/afro/wp-content/uploads/sites/11/2025/03/Africa-Rota-Afro-alunos-Escola-Estadual-Cecilia-Rolemberg_fm_-136-2.jpg" alt="" class="wp-image-130" srcset="https://rotasturisticas.jundiai.sp.gov.br/culturanegra/wp-content/uploads/sites/11/2025/03/Africa-Rota-Afro-alunos-Escola-Estadual-Cecilia-Rolemberg_fm_-136-2.jpg 1280w, https://rotasturisticas.jundiai.sp.gov.br/culturanegra/wp-content/uploads/sites/11/2025/03/Africa-Rota-Afro-alunos-Escola-Estadual-Cecilia-Rolemberg_fm_-136-2-768x512.jpg 768w" sizes="auto, (max-width: 1280px) 100vw, 1280px" /></figure>
</figure>

<p>Inaugurado no dia 29 de junho de 2012, o Espaço África, localizado dentro do Jardim Botânico de Jundiaí, foi concebido para homenagear a comunidade negra jundiaiense e sua contribuição na construção da cidade. O nome objetiva retratar a diversidade de etnias e culturas do continente africano. As instalações contam com uma vasta vegetação que remete [&hellip;]</p>
