{"id":114,"date":"2025-03-25T13:57:23","date_gmt":"2025-03-25T16:57:23","guid":{"rendered":"https:\/\/rotasturisticas.jundiai.sp.gov.br\/afro\/?page_id=114"},"modified":"2025-03-25T14:44:09","modified_gmt":"2025-03-25T17:44:09","slug":"museu-dos-ferroviarios","status":"publish","type":"page","link":"https:\/\/rotasturisticas.jundiai.sp.gov.br\/culturanegra\/o-que-visitar\/museu-dos-ferroviarios\/","title":{"rendered":"Museu dos Ferrovi\u00e1rios"},"content":{"rendered":"\n<p>Em sua reabertura ao p\u00fablico, o Museu traz uma nova exposi\u00e7\u00e3o: \u201cFerrovias\u2026 muito al\u00e9m dos trilhos\u201d, que, dividida em duas salas, \u00e9 uma homenagem \u00e0s contribui\u00e7\u00f5es da ferrovia e dos ferrovi\u00e1rios, tanto no mundo, como no Brasil e em Jundia\u00ed.<\/p>\n\n\n\n<p>Logo na chegada ao Museu, o visitante se depara com uma entrada de esta\u00e7\u00e3o ferrovi\u00e1ria, simulada por um balc\u00e3o de vendas de passagens e de trilha sonora barulhenta, como costumam ser os sagu\u00f5es e plataformas, quando das chegadas e partidas de trens.<\/p>\n\n\n\n<p>Na sequ\u00eancia, o visitante pode percorrer diversas \u201cesta\u00e7\u00f5es\u201d tem\u00e1ticas, repletas de documentos, fotos, jornais e objetos vinculados \u00e0 Hist\u00f3ria da ferrovia, como r\u00e9plicas de locomotivas, malas e ba\u00fas, m\u00e1quinas emissoras de bilhetes, mobili\u00e1rio das esta\u00e7\u00f5es, al\u00e9m de outras surpresas, como uma maquete em funcionamento.<\/p>\n\n\n\n<p>A visita continua por esta\u00e7\u00f5es que retratam a hist\u00f3ria da locomotiva a vapor, como se espalharam pelo Mundo e no Brasil, at\u00e9 chegar \u00e0 sua instala\u00e7\u00e3o em Jundia\u00ed. Nestes ambientes, a exposi\u00e7\u00e3o retrata tamb\u00e9m a import\u00e2ncia da ferrovia para o transporte n\u00e3o s\u00f3 de mercadorias, como tamb\u00e9m de Cultura \u2013 uma vez que foi atrav\u00e9s dela que o futebol chegou ao Pa\u00eds e que, em Jundia\u00ed, por exemplo, surgiram Gabinetes de Leitura, como o Gabinete de Leitura; clubes esportivos, como o Clube Jundiaiense, Gr\u00eamio C.P., Nacional e o Paulista Futebol Clube.<\/p>\n\n\n\n<p>Em esta\u00e7\u00f5es interativas, o visitante pode tamb\u00e9m ler edi\u00e7\u00f5es do jornal \u201cCorreio Paulistano\u201d, sentado em cadeiras de madeira da sala de espera de uma esta\u00e7\u00e3o; conferir como eram desenvolvidas atividades como a de um engraxate.<\/p>\n\n\n\n<p>Os ambientes finais da exposi\u00e7\u00e3o dedicam-se a expor os universos das Comunica\u00e7\u00f5es e do Trabalho, por meio de objetos como m\u00e1quinas de escrever, c\u00e2meras fotogr\u00e1ficas, telefones e centrais telef\u00f4nicas, al\u00e9m de instrumentos vinculados aos centros de forma\u00e7\u00e3o profissionais, como o atual Servi\u00e7o Nacional de Aprendizagem Industrial (Senai), que, em Jundia\u00ed, teve a sua instala\u00e7\u00e3o vinculada \u00e0 ferrovia.<\/p>\n\n\n\n<figure class=\"wp-block-gallery has-nested-images columns-default is-cropped wp-block-gallery-1 is-layout-flex wp-block-gallery-is-layout-flex\">\n<figure class=\"wp-block-image size-full\"><img loading=\"lazy\" decoding=\"async\" width=\"1280\" height=\"853\" data-id=\"116\" src=\"https:\/\/rotasturisticas.jundiai.sp.gov.br\/afro\/wp-content\/uploads\/sites\/11\/2025\/03\/Museu-Ferroviario_fm_-87.jpg\" alt=\"\" class=\"wp-image-116\" srcset=\"https:\/\/rotasturisticas.jundiai.sp.gov.br\/culturanegra\/wp-content\/uploads\/sites\/11\/2025\/03\/Museu-Ferroviario_fm_-87.jpg 1280w, https:\/\/rotasturisticas.jundiai.sp.gov.br\/culturanegra\/wp-content\/uploads\/sites\/11\/2025\/03\/Museu-Ferroviario_fm_-87-768x512.jpg 768w\" sizes=\"auto, (max-width: 1280px) 100vw, 1280px\" \/><\/figure>\n\n\n\n<figure class=\"wp-block-image size-large\"><img loading=\"lazy\" decoding=\"async\" width=\"1280\" height=\"853\" data-id=\"117\" src=\"https:\/\/rotasturisticas.jundiai.sp.gov.br\/afro\/wp-content\/uploads\/sites\/11\/2025\/03\/Museu-Ferroviario_fm_-28-1.jpg\" alt=\"\" class=\"wp-image-117\" srcset=\"https:\/\/rotasturisticas.jundiai.sp.gov.br\/culturanegra\/wp-content\/uploads\/sites\/11\/2025\/03\/Museu-Ferroviario_fm_-28-1.jpg 1280w, https:\/\/rotasturisticas.jundiai.sp.gov.br\/culturanegra\/wp-content\/uploads\/sites\/11\/2025\/03\/Museu-Ferroviario_fm_-28-1-768x512.jpg 768w\" sizes=\"auto, (max-width: 1280px) 100vw, 1280px\" \/><\/figure>\n\n\n\n<figure class=\"wp-block-image size-large\"><img loading=\"lazy\" decoding=\"async\" width=\"1280\" height=\"853\" data-id=\"118\" src=\"https:\/\/rotasturisticas.jundiai.sp.gov.br\/afro\/wp-content\/uploads\/sites\/11\/2025\/03\/Museu-Ferroviario_fm_-94.jpg\" alt=\"\" class=\"wp-image-118\" srcset=\"https:\/\/rotasturisticas.jundiai.sp.gov.br\/culturanegra\/wp-content\/uploads\/sites\/11\/2025\/03\/Museu-Ferroviario_fm_-94.jpg 1280w, https:\/\/rotasturisticas.jundiai.sp.gov.br\/culturanegra\/wp-content\/uploads\/sites\/11\/2025\/03\/Museu-Ferroviario_fm_-94-768x512.jpg 768w\" sizes=\"auto, (max-width: 1280px) 100vw, 1280px\" \/><\/figure>\n<\/figure>\n","protected":false},"excerpt":{"rendered":"<p>Em sua reabertura ao p\u00fablico, o Museu traz uma nova exposi\u00e7\u00e3o: \u201cFerrovias\u2026 muito al\u00e9m dos trilhos\u201d, que, dividida em duas salas, \u00e9 uma homenagem \u00e0s contribui\u00e7\u00f5es da ferrovia e dos ferrovi\u00e1rios, tanto no mundo, como no Brasil e em Jundia\u00ed. Logo na chegada ao Museu, o visitante se depara com uma entrada de esta\u00e7\u00e3o ferrovi\u00e1ria, [&hellip;]<\/p>\n","protected":false},"author":16,"featured_media":0,"parent":10,"menu_order":0,"comment_status":"closed","ping_status":"closed","template":"page-local.php","meta":{"footnotes":""},"class_list":["post-114","page","type-page","status-publish","hentry"],"_links":{"self":[{"href":"https:\/\/rotasturisticas.jundiai.sp.gov.br\/culturanegra\/wp-json\/wp\/v2\/pages\/114","targetHints":{"allow":["GET"]}}],"collection":[{"href":"https:\/\/rotasturisticas.jundiai.sp.gov.br\/culturanegra\/wp-json\/wp\/v2\/pages"}],"about":[{"href":"https:\/\/rotasturisticas.jundiai.sp.gov.br\/culturanegra\/wp-json\/wp\/v2\/types\/page"}],"author":[{"embeddable":true,"href":"https:\/\/rotasturisticas.jundiai.sp.gov.br\/culturanegra\/wp-json\/wp\/v2\/users\/16"}],"replies":[{"embeddable":true,"href":"https:\/\/rotasturisticas.jundiai.sp.gov.br\/culturanegra\/wp-json\/wp\/v2\/comments?post=114"}],"version-history":[{"count":2,"href":"https:\/\/rotasturisticas.jundiai.sp.gov.br\/culturanegra\/wp-json\/wp\/v2\/pages\/114\/revisions"}],"predecessor-version":[{"id":121,"href":"https:\/\/rotasturisticas.jundiai.sp.gov.br\/culturanegra\/wp-json\/wp\/v2\/pages\/114\/revisions\/121"}],"up":[{"embeddable":true,"href":"https:\/\/rotasturisticas.jundiai.sp.gov.br\/culturanegra\/wp-json\/wp\/v2\/pages\/10"}],"wp:attachment":[{"href":"https:\/\/rotasturisticas.jundiai.sp.gov.br\/culturanegra\/wp-json\/wp\/v2\/media?parent=114"}],"curies":[{"name":"wp","href":"https:\/\/api.w.org\/{rel}","templated":true}]}}

Museu dos Ferroviários

<p>Em sua reabertura ao público, o Museu traz uma nova exposição: “Ferrovias… muito além dos trilhos”, que, dividida em duas salas, é uma homenagem às contribuições da ferrovia e dos ferroviários, tanto no mundo, como no Brasil e em Jundiaí.</p>



<p>Logo na chegada ao Museu, o visitante se depara com uma entrada de estação ferroviária, simulada por um balcão de vendas de passagens e de trilha sonora barulhenta, como costumam ser os saguões e plataformas, quando das chegadas e partidas de trens.</p>



<p>Na sequência, o visitante pode percorrer diversas “estações” temáticas, repletas de documentos, fotos, jornais e objetos vinculados à História da ferrovia, como réplicas de locomotivas, malas e baús, máquinas emissoras de bilhetes, mobiliário das estações, além de outras surpresas, como uma maquete em funcionamento.</p>



<p>A visita continua por estações que retratam a história da locomotiva a vapor, como se espalharam pelo Mundo e no Brasil, até chegar à sua instalação em Jundiaí. Nestes ambientes, a exposição retrata também a importância da ferrovia para o transporte não só de mercadorias, como também de Cultura – uma vez que foi através dela que o futebol chegou ao País e que, em Jundiaí, por exemplo, surgiram Gabinetes de Leitura, como o Gabinete de Leitura; clubes esportivos, como o Clube Jundiaiense, Grêmio C.P., Nacional e o Paulista Futebol Clube.</p>



<p>Em estações interativas, o visitante pode também ler edições do jornal “Correio Paulistano”, sentado em cadeiras de madeira da sala de espera de uma estação; conferir como eram desenvolvidas atividades como a de um engraxate.</p>



<p>Os ambientes finais da exposição dedicam-se a expor os universos das Comunicações e do Trabalho, por meio de objetos como máquinas de escrever, câmeras fotográficas, telefones e centrais telefônicas, além de instrumentos vinculados aos centros de formação profissionais, como o atual Serviço Nacional de Aprendizagem Industrial (Senai), que, em Jundiaí, teve a sua instalação vinculada à ferrovia.</p>



<figure class="wp-block-gallery has-nested-images columns-default is-cropped wp-block-gallery-1 is-layout-flex wp-block-gallery-is-layout-flex">
<figure class="wp-block-image size-full"><img loading="lazy" decoding="async" width="1280" height="853" data-id="116" src="https://rotasturisticas.jundiai.sp.gov.br/afro/wp-content/uploads/sites/11/2025/03/Museu-Ferroviario_fm_-87.jpg" alt="" class="wp-image-116" srcset="https://rotasturisticas.jundiai.sp.gov.br/culturanegra/wp-content/uploads/sites/11/2025/03/Museu-Ferroviario_fm_-87.jpg 1280w, https://rotasturisticas.jundiai.sp.gov.br/culturanegra/wp-content/uploads/sites/11/2025/03/Museu-Ferroviario_fm_-87-768x512.jpg 768w" sizes="auto, (max-width: 1280px) 100vw, 1280px" /></figure>



<figure class="wp-block-image size-large"><img loading="lazy" decoding="async" width="1280" height="853" data-id="117" src="https://rotasturisticas.jundiai.sp.gov.br/afro/wp-content/uploads/sites/11/2025/03/Museu-Ferroviario_fm_-28-1.jpg" alt="" class="wp-image-117" srcset="https://rotasturisticas.jundiai.sp.gov.br/culturanegra/wp-content/uploads/sites/11/2025/03/Museu-Ferroviario_fm_-28-1.jpg 1280w, https://rotasturisticas.jundiai.sp.gov.br/culturanegra/wp-content/uploads/sites/11/2025/03/Museu-Ferroviario_fm_-28-1-768x512.jpg 768w" sizes="auto, (max-width: 1280px) 100vw, 1280px" /></figure>



<figure class="wp-block-image size-large"><img loading="lazy" decoding="async" width="1280" height="853" data-id="118" src="https://rotasturisticas.jundiai.sp.gov.br/afro/wp-content/uploads/sites/11/2025/03/Museu-Ferroviario_fm_-94.jpg" alt="" class="wp-image-118" srcset="https://rotasturisticas.jundiai.sp.gov.br/culturanegra/wp-content/uploads/sites/11/2025/03/Museu-Ferroviario_fm_-94.jpg 1280w, https://rotasturisticas.jundiai.sp.gov.br/culturanegra/wp-content/uploads/sites/11/2025/03/Museu-Ferroviario_fm_-94-768x512.jpg 768w" sizes="auto, (max-width: 1280px) 100vw, 1280px" /></figure>
</figure>

<p>Em sua reabertura ao público, o Museu traz uma nova exposição: “Ferrovias… muito além dos trilhos”, que, dividida em duas salas, é uma homenagem às contribuições da ferrovia e dos ferroviários, tanto no mundo, como no Brasil e em Jundiaí. Logo na chegada ao Museu, o visitante se depara com uma entrada de estação ferroviária, [&hellip;]</p>
