{"id":517,"date":"2025-07-31T14:21:53","date_gmt":"2025-07-31T17:21:53","guid":{"rendered":"https:\/\/rotasturisticas.jundiai.sp.gov.br\/culturaitaliana\/?page_id=517"},"modified":"2025-07-31T14:38:41","modified_gmt":"2025-07-31T17:38:41","slug":"sitio-fragole","status":"publish","type":"page","link":"https:\/\/rotasturisticas.jundiai.sp.gov.br\/culturaitaliana\/o-que-visitar\/sitio-fragole\/","title":{"rendered":"S\u00edtio Fragole"},"content":{"rendered":"\n<p>Com uma tradi\u00e7\u00e3o de mais de quatro d\u00e9cadas, nossa fam\u00edlia se dedica \u00e0 produ\u00e7\u00e3o de morangos. Agora, convidamos voc\u00ea a vivenciar essa tradi\u00e7\u00e3o conosco!<\/p>\n\n\n\n<p>Colha seus pr\u00f3prios morangos e desfrute da experi\u00eancia \u00fanica de saborear frutas frescas colhidas diretamente do p\u00e9.<\/p>\n\n\n\n<p>Al\u00e9m do colhe e pague, experimente um caf\u00e9 da manh\u00e3 especial no s\u00edtio, rodeado pela natureza e com vista para a planta\u00e7\u00e3o. Direto da nossa planta\u00e7\u00e3o para a sua mesa!<\/p>\n\n\n\n<p>Venha nos visitar!<\/p>\n\n\n\n<p>S\u00edtio Fragole \u2013 Colha tradi\u00e7\u00e3o, experi\u00eancia e sabor!<\/p>\n\n\n\n<figure class=\"wp-block-image size-large\"><img loading=\"lazy\" decoding=\"async\" width=\"949\" height=\"950\" src=\"https:\/\/rotasturisticas.jundiai.sp.gov.br\/culturaitaliana\/wp-content\/uploads\/sites\/5\/2025\/07\/10-Giovanna-de-Oliveira-949x950.png\" alt=\"\" class=\"wp-image-526\" srcset=\"https:\/\/rotasturisticas.jundiai.sp.gov.br\/culturaitaliana\/wp-content\/uploads\/sites\/5\/2025\/07\/10-Giovanna-de-Oliveira-949x950.png 949w, https:\/\/rotasturisticas.jundiai.sp.gov.br\/culturaitaliana\/wp-content\/uploads\/sites\/5\/2025\/07\/10-Giovanna-de-Oliveira-100x100.png 100w, https:\/\/rotasturisticas.jundiai.sp.gov.br\/culturaitaliana\/wp-content\/uploads\/sites\/5\/2025\/07\/10-Giovanna-de-Oliveira-768x769.png 768w, https:\/\/rotasturisticas.jundiai.sp.gov.br\/culturaitaliana\/wp-content\/uploads\/sites\/5\/2025\/07\/10-Giovanna-de-Oliveira.png 1280w\" sizes=\"auto, (max-width: 949px) 100vw, 949px\" \/><\/figure>\n\n\n\n<figure class=\"wp-block-gallery has-nested-images columns-default is-cropped wp-block-gallery-1 is-layout-flex wp-block-gallery-is-layout-flex\">\n<figure class=\"wp-block-image size-large\"><img loading=\"lazy\" decoding=\"async\" width=\"633\" height=\"950\" data-id=\"519\" src=\"https:\/\/rotasturisticas.jundiai.sp.gov.br\/culturaitaliana\/wp-content\/uploads\/sites\/5\/2025\/07\/1-Giovanna-de-Oliveira-633x950.jpg\" alt=\"\" class=\"wp-image-519\" srcset=\"https:\/\/rotasturisticas.jundiai.sp.gov.br\/culturaitaliana\/wp-content\/uploads\/sites\/5\/2025\/07\/1-Giovanna-de-Oliveira-633x950.jpg 633w, https:\/\/rotasturisticas.jundiai.sp.gov.br\/culturaitaliana\/wp-content\/uploads\/sites\/5\/2025\/07\/1-Giovanna-de-Oliveira-768x1152.jpg 768w, https:\/\/rotasturisticas.jundiai.sp.gov.br\/culturaitaliana\/wp-content\/uploads\/sites\/5\/2025\/07\/1-Giovanna-de-Oliveira-1024x1536.jpg 1024w, https:\/\/rotasturisticas.jundiai.sp.gov.br\/culturaitaliana\/wp-content\/uploads\/sites\/5\/2025\/07\/1-Giovanna-de-Oliveira.jpg 1280w\" sizes=\"auto, (max-width: 633px) 100vw, 633px\" \/><\/figure>\n\n\n\n<figure class=\"wp-block-image size-large\"><img loading=\"lazy\" decoding=\"async\" width=\"1280\" height=\"853\" data-id=\"520\" src=\"https:\/\/rotasturisticas.jundiai.sp.gov.br\/culturaitaliana\/wp-content\/uploads\/sites\/5\/2025\/07\/2-Giovanna-de-Oliveira.jpg\" alt=\"\" class=\"wp-image-520\" srcset=\"https:\/\/rotasturisticas.jundiai.sp.gov.br\/culturaitaliana\/wp-content\/uploads\/sites\/5\/2025\/07\/2-Giovanna-de-Oliveira.jpg 1280w, https:\/\/rotasturisticas.jundiai.sp.gov.br\/culturaitaliana\/wp-content\/uploads\/sites\/5\/2025\/07\/2-Giovanna-de-Oliveira-768x512.jpg 768w\" sizes=\"auto, (max-width: 1280px) 100vw, 1280px\" \/><\/figure>\n\n\n\n<figure class=\"wp-block-image size-large\"><img loading=\"lazy\" decoding=\"async\" width=\"633\" height=\"950\" data-id=\"522\" src=\"https:\/\/rotasturisticas.jundiai.sp.gov.br\/culturaitaliana\/wp-content\/uploads\/sites\/5\/2025\/07\/3-Giovanna-de-Oliveira-633x950.jpg\" alt=\"\" class=\"wp-image-522\" srcset=\"https:\/\/rotasturisticas.jundiai.sp.gov.br\/culturaitaliana\/wp-content\/uploads\/sites\/5\/2025\/07\/3-Giovanna-de-Oliveira-633x950.jpg 633w, https:\/\/rotasturisticas.jundiai.sp.gov.br\/culturaitaliana\/wp-content\/uploads\/sites\/5\/2025\/07\/3-Giovanna-de-Oliveira-768x1152.jpg 768w, https:\/\/rotasturisticas.jundiai.sp.gov.br\/culturaitaliana\/wp-content\/uploads\/sites\/5\/2025\/07\/3-Giovanna-de-Oliveira-1024x1536.jpg 1024w, https:\/\/rotasturisticas.jundiai.sp.gov.br\/culturaitaliana\/wp-content\/uploads\/sites\/5\/2025\/07\/3-Giovanna-de-Oliveira.jpg 1280w\" sizes=\"auto, (max-width: 633px) 100vw, 633px\" \/><\/figure>\n\n\n\n<figure class=\"wp-block-image size-large\"><img loading=\"lazy\" decoding=\"async\" width=\"534\" height=\"950\" data-id=\"518\" src=\"https:\/\/rotasturisticas.jundiai.sp.gov.br\/culturaitaliana\/wp-content\/uploads\/sites\/5\/2025\/07\/4-Giovanna-de-Oliveira-534x950.jpeg\" alt=\"\" class=\"wp-image-518\" srcset=\"https:\/\/rotasturisticas.jundiai.sp.gov.br\/culturaitaliana\/wp-content\/uploads\/sites\/5\/2025\/07\/4-Giovanna-de-Oliveira-534x950.jpeg 534w, https:\/\/rotasturisticas.jundiai.sp.gov.br\/culturaitaliana\/wp-content\/uploads\/sites\/5\/2025\/07\/4-Giovanna-de-Oliveira.jpeg 720w\" sizes=\"auto, (max-width: 534px) 100vw, 534px\" \/><\/figure>\n\n\n\n<figure class=\"wp-block-image size-large\"><img loading=\"lazy\" decoding=\"async\" width=\"534\" height=\"950\" data-id=\"521\" src=\"https:\/\/rotasturisticas.jundiai.sp.gov.br\/culturaitaliana\/wp-content\/uploads\/sites\/5\/2025\/07\/5-Giovanna-de-Oliveira-534x950.jpeg\" alt=\"\" class=\"wp-image-521\" srcset=\"https:\/\/rotasturisticas.jundiai.sp.gov.br\/culturaitaliana\/wp-content\/uploads\/sites\/5\/2025\/07\/5-Giovanna-de-Oliveira-534x950.jpeg 534w, https:\/\/rotasturisticas.jundiai.sp.gov.br\/culturaitaliana\/wp-content\/uploads\/sites\/5\/2025\/07\/5-Giovanna-de-Oliveira-768x1366.jpeg 768w, https:\/\/rotasturisticas.jundiai.sp.gov.br\/culturaitaliana\/wp-content\/uploads\/sites\/5\/2025\/07\/5-Giovanna-de-Oliveira-864x1536.jpeg 864w, https:\/\/rotasturisticas.jundiai.sp.gov.br\/culturaitaliana\/wp-content\/uploads\/sites\/5\/2025\/07\/5-Giovanna-de-Oliveira.jpeg 899w\" sizes=\"auto, (max-width: 534px) 100vw, 534px\" \/><\/figure>\n\n\n\n<figure class=\"wp-block-image size-large\"><img loading=\"lazy\" decoding=\"async\" width=\"1280\" height=\"853\" data-id=\"525\" src=\"https:\/\/rotasturisticas.jundiai.sp.gov.br\/culturaitaliana\/wp-content\/uploads\/sites\/5\/2025\/07\/6-Giovanna-de-Oliveira.jpeg\" alt=\"\" class=\"wp-image-525\" srcset=\"https:\/\/rotasturisticas.jundiai.sp.gov.br\/culturaitaliana\/wp-content\/uploads\/sites\/5\/2025\/07\/6-Giovanna-de-Oliveira.jpeg 1280w, https:\/\/rotasturisticas.jundiai.sp.gov.br\/culturaitaliana\/wp-content\/uploads\/sites\/5\/2025\/07\/6-Giovanna-de-Oliveira-768x512.jpeg 768w\" sizes=\"auto, (max-width: 1280px) 100vw, 1280px\" \/><\/figure>\n\n\n\n<figure class=\"wp-block-image size-large\"><img loading=\"lazy\" decoding=\"async\" width=\"534\" height=\"950\" data-id=\"523\" src=\"https:\/\/rotasturisticas.jundiai.sp.gov.br\/culturaitaliana\/wp-content\/uploads\/sites\/5\/2025\/07\/7-Giovanna-de-Oliveira-534x950.jpeg\" alt=\"\" class=\"wp-image-523\" srcset=\"https:\/\/rotasturisticas.jundiai.sp.gov.br\/culturaitaliana\/wp-content\/uploads\/sites\/5\/2025\/07\/7-Giovanna-de-Oliveira-534x950.jpeg 534w, https:\/\/rotasturisticas.jundiai.sp.gov.br\/culturaitaliana\/wp-content\/uploads\/sites\/5\/2025\/07\/7-Giovanna-de-Oliveira-768x1365.jpeg 768w, https:\/\/rotasturisticas.jundiai.sp.gov.br\/culturaitaliana\/wp-content\/uploads\/sites\/5\/2025\/07\/7-Giovanna-de-Oliveira-864x1536.jpeg 864w, https:\/\/rotasturisticas.jundiai.sp.gov.br\/culturaitaliana\/wp-content\/uploads\/sites\/5\/2025\/07\/7-Giovanna-de-Oliveira.jpeg 900w\" sizes=\"auto, (max-width: 534px) 100vw, 534px\" \/><\/figure>\n\n\n\n<figure class=\"wp-block-image size-large\"><img loading=\"lazy\" decoding=\"async\" width=\"534\" height=\"950\" data-id=\"524\" src=\"https:\/\/rotasturisticas.jundiai.sp.gov.br\/culturaitaliana\/wp-content\/uploads\/sites\/5\/2025\/07\/8-Giovanna-de-Oliveira-534x950.jpeg\" alt=\"\" class=\"wp-image-524\" srcset=\"https:\/\/rotasturisticas.jundiai.sp.gov.br\/culturaitaliana\/wp-content\/uploads\/sites\/5\/2025\/07\/8-Giovanna-de-Oliveira-534x950.jpeg 534w, https:\/\/rotasturisticas.jundiai.sp.gov.br\/culturaitaliana\/wp-content\/uploads\/sites\/5\/2025\/07\/8-Giovanna-de-Oliveira-768x1365.jpeg 768w, https:\/\/rotasturisticas.jundiai.sp.gov.br\/culturaitaliana\/wp-content\/uploads\/sites\/5\/2025\/07\/8-Giovanna-de-Oliveira-864x1536.jpeg 864w, https:\/\/rotasturisticas.jundiai.sp.gov.br\/culturaitaliana\/wp-content\/uploads\/sites\/5\/2025\/07\/8-Giovanna-de-Oliveira.jpeg 900w\" sizes=\"auto, (max-width: 534px) 100vw, 534px\" \/><\/figure>\n<\/figure>\n","protected":false},"excerpt":{"rendered":"<p>Com uma tradi\u00e7\u00e3o de mais de quatro d\u00e9cadas, nossa fam\u00edlia se dedica \u00e0 produ\u00e7\u00e3o de morangos. Agora, convidamos voc\u00ea a vivenciar essa tradi\u00e7\u00e3o conosco! Colha seus pr\u00f3prios morangos e desfrute da experi\u00eancia \u00fanica de saborear frutas frescas colhidas diretamente do p\u00e9. Al\u00e9m do colhe e pague, experimente um caf\u00e9 da manh\u00e3 especial no s\u00edtio, rodeado [&hellip;]<\/p>\n","protected":false},"author":23,"featured_media":0,"parent":19,"menu_order":0,"comment_status":"closed","ping_status":"closed","template":"page-local.php","meta":{"footnotes":""},"class_list":["post-517","page","type-page","status-publish","hentry"],"_links":{"self":[{"href":"https:\/\/rotasturisticas.jundiai.sp.gov.br\/culturaitaliana\/wp-json\/wp\/v2\/pages\/517","targetHints":{"allow":["GET"]}}],"collection":[{"href":"https:\/\/rotasturisticas.jundiai.sp.gov.br\/culturaitaliana\/wp-json\/wp\/v2\/pages"}],"about":[{"href":"https:\/\/rotasturisticas.jundiai.sp.gov.br\/culturaitaliana\/wp-json\/wp\/v2\/types\/page"}],"author":[{"embeddable":true,"href":"https:\/\/rotasturisticas.jundiai.sp.gov.br\/culturaitaliana\/wp-json\/wp\/v2\/users\/23"}],"replies":[{"embeddable":true,"href":"https:\/\/rotasturisticas.jundiai.sp.gov.br\/culturaitaliana\/wp-json\/wp\/v2\/comments?post=517"}],"version-history":[{"count":1,"href":"https:\/\/rotasturisticas.jundiai.sp.gov.br\/culturaitaliana\/wp-json\/wp\/v2\/pages\/517\/revisions"}],"predecessor-version":[{"id":528,"href":"https:\/\/rotasturisticas.jundiai.sp.gov.br\/culturaitaliana\/wp-json\/wp\/v2\/pages\/517\/revisions\/528"}],"up":[{"embeddable":true,"href":"https:\/\/rotasturisticas.jundiai.sp.gov.br\/culturaitaliana\/wp-json\/wp\/v2\/pages\/19"}],"wp:attachment":[{"href":"https:\/\/rotasturisticas.jundiai.sp.gov.br\/culturaitaliana\/wp-json\/wp\/v2\/media?parent=517"}],"curies":[{"name":"wp","href":"https:\/\/api.w.org\/{rel}","templated":true}]}}