{"id":15,"date":"2016-09-02T14:33:50","date_gmt":"2016-09-02T17:33:50","guid":{"rendered":"http:\/\/rotasturisticas.jundiai.sp.gov.br\/italiana\/?page_id=15"},"modified":"2025-03-17T14:27:06","modified_gmt":"2025-03-17T17:27:06","slug":"historia","status":"publish","type":"page","link":"https:\/\/rotasturisticas.jundiai.sp.gov.br\/culturaitaliana\/historia\/","title":{"rendered":"Hist\u00f3ria"},"content":{"rendered":"\n<p>Jundia\u00ed \u00e9 uma cidade com forte presen\u00e7a italiana. Em alguns momentos, mais de 50% da popula\u00e7\u00e3o era descendente direta de imigrantes.<\/p>\n\n\n\n<p>Alguns bairros, no entanto, s\u00e3o bem mais italianos que outros e mant\u00e9m muitas tradi\u00e7\u00f5es de outrora. Esse \u00e9 o caso do bairro do Travi\u00fa, onde est\u00e1 a Rota da Cultura Italiana.<\/p>\n\n\n\n<p>Localizado \u00e0s margens da Rod. Anhanguera, o Travi\u00fa trata-se de um dos bairros mais tradicionais de Jundia\u00ed.<\/p>\n\n\n\n<p>No final do s\u00e9culo XIX, mais precisamente em 1893, um grupo de imigrantes origin\u00e1rios do norte da It\u00e1lia, contando com recursos pr\u00f3prios, chegou ao Brasil. Seu destino inicial foi a Fazenda Sete Quedas, em Campinas, em que trabalharam na lavoura de caf\u00e9. Pouco depois, este mesmo grupo comprou as terras que hoje comp\u00f5em o bairro do Travi\u00fa. No in\u00edcio, tentaram tamb\u00e9m produzir o caf\u00e9, mas foi com a uva, cujas parreiras at\u00e9 hoje podem ser l\u00e1 encontradas, que o bairro encontrou sua verdadeira voca\u00e7\u00e3o. Apesar do tempo, o Travi\u00fa mant\u00e9m muitas de suas tradi\u00e7\u00f5es.<\/p>\n\n\n\n<div class=\"wp-block-media-text has-media-on-the-right is-stacked-on-mobile\" style=\"grid-template-columns:auto 33%\"><div class=\"wp-block-media-text__content\">\n<p>Quanto \u00e0 palavra &#8220;travi\u00fa&#8221;, credita-se a ela uma origem ind\u00edgena: &#8220;atraviu&#8221;, &#8220;atarui&#8221; e &#8220;traviu&#8221;, em l\u00edngua tupi guarani, significam &#8220;companheiro de viagem&#8221;.<br><\/p>\n\n\n\n<p>Atualmente, o bairro soma mais de 50 pequenas propriedades produtivas, destacando-se na produ\u00e7\u00e3o de uvas, caqui, p\u00eassego, ameixa, pitaia, legumes e verduras.<\/p>\n<\/div><figure class=\"wp-block-media-text__media\"><img loading=\"lazy\" decoding=\"async\" width=\"920\" height=\"690\" src=\"http:\/\/rotasturisticas.jundiai.sp.gov.br\/culturaitaliana\/wp-content\/uploads\/sites\/5\/2016\/09\/Uvas-e-Igreja-920x690.jpg\" alt=\"\" class=\"wp-image-104 size-full\" srcset=\"https:\/\/rotasturisticas.jundiai.sp.gov.br\/culturaitaliana\/wp-content\/uploads\/sites\/5\/2016\/09\/Uvas-e-Igreja-920x690.jpg 920w, https:\/\/rotasturisticas.jundiai.sp.gov.br\/culturaitaliana\/wp-content\/uploads\/sites\/5\/2016\/09\/Uvas-e-Igreja-300x225.jpg 300w, https:\/\/rotasturisticas.jundiai.sp.gov.br\/culturaitaliana\/wp-content\/uploads\/sites\/5\/2016\/09\/Uvas-e-Igreja-768x576.jpg 768w, https:\/\/rotasturisticas.jundiai.sp.gov.br\/culturaitaliana\/wp-content\/uploads\/sites\/5\/2016\/09\/Uvas-e-Igreja.jpg 1024w\" sizes=\"auto, (max-width: 920px) 100vw, 920px\" \/><\/figure><\/div>\n\n\n\n<p><\/p>\n\n\n\n<p>Historicamente, a regi\u00e3o tem enorme import\u00e2ncia para a da cidade de Jundia\u00ed, j\u00e1 que a hist\u00f3ria do bairro se confunde com a hist\u00f3ria da cidade que se tornou reconhecida nacionalmente como Terra da Uva.<\/p>\n\n\n\n<p>A hist\u00f3ria da uva em Jundia\u00ed \u00e9 bastante antiga.&nbsp; Em 1669, quando a cidade era apenas um povoado, o cart\u00f3rio do 1\u00ba Of\u00edcio j\u00e1 registrava a venda de vinho de uva produzida em nossas terras.<\/p>\n\n\n\n<p>Mas foi somente no final do s\u00e9culo XIX que a produ\u00e7\u00e3o se ampliou, com a chegada da variedade da Uva Isabel trazida pelos imigrantes italianos.<\/p>\n\n\n\n<p>Entretanto, a cidade ganharia destaque na produ\u00e7\u00e3o a partir de um importante ocorrido no ano de 1933, quando, a partir de uma muta\u00e7\u00e3o gen\u00e9tica som\u00e1tica espont\u00e2nea, em meio a produ\u00e7\u00e3o da Niagara Branca, de origem americana, surgiu a variedade rosada, na regi\u00e3o do Travi\u00fa.<\/p>\n\n\n<div class=\"wp-block-image\">\n<figure class=\"alignleft\"><img loading=\"lazy\" decoding=\"async\" width=\"300\" height=\"200\" src=\"http:\/\/rotasturisticas.jundiai.sp.gov.br\/culturaitaliana\/wp-content\/uploads\/sites\/5\/2016\/09\/1\u00ba-Lugar-300x200.jpg\" alt=\"1o-lugar\" class=\"wp-image-87\" srcset=\"https:\/\/rotasturisticas.jundiai.sp.gov.br\/culturaitaliana\/wp-content\/uploads\/sites\/5\/2016\/09\/1\u00ba-Lugar-300x200.jpg 300w, https:\/\/rotasturisticas.jundiai.sp.gov.br\/culturaitaliana\/wp-content\/uploads\/sites\/5\/2016\/09\/1\u00ba-Lugar-768x512.jpg 768w, https:\/\/rotasturisticas.jundiai.sp.gov.br\/culturaitaliana\/wp-content\/uploads\/sites\/5\/2016\/09\/1\u00ba-Lugar-920x613.jpg 920w, https:\/\/rotasturisticas.jundiai.sp.gov.br\/culturaitaliana\/wp-content\/uploads\/sites\/5\/2016\/09\/1\u00ba-Lugar.jpg 1280w\" sizes=\"auto, (max-width: 300px) 100vw, 300px\" \/><\/figure>\n<\/div>\n\n\n<p>Essa muta\u00e7\u00e3o espont\u00e2nea chamou a aten\u00e7\u00e3o dos produtores e tamb\u00e9m do consumidor: a niagara rosada passou a ser conhecida nacionalmente e Jundia\u00ed, por ser o ber\u00e7o desta variedade, passou a ser conhecida como a Terra da Uva.<\/p>\n\n\n\n<p>A import\u00e2ncia do ocorrido foi t\u00e3o significativa que no ano seguinte aconteceu, em Jundia\u00ed, a primeira Festa da Uva, que recebeu mais de 100 mil participantes, em um per\u00edodo que a popula\u00e7\u00e3o da cidade n\u00e3o ultrapassava os 40 mil habitantes.<\/p>\n\n\n<div class=\"wp-block-image\">\n<figure class=\"alignright\"><img loading=\"lazy\" decoding=\"async\" width=\"300\" height=\"450\" src=\"http:\/\/rotasturisticas.jundiai.sp.gov.br\/culturaitaliana\/wp-content\/uploads\/sites\/5\/2016\/09\/5\u00ba-Lugar-300x450.jpg\" alt=\"5o-lugar\" class=\"wp-image-89\" srcset=\"https:\/\/rotasturisticas.jundiai.sp.gov.br\/culturaitaliana\/wp-content\/uploads\/sites\/5\/2016\/09\/5\u00ba-Lugar-300x450.jpg 300w, https:\/\/rotasturisticas.jundiai.sp.gov.br\/culturaitaliana\/wp-content\/uploads\/sites\/5\/2016\/09\/5\u00ba-Lugar-768x1151.jpg 768w, https:\/\/rotasturisticas.jundiai.sp.gov.br\/culturaitaliana\/wp-content\/uploads\/sites\/5\/2016\/09\/5\u00ba-Lugar-640x960.jpg 640w, https:\/\/rotasturisticas.jundiai.sp.gov.br\/culturaitaliana\/wp-content\/uploads\/sites\/5\/2016\/09\/5\u00ba-Lugar.jpg 1280w\" sizes=\"auto, (max-width: 300px) 100vw, 300px\" \/><\/figure>\n<\/div>\n\n\n<p>A muta\u00e7\u00e3o aconteceu em um s\u00edtio da fam\u00edlia Carbonari, cujo propriet\u00e1rio Antonio Carbonari recebeu o t\u00edtulo de comendador. O Comendador Antonio Carbonari d\u00e1 nome, atualmente, ao Parque da Uva de Jundia\u00ed. Hoje, a Uva Ni\u00e1gara Rosada \u00e9 uma das variedades de uva de mesa mais cultivadas no pa\u00eds, sendo nossa regi\u00e3o a principal produtora nacional e Jundia\u00ed, conhecida como \u201cTERRA DA UVA\u201d.<\/p>\n\n\n\n<p>\u201cJundia\u00ed ganha, gra\u00e7as aos compradores da Fazenda Travihu, italianos imigrantes no final do s\u00e9culo XIX, o apelido de \u201cTerra da Uva\u201d devido a um pr\u00eamio obtido em 1922, na \u201cExposi\u00e7\u00e3o Internacional do Rio de Janeiro\u201d, e tamb\u00e9m ao pr\u00eamio obtido na \u201cExposi\u00e7\u00e3o VitiVin\u00edcola do Estado em Jundiahy\u201d, em 1934, com a Uva Niagara, da produ\u00e7\u00e3o local.\u201d<\/p>\n\n\n\n<p>(Fonte: Andr\u00e9 Munhoz de Argollo Ferr\u00e3o e Luci Mehry Martins Braga \u2013 2008).<\/p>\n\n\n\n<p>Mas as belezas do Travi\u00fa n\u00e3o est\u00e3o restritas a produ\u00e7\u00e3o de uvas. As mesmas fam\u00edlias que ali chegaram no final do s\u00e9culo XIX permanecem no bairro at\u00e9 hoje e mant\u00e9m muito das tradi\u00e7\u00f5es \u2018que trouxeram consigo da It\u00e1lia.<\/p>\n\n\n\n<p>Da produ\u00e7\u00e3o artesanal de massas, \u00e0 produ\u00e7\u00e3o de uva, passando pelos esportes tradicionais e pelo Clube do bairro, tudo ali remonta a Cultura Italiana.<\/p>\n\n\n<div class=\"wp-block-image\">\n<figure class=\"alignleft\"><img loading=\"lazy\" decoding=\"async\" width=\"300\" height=\"200\" src=\"http:\/\/rotasturisticas.jundiai.sp.gov.br\/culturaitaliana\/wp-content\/uploads\/sites\/5\/2016\/09\/Travit\u00e1lia-5-300x200.jpg\" alt=\"travitalia-5\" class=\"wp-image-101\" srcset=\"https:\/\/rotasturisticas.jundiai.sp.gov.br\/culturaitaliana\/wp-content\/uploads\/sites\/5\/2016\/09\/Travit\u00e1lia-5-300x200.jpg 300w, https:\/\/rotasturisticas.jundiai.sp.gov.br\/culturaitaliana\/wp-content\/uploads\/sites\/5\/2016\/09\/Travit\u00e1lia-5-768x512.jpg 768w, https:\/\/rotasturisticas.jundiai.sp.gov.br\/culturaitaliana\/wp-content\/uploads\/sites\/5\/2016\/09\/Travit\u00e1lia-5-920x613.jpg 920w, https:\/\/rotasturisticas.jundiai.sp.gov.br\/culturaitaliana\/wp-content\/uploads\/sites\/5\/2016\/09\/Travit\u00e1lia-5.jpg 1280w\" sizes=\"auto, (max-width: 300px) 100vw, 300px\" \/><\/figure>\n<\/div>\n\n\n<p>Por estas caracter\u00edsticas t\u00e3o peculiares, a Rota da Cultura Italiana est\u00e1 ali e espera os visitantes para mostrar o que tem de melhor: &nbsp;uma linda comunidade \u00edtalo-brasileira, sua gastronomia, seu saber-fazer, seu dia-a-dia, sua l\u00edngua e toda a tradi\u00e7\u00e3o de mais de 100 anos de hist\u00f3ria.<\/p>\n","protected":false},"excerpt":{"rendered":"<p>Jundia\u00ed \u00e9 uma cidade com forte presen\u00e7a italiana. Em alguns momentos, mais de 50% da popula\u00e7\u00e3o era descendente direta de imigrantes. Alguns bairros, no entanto, s\u00e3o bem mais italianos que outros e mant\u00e9m muitas tradi\u00e7\u00f5es de outrora. Esse \u00e9 o caso do bairro do Travi\u00fa, onde est\u00e1 a Rota da Cultura Italiana. Localizado \u00e0s margens [&hellip;]<\/p>\n","protected":false},"author":2,"featured_media":0,"parent":0,"menu_order":0,"comment_status":"closed","ping_status":"closed","template":"","meta":{"footnotes":""},"class_list":["post-15","page","type-page","status-publish","hentry"],"_links":{"self":[{"href":"https:\/\/rotasturisticas.jundiai.sp.gov.br\/culturaitaliana\/wp-json\/wp\/v2\/pages\/15","targetHints":{"allow":["GET"]}}],"collection":[{"href":"https:\/\/rotasturisticas.jundiai.sp.gov.br\/culturaitaliana\/wp-json\/wp\/v2\/pages"}],"about":[{"href":"https:\/\/rotasturisticas.jundiai.sp.gov.br\/culturaitaliana\/wp-json\/wp\/v2\/types\/page"}],"author":[{"embeddable":true,"href":"https:\/\/rotasturisticas.jundiai.sp.gov.br\/culturaitaliana\/wp-json\/wp\/v2\/users\/2"}],"replies":[{"embeddable":true,"href":"https:\/\/rotasturisticas.jundiai.sp.gov.br\/culturaitaliana\/wp-json\/wp\/v2\/comments?post=15"}],"version-history":[{"count":8,"href":"https:\/\/rotasturisticas.jundiai.sp.gov.br\/culturaitaliana\/wp-json\/wp\/v2\/pages\/15\/revisions"}],"predecessor-version":[{"id":514,"href":"https:\/\/rotasturisticas.jundiai.sp.gov.br\/culturaitaliana\/wp-json\/wp\/v2\/pages\/15\/revisions\/514"}],"wp:attachment":[{"href":"https:\/\/rotasturisticas.jundiai.sp.gov.br\/culturaitaliana\/wp-json\/wp\/v2\/media?parent=15"}],"curies":[{"name":"wp","href":"https:\/\/api.w.org\/{rel}","templated":true}]}}

História

<p>Jundiaí é uma cidade com forte presença italiana. Em alguns momentos, mais de 50% da população era descendente direta de imigrantes.</p>



<p>Alguns bairros, no entanto, são bem mais italianos que outros e mantém muitas tradições de outrora. Esse é o caso do bairro do Traviú, onde está a Rota da Cultura Italiana.</p>



<p>Localizado às margens da Rod. Anhanguera, o Traviú trata-se de um dos bairros mais tradicionais de Jundiaí.</p>



<p>No final do século XIX, mais precisamente em 1893, um grupo de imigrantes originários do norte da Itália, contando com recursos próprios, chegou ao Brasil. Seu destino inicial foi a Fazenda Sete Quedas, em Campinas, em que trabalharam na lavoura de café. Pouco depois, este mesmo grupo comprou as terras que hoje compõem o bairro do Traviú. No início, tentaram também produzir o café, mas foi com a uva, cujas parreiras até hoje podem ser lá encontradas, que o bairro encontrou sua verdadeira vocação. Apesar do tempo, o Traviú mantém muitas de suas tradições.</p>



<div class="wp-block-media-text has-media-on-the-right is-stacked-on-mobile" style="grid-template-columns:auto 33%"><div class="wp-block-media-text__content">
<p>Quanto à palavra &#8220;traviú&#8221;, credita-se a ela uma origem indígena: &#8220;atraviu&#8221;, &#8220;atarui&#8221; e &#8220;traviu&#8221;, em língua tupi guarani, significam &#8220;companheiro de viagem&#8221;.<br></p>



<p>Atualmente, o bairro soma mais de 50 pequenas propriedades produtivas, destacando-se na produção de uvas, caqui, pêssego, ameixa, pitaia, legumes e verduras.</p>
</div><figure class="wp-block-media-text__media"><img loading="lazy" decoding="async" width="920" height="690" src="http://rotasturisticas.jundiai.sp.gov.br/culturaitaliana/wp-content/uploads/sites/5/2016/09/Uvas-e-Igreja-920x690.jpg" alt="" class="wp-image-104 size-full" srcset="https://rotasturisticas.jundiai.sp.gov.br/culturaitaliana/wp-content/uploads/sites/5/2016/09/Uvas-e-Igreja-920x690.jpg 920w, https://rotasturisticas.jundiai.sp.gov.br/culturaitaliana/wp-content/uploads/sites/5/2016/09/Uvas-e-Igreja-300x225.jpg 300w, https://rotasturisticas.jundiai.sp.gov.br/culturaitaliana/wp-content/uploads/sites/5/2016/09/Uvas-e-Igreja-768x576.jpg 768w, https://rotasturisticas.jundiai.sp.gov.br/culturaitaliana/wp-content/uploads/sites/5/2016/09/Uvas-e-Igreja.jpg 1024w" sizes="auto, (max-width: 920px) 100vw, 920px" /></figure></div>



<p></p>



<p>Historicamente, a região tem enorme importância para a da cidade de Jundiaí, já que a história do bairro se confunde com a história da cidade que se tornou reconhecida nacionalmente como Terra da Uva.</p>



<p>A história da uva em Jundiaí é bastante antiga.&nbsp; Em 1669, quando a cidade era apenas um povoado, o cartório do 1º Ofício já registrava a venda de vinho de uva produzida em nossas terras.</p>



<p>Mas foi somente no final do século XIX que a produção se ampliou, com a chegada da variedade da Uva Isabel trazida pelos imigrantes italianos.</p>



<p>Entretanto, a cidade ganharia destaque na produção a partir de um importante ocorrido no ano de 1933, quando, a partir de uma mutação genética somática espontânea, em meio a produção da Niagara Branca, de origem americana, surgiu a variedade rosada, na região do Traviú.</p>


<div class="wp-block-image">
<figure class="alignleft"><img loading="lazy" decoding="async" width="300" height="200" src="http://rotasturisticas.jundiai.sp.gov.br/culturaitaliana/wp-content/uploads/sites/5/2016/09/1º-Lugar-300x200.jpg" alt="1o-lugar" class="wp-image-87" srcset="https://rotasturisticas.jundiai.sp.gov.br/culturaitaliana/wp-content/uploads/sites/5/2016/09/1º-Lugar-300x200.jpg 300w, https://rotasturisticas.jundiai.sp.gov.br/culturaitaliana/wp-content/uploads/sites/5/2016/09/1º-Lugar-768x512.jpg 768w, https://rotasturisticas.jundiai.sp.gov.br/culturaitaliana/wp-content/uploads/sites/5/2016/09/1º-Lugar-920x613.jpg 920w, https://rotasturisticas.jundiai.sp.gov.br/culturaitaliana/wp-content/uploads/sites/5/2016/09/1º-Lugar.jpg 1280w" sizes="auto, (max-width: 300px) 100vw, 300px" /></figure>
</div>


<p>Essa mutação espontânea chamou a atenção dos produtores e também do consumidor: a niagara rosada passou a ser conhecida nacionalmente e Jundiaí, por ser o berço desta variedade, passou a ser conhecida como a Terra da Uva.</p>



<p>A importância do ocorrido foi tão significativa que no ano seguinte aconteceu, em Jundiaí, a primeira Festa da Uva, que recebeu mais de 100 mil participantes, em um período que a população da cidade não ultrapassava os 40 mil habitantes.</p>


<div class="wp-block-image">
<figure class="alignright"><img loading="lazy" decoding="async" width="300" height="450" src="http://rotasturisticas.jundiai.sp.gov.br/culturaitaliana/wp-content/uploads/sites/5/2016/09/5º-Lugar-300x450.jpg" alt="5o-lugar" class="wp-image-89" srcset="https://rotasturisticas.jundiai.sp.gov.br/culturaitaliana/wp-content/uploads/sites/5/2016/09/5º-Lugar-300x450.jpg 300w, https://rotasturisticas.jundiai.sp.gov.br/culturaitaliana/wp-content/uploads/sites/5/2016/09/5º-Lugar-768x1151.jpg 768w, https://rotasturisticas.jundiai.sp.gov.br/culturaitaliana/wp-content/uploads/sites/5/2016/09/5º-Lugar-640x960.jpg 640w, https://rotasturisticas.jundiai.sp.gov.br/culturaitaliana/wp-content/uploads/sites/5/2016/09/5º-Lugar.jpg 1280w" sizes="auto, (max-width: 300px) 100vw, 300px" /></figure>
</div>


<p>A mutação aconteceu em um sítio da família Carbonari, cujo proprietário Antonio Carbonari recebeu o título de comendador. O Comendador Antonio Carbonari dá nome, atualmente, ao Parque da Uva de Jundiaí. Hoje, a Uva Niágara Rosada é uma das variedades de uva de mesa mais cultivadas no país, sendo nossa região a principal produtora nacional e Jundiaí, conhecida como “TERRA DA UVA”.</p>



<p>“Jundiaí ganha, graças aos compradores da Fazenda Travihu, italianos imigrantes no final do século XIX, o apelido de “Terra da Uva” devido a um prêmio obtido em 1922, na “Exposição Internacional do Rio de Janeiro”, e também ao prêmio obtido na “Exposição VitiVinícola do Estado em Jundiahy”, em 1934, com a Uva Niagara, da produção local.”</p>



<p>(Fonte: André Munhoz de Argollo Ferrão e Luci Mehry Martins Braga – 2008).</p>



<p>Mas as belezas do Traviú não estão restritas a produção de uvas. As mesmas famílias que ali chegaram no final do século XIX permanecem no bairro até hoje e mantém muito das tradições ‘que trouxeram consigo da Itália.</p>



<p>Da produção artesanal de massas, à produção de uva, passando pelos esportes tradicionais e pelo Clube do bairro, tudo ali remonta a Cultura Italiana.</p>


<div class="wp-block-image">
<figure class="alignleft"><img loading="lazy" decoding="async" width="300" height="200" src="http://rotasturisticas.jundiai.sp.gov.br/culturaitaliana/wp-content/uploads/sites/5/2016/09/Travitália-5-300x200.jpg" alt="travitalia-5" class="wp-image-101" srcset="https://rotasturisticas.jundiai.sp.gov.br/culturaitaliana/wp-content/uploads/sites/5/2016/09/Travitália-5-300x200.jpg 300w, https://rotasturisticas.jundiai.sp.gov.br/culturaitaliana/wp-content/uploads/sites/5/2016/09/Travitália-5-768x512.jpg 768w, https://rotasturisticas.jundiai.sp.gov.br/culturaitaliana/wp-content/uploads/sites/5/2016/09/Travitália-5-920x613.jpg 920w, https://rotasturisticas.jundiai.sp.gov.br/culturaitaliana/wp-content/uploads/sites/5/2016/09/Travitália-5.jpg 1280w" sizes="auto, (max-width: 300px) 100vw, 300px" /></figure>
</div>


<p>Por estas características tão peculiares, a Rota da Cultura Italiana está ali e espera os visitantes para mostrar o que tem de melhor: &nbsp;uma linda comunidade ítalo-brasileira, sua gastronomia, seu saber-fazer, seu dia-a-dia, sua língua e toda a tradição de mais de 100 anos de história.</p>

<p>Jundiaí é uma cidade com forte presença italiana. Em alguns momentos, mais de 50% da população era descendente direta de imigrantes. Alguns bairros, no entanto, são bem mais italianos que outros e mantém muitas tradições de outrora. Esse é o caso do bairro do Traviú, onde está a Rota da Cultura Italiana. Localizado às margens [&hellip;]</p>
