{"id":40,"date":"2022-11-29T11:28:06","date_gmt":"2022-11-29T14:28:06","guid":{"rendered":"https:\/\/rotasturisticas.jundiai.sp.gov.br\/cervejaartesanal\/?page_id=40"},"modified":"2022-12-16T08:43:15","modified_gmt":"2022-12-16T11:43:15","slug":"urban-tapbrew","status":"publish","type":"page","link":"https:\/\/rotasturisticas.jundiai.sp.gov.br\/cervejaartesanal\/o-que-visitar\/brew-pubs\/urban-tapbrew\/","title":{"rendered":"Urban Tap&amp;Brew"},"content":{"rendered":"\n<p>Produ\u00e7\u00e3o pr\u00f3pria de chopp com at\u00e9 20 op\u00e7\u00f5es diferentes, al\u00e9m de petiscos, em ponto de encontro descontra\u00eddo com \u00e1rea externa.<\/p>\n\n\n\n<p><strong>Estilos de Cervejas produzidas:<\/strong> Altbier, American IPA, American Wheat Beer, Belgian Blond Ale, Belgian Dark Strong Ale, Belgian Dubbel, Belgian Golden Strong Ale, Belgian Pale Ale, Belgian Tripel, Bock, English Barley Wine, English Brown Ale, English IPA, English Pale Ale, Fruit Beer, Imperial IPA, India Pale Ale, K\u00f6lsch, Lambic, Munich Dunkel, Munich Helles, New England IPA, Oktoberfest (M\u00e4rzen), Pilsen, Porter, Rauchbier, Saison, Sour, Stout, Vienna Lager, Weizenbier, Witbier<\/p>\n\n\n\n<p><strong>Servi\u00e7os e experi\u00eancias:<\/strong> Degusta\u00e7\u00e3o conduzida, Harmoniza\u00e7\u00e3o<\/p>\n\n\n\n<p><strong>Atendimento:<\/strong>&nbsp;N\u00e3o recebe Grupos de Turismo<\/p>\n\n\n\n<figure class=\"wp-block-gallery has-nested-images columns-default is-cropped wp-block-gallery-1 is-layout-flex wp-block-gallery-is-layout-flex\">\n<figure class=\"wp-block-image size-large\"><a href=\"https:\/\/rotasturisticas.jundiai.sp.gov.br\/cervejaartesanal\/wp-content\/uploads\/sites\/9\/2022\/11\/urbsn-4-Urban-Tap.png\"><img loading=\"lazy\" decoding=\"async\" width=\"1168\" height=\"744\" data-id=\"44\" src=\"https:\/\/rotasturisticas.jundiai.sp.gov.br\/cervejaartesanal\/wp-content\/uploads\/sites\/9\/2022\/11\/urbsn-4-Urban-Tap.png\" alt=\"\" class=\"wp-image-44\" srcset=\"https:\/\/rotasturisticas.jundiai.sp.gov.br\/cervejaartesanal\/wp-content\/uploads\/sites\/9\/2022\/11\/urbsn-4-Urban-Tap.png 1168w, https:\/\/rotasturisticas.jundiai.sp.gov.br\/cervejaartesanal\/wp-content\/uploads\/sites\/9\/2022\/11\/urbsn-4-Urban-Tap-768x489.png 768w\" sizes=\"auto, (max-width: 1168px) 100vw, 1168px\" \/><\/a><\/figure>\n\n\n\n<figure class=\"wp-block-image size-large\"><a href=\"https:\/\/rotasturisticas.jundiai.sp.gov.br\/cervejaartesanal\/wp-content\/uploads\/sites\/9\/2022\/11\/urbsn-3-Urban-Tap.png\"><img loading=\"lazy\" decoding=\"async\" width=\"1280\" height=\"702\" data-id=\"46\" src=\"https:\/\/rotasturisticas.jundiai.sp.gov.br\/cervejaartesanal\/wp-content\/uploads\/sites\/9\/2022\/11\/urbsn-3-Urban-Tap.png\" alt=\"\" class=\"wp-image-46\" srcset=\"https:\/\/rotasturisticas.jundiai.sp.gov.br\/cervejaartesanal\/wp-content\/uploads\/sites\/9\/2022\/11\/urbsn-3-Urban-Tap.png 1280w, https:\/\/rotasturisticas.jundiai.sp.gov.br\/cervejaartesanal\/wp-content\/uploads\/sites\/9\/2022\/11\/urbsn-3-Urban-Tap-768x421.png 768w\" sizes=\"auto, (max-width: 1280px) 100vw, 1280px\" \/><\/a><\/figure>\n\n\n\n<figure class=\"wp-block-image size-large\"><a href=\"https:\/\/rotasturisticas.jundiai.sp.gov.br\/cervejaartesanal\/wp-content\/uploads\/sites\/9\/2022\/11\/urbsn-2-Urban-Tap.png\"><img loading=\"lazy\" decoding=\"async\" width=\"1280\" height=\"688\" data-id=\"45\" src=\"https:\/\/rotasturisticas.jundiai.sp.gov.br\/cervejaartesanal\/wp-content\/uploads\/sites\/9\/2022\/11\/urbsn-2-Urban-Tap.png\" alt=\"\" class=\"wp-image-45\" srcset=\"https:\/\/rotasturisticas.jundiai.sp.gov.br\/cervejaartesanal\/wp-content\/uploads\/sites\/9\/2022\/11\/urbsn-2-Urban-Tap.png 1280w, https:\/\/rotasturisticas.jundiai.sp.gov.br\/cervejaartesanal\/wp-content\/uploads\/sites\/9\/2022\/11\/urbsn-2-Urban-Tap-768x413.png 768w\" sizes=\"auto, (max-width: 1280px) 100vw, 1280px\" \/><\/a><\/figure>\n\n\n\n<figure class=\"wp-block-image size-large\"><a href=\"https:\/\/rotasturisticas.jundiai.sp.gov.br\/cervejaartesanal\/wp-content\/uploads\/sites\/9\/2022\/11\/urbsn-1-Urban-Tap.png\"><img loading=\"lazy\" decoding=\"async\" width=\"981\" height=\"515\" data-id=\"43\" src=\"https:\/\/rotasturisticas.jundiai.sp.gov.br\/cervejaartesanal\/wp-content\/uploads\/sites\/9\/2022\/11\/urbsn-1-Urban-Tap.png\" alt=\"\" class=\"wp-image-43\" srcset=\"https:\/\/rotasturisticas.jundiai.sp.gov.br\/cervejaartesanal\/wp-content\/uploads\/sites\/9\/2022\/11\/urbsn-1-Urban-Tap.png 981w, https:\/\/rotasturisticas.jundiai.sp.gov.br\/cervejaartesanal\/wp-content\/uploads\/sites\/9\/2022\/11\/urbsn-1-Urban-Tap-768x403.png 768w\" sizes=\"auto, (max-width: 981px) 100vw, 981px\" \/><\/a><\/figure>\n<\/figure>\n","protected":false},"excerpt":{"rendered":"<p>Produ\u00e7\u00e3o pr\u00f3pria de chopp com at\u00e9 20 op\u00e7\u00f5es diferentes, al\u00e9m de petiscos, em ponto de encontro descontra\u00eddo com \u00e1rea externa. Estilos de Cervejas produzidas: Altbier, American IPA, American Wheat Beer, Belgian Blond Ale, Belgian Dark Strong Ale, Belgian Dubbel, Belgian Golden Strong Ale, Belgian Pale Ale, Belgian Tripel, Bock, English Barley Wine, English Brown Ale, [&hellip;]<\/p>\n","protected":false},"author":16,"featured_media":0,"parent":99,"menu_order":0,"comment_status":"closed","ping_status":"closed","template":"page-local.php","meta":{"footnotes":""},"class_list":["post-40","page","type-page","status-publish","hentry"],"_links":{"self":[{"href":"https:\/\/rotasturisticas.jundiai.sp.gov.br\/cervejaartesanal\/wp-json\/wp\/v2\/pages\/40","targetHints":{"allow":["GET"]}}],"collection":[{"href":"https:\/\/rotasturisticas.jundiai.sp.gov.br\/cervejaartesanal\/wp-json\/wp\/v2\/pages"}],"about":[{"href":"https:\/\/rotasturisticas.jundiai.sp.gov.br\/cervejaartesanal\/wp-json\/wp\/v2\/types\/page"}],"author":[{"embeddable":true,"href":"https:\/\/rotasturisticas.jundiai.sp.gov.br\/cervejaartesanal\/wp-json\/wp\/v2\/users\/16"}],"replies":[{"embeddable":true,"href":"https:\/\/rotasturisticas.jundiai.sp.gov.br\/cervejaartesanal\/wp-json\/wp\/v2\/comments?post=40"}],"version-history":[{"count":4,"href":"https:\/\/rotasturisticas.jundiai.sp.gov.br\/cervejaartesanal\/wp-json\/wp\/v2\/pages\/40\/revisions"}],"predecessor-version":[{"id":246,"href":"https:\/\/rotasturisticas.jundiai.sp.gov.br\/cervejaartesanal\/wp-json\/wp\/v2\/pages\/40\/revisions\/246"}],"up":[{"embeddable":true,"href":"https:\/\/rotasturisticas.jundiai.sp.gov.br\/cervejaartesanal\/wp-json\/wp\/v2\/pages\/99"}],"wp:attachment":[{"href":"https:\/\/rotasturisticas.jundiai.sp.gov.br\/cervejaartesanal\/wp-json\/wp\/v2\/media?parent=40"}],"curies":[{"name":"wp","href":"https:\/\/api.w.org\/{rel}","templated":true}]}}