{"id":315,"date":"2023-12-07T10:49:07","date_gmt":"2023-12-07T13:49:07","guid":{"rendered":"https:\/\/rotasturisticas.jundiai.sp.gov.br\/cervejaartesanal\/?page_id=315"},"modified":"2023-12-07T10:52:37","modified_gmt":"2023-12-07T13:52:37","slug":"lumantia-cervejaria","status":"publish","type":"page","link":"https:\/\/rotasturisticas.jundiai.sp.gov.br\/cervejaartesanal\/o-que-visitar\/cervejarias-artesanais-ciganas\/lumantia-cervejaria\/","title":{"rendered":"Lumantia Cervejaria"},"content":{"rendered":"\n<p>Lumantia Cervejaria, uma cervejaria local, que preza pelas qualidades dos seus produtos e a experi\u00eancia de seus clientes, com uma variada carta de cervejas e com experi\u00eancias \u00fanicas a cada gole!<\/p>\n\n\n\n<p><strong>Estilos produzidos:<\/strong> American IPA, Belgian Dark Strong Ale, Belgian Tripel, Pilsen, Irish Red Ale<\/p>\n\n\n\n<figure class=\"wp-block-gallery has-nested-images columns-default is-cropped wp-block-gallery-1 is-layout-flex wp-block-gallery-is-layout-flex\">\n<figure class=\"wp-block-image size-large\"><a href=\"https:\/\/rotasturisticas.jundiai.sp.gov.br\/cervejaartesanal\/wp-content\/uploads\/sites\/9\/2023\/12\/IMG_20210615_143844-Lucas-Ambrosin.jpg\"><img loading=\"lazy\" decoding=\"async\" width=\"1280\" height=\"590\" data-id=\"322\" src=\"https:\/\/rotasturisticas.jundiai.sp.gov.br\/cervejaartesanal\/wp-content\/uploads\/sites\/9\/2023\/12\/IMG_20210615_143844-Lucas-Ambrosin.jpg\" alt=\"\" class=\"wp-image-322\" srcset=\"https:\/\/rotasturisticas.jundiai.sp.gov.br\/cervejaartesanal\/wp-content\/uploads\/sites\/9\/2023\/12\/IMG_20210615_143844-Lucas-Ambrosin.jpg 1280w, https:\/\/rotasturisticas.jundiai.sp.gov.br\/cervejaartesanal\/wp-content\/uploads\/sites\/9\/2023\/12\/IMG_20210615_143844-Lucas-Ambrosin-768x354.jpg 768w\" sizes=\"auto, (max-width: 1280px) 100vw, 1280px\" \/><\/a><\/figure>\n\n\n\n<figure class=\"wp-block-image size-large\"><a href=\"https:\/\/rotasturisticas.jundiai.sp.gov.br\/cervejaartesanal\/wp-content\/uploads\/sites\/9\/2023\/12\/IMG_20210615_202756-Lucas-Ambrosin-scaled.jpg\"><img loading=\"lazy\" decoding=\"async\" width=\"438\" height=\"950\" data-id=\"324\" src=\"https:\/\/rotasturisticas.jundiai.sp.gov.br\/cervejaartesanal\/wp-content\/uploads\/sites\/9\/2023\/12\/IMG_20210615_202756-Lucas-Ambrosin-438x950.jpg\" alt=\"\" class=\"wp-image-324\" srcset=\"https:\/\/rotasturisticas.jundiai.sp.gov.br\/cervejaartesanal\/wp-content\/uploads\/sites\/9\/2023\/12\/IMG_20210615_202756-Lucas-Ambrosin-438x950.jpg 438w, https:\/\/rotasturisticas.jundiai.sp.gov.br\/cervejaartesanal\/wp-content\/uploads\/sites\/9\/2023\/12\/IMG_20210615_202756-Lucas-Ambrosin-768x1666.jpg 768w, https:\/\/rotasturisticas.jundiai.sp.gov.br\/cervejaartesanal\/wp-content\/uploads\/sites\/9\/2023\/12\/IMG_20210615_202756-Lucas-Ambrosin-708x1536.jpg 708w, https:\/\/rotasturisticas.jundiai.sp.gov.br\/cervejaartesanal\/wp-content\/uploads\/sites\/9\/2023\/12\/IMG_20210615_202756-Lucas-Ambrosin-944x2048.jpg 944w, https:\/\/rotasturisticas.jundiai.sp.gov.br\/cervejaartesanal\/wp-content\/uploads\/sites\/9\/2023\/12\/IMG_20210615_202756-Lucas-Ambrosin-scaled.jpg 1180w\" sizes=\"auto, (max-width: 438px) 100vw, 438px\" \/><\/a><\/figure>\n\n\n\n<figure class=\"wp-block-image size-large\"><a href=\"https:\/\/rotasturisticas.jundiai.sp.gov.br\/cervejaartesanal\/wp-content\/uploads\/sites\/9\/2023\/12\/IMG_20210615_203214-Lucas-Ambrosin-scaled.jpg\"><img loading=\"lazy\" decoding=\"async\" width=\"438\" height=\"950\" data-id=\"321\" src=\"https:\/\/rotasturisticas.jundiai.sp.gov.br\/cervejaartesanal\/wp-content\/uploads\/sites\/9\/2023\/12\/IMG_20210615_203214-Lucas-Ambrosin-438x950.jpg\" alt=\"\" class=\"wp-image-321\" srcset=\"https:\/\/rotasturisticas.jundiai.sp.gov.br\/cervejaartesanal\/wp-content\/uploads\/sites\/9\/2023\/12\/IMG_20210615_203214-Lucas-Ambrosin-438x950.jpg 438w, https:\/\/rotasturisticas.jundiai.sp.gov.br\/cervejaartesanal\/wp-content\/uploads\/sites\/9\/2023\/12\/IMG_20210615_203214-Lucas-Ambrosin-768x1666.jpg 768w, https:\/\/rotasturisticas.jundiai.sp.gov.br\/cervejaartesanal\/wp-content\/uploads\/sites\/9\/2023\/12\/IMG_20210615_203214-Lucas-Ambrosin-708x1536.jpg 708w, https:\/\/rotasturisticas.jundiai.sp.gov.br\/cervejaartesanal\/wp-content\/uploads\/sites\/9\/2023\/12\/IMG_20210615_203214-Lucas-Ambrosin-944x2048.jpg 944w, https:\/\/rotasturisticas.jundiai.sp.gov.br\/cervejaartesanal\/wp-content\/uploads\/sites\/9\/2023\/12\/IMG_20210615_203214-Lucas-Ambrosin-scaled.jpg 1180w\" sizes=\"auto, (max-width: 438px) 100vw, 438px\" \/><\/a><\/figure>\n\n\n\n<figure class=\"wp-block-image size-large\"><a href=\"https:\/\/rotasturisticas.jundiai.sp.gov.br\/cervejaartesanal\/wp-content\/uploads\/sites\/9\/2023\/12\/IMG_20210615_205216-Lucas-Ambrosin-scaled.jpg\"><img loading=\"lazy\" decoding=\"async\" width=\"438\" height=\"950\" data-id=\"323\" src=\"https:\/\/rotasturisticas.jundiai.sp.gov.br\/cervejaartesanal\/wp-content\/uploads\/sites\/9\/2023\/12\/IMG_20210615_205216-Lucas-Ambrosin-438x950.jpg\" alt=\"\" class=\"wp-image-323\" srcset=\"https:\/\/rotasturisticas.jundiai.sp.gov.br\/cervejaartesanal\/wp-content\/uploads\/sites\/9\/2023\/12\/IMG_20210615_205216-Lucas-Ambrosin-438x950.jpg 438w, https:\/\/rotasturisticas.jundiai.sp.gov.br\/cervejaartesanal\/wp-content\/uploads\/sites\/9\/2023\/12\/IMG_20210615_205216-Lucas-Ambrosin-768x1666.jpg 768w, https:\/\/rotasturisticas.jundiai.sp.gov.br\/cervejaartesanal\/wp-content\/uploads\/sites\/9\/2023\/12\/IMG_20210615_205216-Lucas-Ambrosin-708x1536.jpg 708w, https:\/\/rotasturisticas.jundiai.sp.gov.br\/cervejaartesanal\/wp-content\/uploads\/sites\/9\/2023\/12\/IMG_20210615_205216-Lucas-Ambrosin-944x2048.jpg 944w, https:\/\/rotasturisticas.jundiai.sp.gov.br\/cervejaartesanal\/wp-content\/uploads\/sites\/9\/2023\/12\/IMG_20210615_205216-Lucas-Ambrosin-scaled.jpg 1180w\" sizes=\"auto, (max-width: 438px) 100vw, 438px\" \/><\/a><\/figure>\n\n\n\n<figure class=\"wp-block-image size-large\"><a href=\"https:\/\/rotasturisticas.jundiai.sp.gov.br\/cervejaartesanal\/wp-content\/uploads\/sites\/9\/2023\/12\/IMG_20210615_210234-Lucas-Ambrosin-scaled.jpg\"><img loading=\"lazy\" decoding=\"async\" width=\"438\" height=\"950\" data-id=\"318\" src=\"https:\/\/rotasturisticas.jundiai.sp.gov.br\/cervejaartesanal\/wp-content\/uploads\/sites\/9\/2023\/12\/IMG_20210615_210234-Lucas-Ambrosin-438x950.jpg\" alt=\"\" class=\"wp-image-318\" srcset=\"https:\/\/rotasturisticas.jundiai.sp.gov.br\/cervejaartesanal\/wp-content\/uploads\/sites\/9\/2023\/12\/IMG_20210615_210234-Lucas-Ambrosin-438x950.jpg 438w, https:\/\/rotasturisticas.jundiai.sp.gov.br\/cervejaartesanal\/wp-content\/uploads\/sites\/9\/2023\/12\/IMG_20210615_210234-Lucas-Ambrosin-768x1666.jpg 768w, https:\/\/rotasturisticas.jundiai.sp.gov.br\/cervejaartesanal\/wp-content\/uploads\/sites\/9\/2023\/12\/IMG_20210615_210234-Lucas-Ambrosin-708x1536.jpg 708w, https:\/\/rotasturisticas.jundiai.sp.gov.br\/cervejaartesanal\/wp-content\/uploads\/sites\/9\/2023\/12\/IMG_20210615_210234-Lucas-Ambrosin-944x2048.jpg 944w, https:\/\/rotasturisticas.jundiai.sp.gov.br\/cervejaartesanal\/wp-content\/uploads\/sites\/9\/2023\/12\/IMG_20210615_210234-Lucas-Ambrosin-scaled.jpg 1180w\" sizes=\"auto, (max-width: 438px) 100vw, 438px\" \/><\/a><\/figure>\n\n\n\n<figure class=\"wp-block-image size-large\"><a href=\"https:\/\/rotasturisticas.jundiai.sp.gov.br\/cervejaartesanal\/wp-content\/uploads\/sites\/9\/2023\/12\/IMG_20210605_132235-Lucas-Ambrosin-scaled.jpg\"><img loading=\"lazy\" decoding=\"async\" width=\"438\" height=\"950\" data-id=\"320\" src=\"https:\/\/rotasturisticas.jundiai.sp.gov.br\/cervejaartesanal\/wp-content\/uploads\/sites\/9\/2023\/12\/IMG_20210605_132235-Lucas-Ambrosin-438x950.jpg\" alt=\"\" class=\"wp-image-320\" srcset=\"https:\/\/rotasturisticas.jundiai.sp.gov.br\/cervejaartesanal\/wp-content\/uploads\/sites\/9\/2023\/12\/IMG_20210605_132235-Lucas-Ambrosin-438x950.jpg 438w, https:\/\/rotasturisticas.jundiai.sp.gov.br\/cervejaartesanal\/wp-content\/uploads\/sites\/9\/2023\/12\/IMG_20210605_132235-Lucas-Ambrosin-768x1666.jpg 768w, https:\/\/rotasturisticas.jundiai.sp.gov.br\/cervejaartesanal\/wp-content\/uploads\/sites\/9\/2023\/12\/IMG_20210605_132235-Lucas-Ambrosin-708x1536.jpg 708w, https:\/\/rotasturisticas.jundiai.sp.gov.br\/cervejaartesanal\/wp-content\/uploads\/sites\/9\/2023\/12\/IMG_20210605_132235-Lucas-Ambrosin-944x2048.jpg 944w, https:\/\/rotasturisticas.jundiai.sp.gov.br\/cervejaartesanal\/wp-content\/uploads\/sites\/9\/2023\/12\/IMG_20210605_132235-Lucas-Ambrosin-scaled.jpg 1180w\" sizes=\"auto, (max-width: 438px) 100vw, 438px\" \/><\/a><\/figure>\n<\/figure>\n","protected":false},"excerpt":{"rendered":"<p>Lumantia Cervejaria, uma cervejaria local, que preza pelas qualidades dos seus produtos e a experi\u00eancia de seus clientes, com uma variada carta de cervejas e com experi\u00eancias \u00fanicas a cada gole! Estilos produzidos: American IPA, Belgian Dark Strong Ale, Belgian Tripel, Pilsen, Irish Red Ale<\/p>\n","protected":false},"author":16,"featured_media":0,"parent":106,"menu_order":0,"comment_status":"closed","ping_status":"closed","template":"page-local.php","meta":{"footnotes":""},"class_list":["post-315","page","type-page","status-publish","hentry"],"_links":{"self":[{"href":"https:\/\/rotasturisticas.jundiai.sp.gov.br\/cervejaartesanal\/wp-json\/wp\/v2\/pages\/315","targetHints":{"allow":["GET"]}}],"collection":[{"href":"https:\/\/rotasturisticas.jundiai.sp.gov.br\/cervejaartesanal\/wp-json\/wp\/v2\/pages"}],"about":[{"href":"https:\/\/rotasturisticas.jundiai.sp.gov.br\/cervejaartesanal\/wp-json\/wp\/v2\/types\/page"}],"author":[{"embeddable":true,"href":"https:\/\/rotasturisticas.jundiai.sp.gov.br\/cervejaartesanal\/wp-json\/wp\/v2\/users\/16"}],"replies":[{"embeddable":true,"href":"https:\/\/rotasturisticas.jundiai.sp.gov.br\/cervejaartesanal\/wp-json\/wp\/v2\/comments?post=315"}],"version-history":[{"count":2,"href":"https:\/\/rotasturisticas.jundiai.sp.gov.br\/cervejaartesanal\/wp-json\/wp\/v2\/pages\/315\/revisions"}],"predecessor-version":[{"id":325,"href":"https:\/\/rotasturisticas.jundiai.sp.gov.br\/cervejaartesanal\/wp-json\/wp\/v2\/pages\/315\/revisions\/325"}],"up":[{"embeddable":true,"href":"https:\/\/rotasturisticas.jundiai.sp.gov.br\/cervejaartesanal\/wp-json\/wp\/v2\/pages\/106"}],"wp:attachment":[{"href":"https:\/\/rotasturisticas.jundiai.sp.gov.br\/cervejaartesanal\/wp-json\/wp\/v2\/media?parent=315"}],"curies":[{"name":"wp","href":"https:\/\/api.w.org\/{rel}","templated":true}]}}