{"id":298,"date":"2023-10-19T15:58:07","date_gmt":"2023-10-19T18:58:07","guid":{"rendered":"https:\/\/rotasturisticas.jundiai.sp.gov.br\/cervejaartesanal\/?page_id=298"},"modified":"2023-10-19T16:07:34","modified_gmt":"2023-10-19T19:07:34","slug":"prisma-tap-house","status":"publish","type":"page","link":"https:\/\/rotasturisticas.jundiai.sp.gov.br\/cervejaartesanal\/o-que-visitar\/bares\/prisma-tap-house\/","title":{"rendered":"Prisma Tap House"},"content":{"rendered":"\n<p>S\u00e3o 10 Torneiras de cerveja fresca direto da f\u00e1brica&nbsp;da Cervejaria Prisma, com op\u00e7\u00f5es de petiscos para acompanhar as cervejas como queijos, charcutaria, antepasto e p\u00e3o de malte exclusivo.<\/p>\n\n\n\n<p><strong>Estilos de Cervejas Produzidas:<\/strong> Munich Lager, Session IPA, American IPA, American Wheat com Laranja, Sours Goiaba e Framboesa, American Blonde Ale, Porter, al\u00e9m dos estilos sazonais.<\/p>\n\n\n\n<p><strong>Servi\u00e7os:<\/strong> Degusta\u00e7\u00e3o conduzida, harmoniza\u00e7\u00e3o, experi\u00eancias sensoriais, atendimento por sommelier, servi\u00e7o com torneiras especializadas para cada estilo.<\/p>\n\n\n\n<p><strong>Atendimento:<\/strong> Recebe Grupos de Turismo com agendamento<\/p>\n\n\n\n<figure class=\"wp-block-gallery has-nested-images columns-default is-cropped wp-block-gallery-1 is-layout-flex wp-block-gallery-is-layout-flex\">\n<figure class=\"wp-block-image size-large\"><a href=\"https:\/\/rotasturisticas.jundiai.sp.gov.br\/cervejaartesanal\/wp-content\/uploads\/sites\/9\/2023\/10\/IMG_1860_jpg-Prisma-Cervejaria.jpg\"><img loading=\"lazy\" decoding=\"async\" width=\"535\" height=\"950\" data-id=\"300\" src=\"https:\/\/rotasturisticas.jundiai.sp.gov.br\/cervejaartesanal\/wp-content\/uploads\/sites\/9\/2023\/10\/IMG_1860_jpg-Prisma-Cervejaria-535x950.jpg\" alt=\"\" class=\"wp-image-300\" srcset=\"https:\/\/rotasturisticas.jundiai.sp.gov.br\/cervejaartesanal\/wp-content\/uploads\/sites\/9\/2023\/10\/IMG_1860_jpg-Prisma-Cervejaria-535x950.jpg 535w, https:\/\/rotasturisticas.jundiai.sp.gov.br\/cervejaartesanal\/wp-content\/uploads\/sites\/9\/2023\/10\/IMG_1860_jpg-Prisma-Cervejaria-768x1365.jpg 768w, https:\/\/rotasturisticas.jundiai.sp.gov.br\/cervejaartesanal\/wp-content\/uploads\/sites\/9\/2023\/10\/IMG_1860_jpg-Prisma-Cervejaria-864x1536.jpg 864w, https:\/\/rotasturisticas.jundiai.sp.gov.br\/cervejaartesanal\/wp-content\/uploads\/sites\/9\/2023\/10\/IMG_1860_jpg-Prisma-Cervejaria-1152x2048.jpg 1152w, https:\/\/rotasturisticas.jundiai.sp.gov.br\/cervejaartesanal\/wp-content\/uploads\/sites\/9\/2023\/10\/IMG_1860_jpg-Prisma-Cervejaria.jpg 1280w\" sizes=\"auto, (max-width: 535px) 100vw, 535px\" \/><\/a><\/figure>\n\n\n\n<figure class=\"wp-block-image size-large\"><a href=\"https:\/\/rotasturisticas.jundiai.sp.gov.br\/cervejaartesanal\/wp-content\/uploads\/sites\/9\/2023\/10\/IMG_2068-Prisma-Cervejaria.jpg\"><img loading=\"lazy\" decoding=\"async\" width=\"633\" height=\"950\" data-id=\"307\" src=\"https:\/\/rotasturisticas.jundiai.sp.gov.br\/cervejaartesanal\/wp-content\/uploads\/sites\/9\/2023\/10\/IMG_2068-Prisma-Cervejaria-633x950.jpg\" alt=\"\" class=\"wp-image-307\" srcset=\"https:\/\/rotasturisticas.jundiai.sp.gov.br\/cervejaartesanal\/wp-content\/uploads\/sites\/9\/2023\/10\/IMG_2068-Prisma-Cervejaria-633x950.jpg 633w, https:\/\/rotasturisticas.jundiai.sp.gov.br\/cervejaartesanal\/wp-content\/uploads\/sites\/9\/2023\/10\/IMG_2068-Prisma-Cervejaria-768x1152.jpg 768w, https:\/\/rotasturisticas.jundiai.sp.gov.br\/cervejaartesanal\/wp-content\/uploads\/sites\/9\/2023\/10\/IMG_2068-Prisma-Cervejaria-1024x1536.jpg 1024w, https:\/\/rotasturisticas.jundiai.sp.gov.br\/cervejaartesanal\/wp-content\/uploads\/sites\/9\/2023\/10\/IMG_2068-Prisma-Cervejaria.jpg 1280w\" sizes=\"auto, (max-width: 633px) 100vw, 633px\" \/><\/a><\/figure>\n\n\n\n<figure class=\"wp-block-image size-large\"><a href=\"https:\/\/rotasturisticas.jundiai.sp.gov.br\/cervejaartesanal\/wp-content\/uploads\/sites\/9\/2023\/10\/IMG_8598-Prisma-Cervejaria.jpg\"><img loading=\"lazy\" decoding=\"async\" width=\"712\" height=\"950\" data-id=\"302\" src=\"https:\/\/rotasturisticas.jundiai.sp.gov.br\/cervejaartesanal\/wp-content\/uploads\/sites\/9\/2023\/10\/IMG_8598-Prisma-Cervejaria-712x950.jpg\" alt=\"\" class=\"wp-image-302\" srcset=\"https:\/\/rotasturisticas.jundiai.sp.gov.br\/cervejaartesanal\/wp-content\/uploads\/sites\/9\/2023\/10\/IMG_8598-Prisma-Cervejaria-712x950.jpg 712w, https:\/\/rotasturisticas.jundiai.sp.gov.br\/cervejaartesanal\/wp-content\/uploads\/sites\/9\/2023\/10\/IMG_8598-Prisma-Cervejaria-768x1024.jpg 768w, https:\/\/rotasturisticas.jundiai.sp.gov.br\/cervejaartesanal\/wp-content\/uploads\/sites\/9\/2023\/10\/IMG_8598-Prisma-Cervejaria-1152x1536.jpg 1152w, https:\/\/rotasturisticas.jundiai.sp.gov.br\/cervejaartesanal\/wp-content\/uploads\/sites\/9\/2023\/10\/IMG_8598-Prisma-Cervejaria.jpg 1280w\" sizes=\"auto, (max-width: 712px) 100vw, 712px\" \/><\/a><\/figure>\n\n\n\n<figure class=\"wp-block-image size-large\"><a href=\"https:\/\/rotasturisticas.jundiai.sp.gov.br\/cervejaartesanal\/wp-content\/uploads\/sites\/9\/2023\/10\/IMG_8644-Prisma-Cervejaria.jpg\"><img loading=\"lazy\" decoding=\"async\" width=\"633\" height=\"950\" data-id=\"306\" src=\"https:\/\/rotasturisticas.jundiai.sp.gov.br\/cervejaartesanal\/wp-content\/uploads\/sites\/9\/2023\/10\/IMG_8644-Prisma-Cervejaria-633x950.jpg\" alt=\"\" class=\"wp-image-306\" srcset=\"https:\/\/rotasturisticas.jundiai.sp.gov.br\/cervejaartesanal\/wp-content\/uploads\/sites\/9\/2023\/10\/IMG_8644-Prisma-Cervejaria-633x950.jpg 633w, https:\/\/rotasturisticas.jundiai.sp.gov.br\/cervejaartesanal\/wp-content\/uploads\/sites\/9\/2023\/10\/IMG_8644-Prisma-Cervejaria-768x1152.jpg 768w, https:\/\/rotasturisticas.jundiai.sp.gov.br\/cervejaartesanal\/wp-content\/uploads\/sites\/9\/2023\/10\/IMG_8644-Prisma-Cervejaria-1024x1536.jpg 1024w, https:\/\/rotasturisticas.jundiai.sp.gov.br\/cervejaartesanal\/wp-content\/uploads\/sites\/9\/2023\/10\/IMG_8644-Prisma-Cervejaria.jpg 1280w\" sizes=\"auto, (max-width: 633px) 100vw, 633px\" \/><\/a><\/figure>\n\n\n\n<figure class=\"wp-block-image size-large\"><a href=\"https:\/\/rotasturisticas.jundiai.sp.gov.br\/cervejaartesanal\/wp-content\/uploads\/sites\/9\/2023\/10\/IMG_8634-Prisma-Cervejaria.jpg\"><img loading=\"lazy\" decoding=\"async\" width=\"633\" height=\"950\" data-id=\"303\" src=\"https:\/\/rotasturisticas.jundiai.sp.gov.br\/cervejaartesanal\/wp-content\/uploads\/sites\/9\/2023\/10\/IMG_8634-Prisma-Cervejaria-633x950.jpg\" alt=\"\" class=\"wp-image-303\" srcset=\"https:\/\/rotasturisticas.jundiai.sp.gov.br\/cervejaartesanal\/wp-content\/uploads\/sites\/9\/2023\/10\/IMG_8634-Prisma-Cervejaria-633x950.jpg 633w, https:\/\/rotasturisticas.jundiai.sp.gov.br\/cervejaartesanal\/wp-content\/uploads\/sites\/9\/2023\/10\/IMG_8634-Prisma-Cervejaria-768x1152.jpg 768w, https:\/\/rotasturisticas.jundiai.sp.gov.br\/cervejaartesanal\/wp-content\/uploads\/sites\/9\/2023\/10\/IMG_8634-Prisma-Cervejaria-1024x1536.jpg 1024w, https:\/\/rotasturisticas.jundiai.sp.gov.br\/cervejaartesanal\/wp-content\/uploads\/sites\/9\/2023\/10\/IMG_8634-Prisma-Cervejaria.jpg 1280w\" sizes=\"auto, (max-width: 633px) 100vw, 633px\" \/><\/a><\/figure>\n\n\n\n<figure class=\"wp-block-image size-large\"><a href=\"https:\/\/rotasturisticas.jundiai.sp.gov.br\/cervejaartesanal\/wp-content\/uploads\/sites\/9\/2023\/10\/IMG_8671-Prisma-Cervejaria.jpg\"><img loading=\"lazy\" decoding=\"async\" width=\"633\" height=\"950\" data-id=\"304\" src=\"https:\/\/rotasturisticas.jundiai.sp.gov.br\/cervejaartesanal\/wp-content\/uploads\/sites\/9\/2023\/10\/IMG_8671-Prisma-Cervejaria-633x950.jpg\" alt=\"\" class=\"wp-image-304\" srcset=\"https:\/\/rotasturisticas.jundiai.sp.gov.br\/cervejaartesanal\/wp-content\/uploads\/sites\/9\/2023\/10\/IMG_8671-Prisma-Cervejaria-633x950.jpg 633w, https:\/\/rotasturisticas.jundiai.sp.gov.br\/cervejaartesanal\/wp-content\/uploads\/sites\/9\/2023\/10\/IMG_8671-Prisma-Cervejaria-768x1152.jpg 768w, https:\/\/rotasturisticas.jundiai.sp.gov.br\/cervejaartesanal\/wp-content\/uploads\/sites\/9\/2023\/10\/IMG_8671-Prisma-Cervejaria-1024x1536.jpg 1024w, https:\/\/rotasturisticas.jundiai.sp.gov.br\/cervejaartesanal\/wp-content\/uploads\/sites\/9\/2023\/10\/IMG_8671-Prisma-Cervejaria.jpg 1280w\" sizes=\"auto, (max-width: 633px) 100vw, 633px\" \/><\/a><\/figure>\n\n\n\n<figure class=\"wp-block-image size-large\"><a href=\"https:\/\/rotasturisticas.jundiai.sp.gov.br\/cervejaartesanal\/wp-content\/uploads\/sites\/9\/2023\/10\/IMG_8456-Prisma-Cervejaria.jpg\"><img loading=\"lazy\" decoding=\"async\" width=\"633\" height=\"950\" data-id=\"301\" src=\"https:\/\/rotasturisticas.jundiai.sp.gov.br\/cervejaartesanal\/wp-content\/uploads\/sites\/9\/2023\/10\/IMG_8456-Prisma-Cervejaria-633x950.jpg\" alt=\"\" class=\"wp-image-301\" srcset=\"https:\/\/rotasturisticas.jundiai.sp.gov.br\/cervejaartesanal\/wp-content\/uploads\/sites\/9\/2023\/10\/IMG_8456-Prisma-Cervejaria-633x950.jpg 633w, https:\/\/rotasturisticas.jundiai.sp.gov.br\/cervejaartesanal\/wp-content\/uploads\/sites\/9\/2023\/10\/IMG_8456-Prisma-Cervejaria-768x1152.jpg 768w, https:\/\/rotasturisticas.jundiai.sp.gov.br\/cervejaartesanal\/wp-content\/uploads\/sites\/9\/2023\/10\/IMG_8456-Prisma-Cervejaria-1024x1536.jpg 1024w, https:\/\/rotasturisticas.jundiai.sp.gov.br\/cervejaartesanal\/wp-content\/uploads\/sites\/9\/2023\/10\/IMG_8456-Prisma-Cervejaria.jpg 1280w\" sizes=\"auto, (max-width: 633px) 100vw, 633px\" \/><\/a><\/figure>\n\n\n\n<figure class=\"wp-block-image size-large\"><a href=\"https:\/\/rotasturisticas.jundiai.sp.gov.br\/cervejaartesanal\/wp-content\/uploads\/sites\/9\/2023\/10\/IMG_8465-Prisma-Cervejaria.jpg\"><img loading=\"lazy\" decoding=\"async\" width=\"633\" height=\"950\" data-id=\"305\" src=\"https:\/\/rotasturisticas.jundiai.sp.gov.br\/cervejaartesanal\/wp-content\/uploads\/sites\/9\/2023\/10\/IMG_8465-Prisma-Cervejaria-633x950.jpg\" alt=\"\" class=\"wp-image-305\" srcset=\"https:\/\/rotasturisticas.jundiai.sp.gov.br\/cervejaartesanal\/wp-content\/uploads\/sites\/9\/2023\/10\/IMG_8465-Prisma-Cervejaria-633x950.jpg 633w, https:\/\/rotasturisticas.jundiai.sp.gov.br\/cervejaartesanal\/wp-content\/uploads\/sites\/9\/2023\/10\/IMG_8465-Prisma-Cervejaria-768x1152.jpg 768w, https:\/\/rotasturisticas.jundiai.sp.gov.br\/cervejaartesanal\/wp-content\/uploads\/sites\/9\/2023\/10\/IMG_8465-Prisma-Cervejaria-1024x1536.jpg 1024w, https:\/\/rotasturisticas.jundiai.sp.gov.br\/cervejaartesanal\/wp-content\/uploads\/sites\/9\/2023\/10\/IMG_8465-Prisma-Cervejaria.jpg 1280w\" sizes=\"auto, (max-width: 633px) 100vw, 633px\" \/><\/a><\/figure>\n\n\n\n<figure class=\"wp-block-image size-large\"><a href=\"https:\/\/rotasturisticas.jundiai.sp.gov.br\/cervejaartesanal\/wp-content\/uploads\/sites\/9\/2023\/10\/IMG_2081_jpg-Prisma-Cervejaria.jpg\"><img loading=\"lazy\" decoding=\"async\" width=\"535\" height=\"950\" data-id=\"299\" src=\"https:\/\/rotasturisticas.jundiai.sp.gov.br\/cervejaartesanal\/wp-content\/uploads\/sites\/9\/2023\/10\/IMG_2081_jpg-Prisma-Cervejaria-535x950.jpg\" alt=\"\" class=\"wp-image-299\" srcset=\"https:\/\/rotasturisticas.jundiai.sp.gov.br\/cervejaartesanal\/wp-content\/uploads\/sites\/9\/2023\/10\/IMG_2081_jpg-Prisma-Cervejaria-535x950.jpg 535w, https:\/\/rotasturisticas.jundiai.sp.gov.br\/cervejaartesanal\/wp-content\/uploads\/sites\/9\/2023\/10\/IMG_2081_jpg-Prisma-Cervejaria-768x1365.jpg 768w, https:\/\/rotasturisticas.jundiai.sp.gov.br\/cervejaartesanal\/wp-content\/uploads\/sites\/9\/2023\/10\/IMG_2081_jpg-Prisma-Cervejaria-864x1536.jpg 864w, https:\/\/rotasturisticas.jundiai.sp.gov.br\/cervejaartesanal\/wp-content\/uploads\/sites\/9\/2023\/10\/IMG_2081_jpg-Prisma-Cervejaria-1152x2048.jpg 1152w, https:\/\/rotasturisticas.jundiai.sp.gov.br\/cervejaartesanal\/wp-content\/uploads\/sites\/9\/2023\/10\/IMG_2081_jpg-Prisma-Cervejaria.jpg 1280w\" sizes=\"auto, (max-width: 535px) 100vw, 535px\" \/><\/a><\/figure>\n<\/figure>\n","protected":false},"excerpt":{"rendered":"<p>S\u00e3o 10 Torneiras de cerveja fresca direto da f\u00e1brica&nbsp;da Cervejaria Prisma, com op\u00e7\u00f5es de petiscos para acompanhar as cervejas como queijos, charcutaria, antepasto e p\u00e3o de malte exclusivo. Estilos de Cervejas Produzidas: Munich Lager, Session IPA, American IPA, American Wheat com Laranja, Sours Goiaba e Framboesa, American Blonde Ale, Porter, al\u00e9m dos estilos sazonais. Servi\u00e7os: [&hellip;]<\/p>\n","protected":false},"author":16,"featured_media":0,"parent":101,"menu_order":0,"comment_status":"closed","ping_status":"closed","template":"page-local.php","meta":{"footnotes":""},"class_list":["post-298","page","type-page","status-publish","hentry"],"_links":{"self":[{"href":"https:\/\/rotasturisticas.jundiai.sp.gov.br\/cervejaartesanal\/wp-json\/wp\/v2\/pages\/298","targetHints":{"allow":["GET"]}}],"collection":[{"href":"https:\/\/rotasturisticas.jundiai.sp.gov.br\/cervejaartesanal\/wp-json\/wp\/v2\/pages"}],"about":[{"href":"https:\/\/rotasturisticas.jundiai.sp.gov.br\/cervejaartesanal\/wp-json\/wp\/v2\/types\/page"}],"author":[{"embeddable":true,"href":"https:\/\/rotasturisticas.jundiai.sp.gov.br\/cervejaartesanal\/wp-json\/wp\/v2\/users\/16"}],"replies":[{"embeddable":true,"href":"https:\/\/rotasturisticas.jundiai.sp.gov.br\/cervejaartesanal\/wp-json\/wp\/v2\/comments?post=298"}],"version-history":[{"count":3,"href":"https:\/\/rotasturisticas.jundiai.sp.gov.br\/cervejaartesanal\/wp-json\/wp\/v2\/pages\/298\/revisions"}],"predecessor-version":[{"id":312,"href":"https:\/\/rotasturisticas.jundiai.sp.gov.br\/cervejaartesanal\/wp-json\/wp\/v2\/pages\/298\/revisions\/312"}],"up":[{"embeddable":true,"href":"https:\/\/rotasturisticas.jundiai.sp.gov.br\/cervejaartesanal\/wp-json\/wp\/v2\/pages\/101"}],"wp:attachment":[{"href":"https:\/\/rotasturisticas.jundiai.sp.gov.br\/cervejaartesanal\/wp-json\/wp\/v2\/media?parent=298"}],"curies":[{"name":"wp","href":"https:\/\/api.w.org\/{rel}","templated":true}]}}