{"id":289,"date":"2023-10-19T14:51:08","date_gmt":"2023-10-19T17:51:08","guid":{"rendered":"https:\/\/rotasturisticas.jundiai.sp.gov.br\/cervejaartesanal\/?page_id=289"},"modified":"2024-08-23T12:33:42","modified_gmt":"2024-08-23T15:33:42","slug":"the-bricks-brewpub","status":"publish","type":"page","link":"https:\/\/rotasturisticas.jundiai.sp.gov.br\/cervejaartesanal\/o-que-visitar\/brew-pubs\/the-bricks-brewpub\/","title":{"rendered":"The Bricks Brewpub"},"content":{"rendered":"\n<p>O termo Brewpub refere-se a um ambiente com caracter\u00edsticas dos tradicionais bares da Inglaterra e Alemanha que produzem sua pr\u00f3pria cerveja de maneira totalmente artesanal e tradicional, com consumo local.<br>Dessa maneira, o processo produtivo da cerveja \u00e9 totalmente artesanal e realizado por equipamentos apropriados para a fabrica\u00e7\u00e3o em pequena escala de cervejas com receitas tradicionais e especiais.<br>Desde 2013, os propriet\u00e1rios do The Bricks Brewpub iniciaram as fabrica\u00e7\u00f5es das cervejas artesanais como cervejeiros caseiros, da forma mais rustica poss\u00edvel, realizando as brasagens em um fog\u00e3o a lenha. Ap\u00f3s v\u00e1rios anos de fabrica\u00e7\u00f5es caseiras com elogios dos amigos cervejeiros, os propriet\u00e1rios realizaram cursos profissionalizantes de produ\u00e7\u00e3o cervejeira, mestre cervejeiro e sommelier de cervejas, onde puderam colocar em pr\u00e1tica um sonho de abrir uma cervejaria artesanal, onde est\u00e3o fabricando as cervejas com o mesmo amor e qualidade de quando faziam no in\u00edcio.<br>Os estilos das cervejas fabricadas no The Bricks Brewpub, dentre outras, s\u00e3o a English IPA, Pilsen, Hop Lager, Red Ale, Witbeer.<br>Al\u00e9m das cervejas artesanais, temos os pratos que harmonizam perfeitamente com as nossas cervejas como comidas de boteco e pratos Alem\u00e3es, al\u00e9m das comidas t\u00edpicas da regi\u00e3o do bairro do caxambu.<br>Venham sentir a experi\u00eancia de tomar uma cerveja fresca, retirada diretamente do tanque, com os pratos escolhidos para suas harmoniza\u00e7\u00f5es em um ambiente agrad\u00e1vel e familiar.<\/p>\n\n\n\n<p><strong>Estilos de Cervejas produzidas:&nbsp;<\/strong>American IPA, English IPA, English Pale Ale, India Pale Ale, New England IPA, Pilsen, Stout, Witbier, hopLager, Red Ale<\/p>\n\n\n\n<p><strong>Servi\u00e7os e experi\u00eancias:<\/strong>&nbsp;Visita guiada a produ\u00e7\u00e3o, Degusta\u00e7\u00e3o conduzida, Harmoniza\u00e7\u00e3o, Cursos, Card\u00e1pio especial com receitas \u00e0 base de cerveja<\/p>\n\n\n\n<p><strong>Atendimento:<\/strong>&nbsp;Recebe Grupos de Turismo com agendamento<\/p>\n\n\n\n<figure class=\"wp-block-gallery has-nested-images columns-default is-cropped wp-block-gallery-1 is-layout-flex wp-block-gallery-is-layout-flex\">\n<figure class=\"wp-block-image size-large\"><a href=\"https:\/\/rotasturisticas.jundiai.sp.gov.br\/cervejaartesanal\/wp-content\/uploads\/sites\/9\/2023\/10\/Imagem-do-WhatsApp-de-2023-08-20-as-13.07.31-Alexandre-Alberto-Clarindo.jpg\"><img loading=\"lazy\" decoding=\"async\" width=\"1280\" height=\"577\" data-id=\"291\" src=\"https:\/\/rotasturisticas.jundiai.sp.gov.br\/cervejaartesanal\/wp-content\/uploads\/sites\/9\/2023\/10\/Imagem-do-WhatsApp-de-2023-08-20-as-13.07.31-Alexandre-Alberto-Clarindo.jpg\" alt=\"\" class=\"wp-image-291\" srcset=\"https:\/\/rotasturisticas.jundiai.sp.gov.br\/cervejaartesanal\/wp-content\/uploads\/sites\/9\/2023\/10\/Imagem-do-WhatsApp-de-2023-08-20-as-13.07.31-Alexandre-Alberto-Clarindo.jpg 1280w, https:\/\/rotasturisticas.jundiai.sp.gov.br\/cervejaartesanal\/wp-content\/uploads\/sites\/9\/2023\/10\/Imagem-do-WhatsApp-de-2023-08-20-as-13.07.31-Alexandre-Alberto-Clarindo-768x346.jpg 768w\" sizes=\"auto, (max-width: 1280px) 100vw, 1280px\" \/><\/a><\/figure>\n\n\n\n<figure class=\"wp-block-image size-large\"><a href=\"https:\/\/rotasturisticas.jundiai.sp.gov.br\/cervejaartesanal\/wp-content\/uploads\/sites\/9\/2023\/10\/Imagem-do-WhatsApp-de-2023-08-20-as-13.08.06-Alexandre-Alberto-Clarindo.jpg\"><img loading=\"lazy\" decoding=\"async\" width=\"1280\" height=\"575\" data-id=\"292\" src=\"https:\/\/rotasturisticas.jundiai.sp.gov.br\/cervejaartesanal\/wp-content\/uploads\/sites\/9\/2023\/10\/Imagem-do-WhatsApp-de-2023-08-20-as-13.08.06-Alexandre-Alberto-Clarindo.jpg\" alt=\"\" class=\"wp-image-292\" srcset=\"https:\/\/rotasturisticas.jundiai.sp.gov.br\/cervejaartesanal\/wp-content\/uploads\/sites\/9\/2023\/10\/Imagem-do-WhatsApp-de-2023-08-20-as-13.08.06-Alexandre-Alberto-Clarindo.jpg 1280w, https:\/\/rotasturisticas.jundiai.sp.gov.br\/cervejaartesanal\/wp-content\/uploads\/sites\/9\/2023\/10\/Imagem-do-WhatsApp-de-2023-08-20-as-13.08.06-Alexandre-Alberto-Clarindo-768x345.jpg 768w\" sizes=\"auto, (max-width: 1280px) 100vw, 1280px\" \/><\/a><\/figure>\n\n\n\n<figure class=\"wp-block-image size-large\"><a href=\"https:\/\/rotasturisticas.jundiai.sp.gov.br\/cervejaartesanal\/wp-content\/uploads\/sites\/9\/2023\/10\/Imagem-do-WhatsApp-de-2023-08-20-as-13.15.32-Alexandre-Alberto-Clarindo.jpg\"><img loading=\"lazy\" decoding=\"async\" width=\"1080\" height=\"731\" data-id=\"290\" src=\"https:\/\/rotasturisticas.jundiai.sp.gov.br\/cervejaartesanal\/wp-content\/uploads\/sites\/9\/2023\/10\/Imagem-do-WhatsApp-de-2023-08-20-as-13.15.32-Alexandre-Alberto-Clarindo.jpg\" alt=\"\" class=\"wp-image-290\" srcset=\"https:\/\/rotasturisticas.jundiai.sp.gov.br\/cervejaartesanal\/wp-content\/uploads\/sites\/9\/2023\/10\/Imagem-do-WhatsApp-de-2023-08-20-as-13.15.32-Alexandre-Alberto-Clarindo.jpg 1080w, https:\/\/rotasturisticas.jundiai.sp.gov.br\/cervejaartesanal\/wp-content\/uploads\/sites\/9\/2023\/10\/Imagem-do-WhatsApp-de-2023-08-20-as-13.15.32-Alexandre-Alberto-Clarindo-768x520.jpg 768w\" sizes=\"auto, (max-width: 1080px) 100vw, 1080px\" \/><\/a><\/figure>\n\n\n\n<figure class=\"wp-block-image size-large\"><a href=\"https:\/\/rotasturisticas.jundiai.sp.gov.br\/cervejaartesanal\/wp-content\/uploads\/sites\/9\/2023\/10\/Imagem-do-WhatsApp-de-2023-08-20-as-13.15.33-Alexandre-Alberto-Clarindo.jpg\"><img loading=\"lazy\" decoding=\"async\" width=\"950\" height=\"950\" data-id=\"293\" src=\"https:\/\/rotasturisticas.jundiai.sp.gov.br\/cervejaartesanal\/wp-content\/uploads\/sites\/9\/2023\/10\/Imagem-do-WhatsApp-de-2023-08-20-as-13.15.33-Alexandre-Alberto-Clarindo-950x950.jpg\" alt=\"\" class=\"wp-image-293\" srcset=\"https:\/\/rotasturisticas.jundiai.sp.gov.br\/cervejaartesanal\/wp-content\/uploads\/sites\/9\/2023\/10\/Imagem-do-WhatsApp-de-2023-08-20-as-13.15.33-Alexandre-Alberto-Clarindo-950x950.jpg 950w, https:\/\/rotasturisticas.jundiai.sp.gov.br\/cervejaartesanal\/wp-content\/uploads\/sites\/9\/2023\/10\/Imagem-do-WhatsApp-de-2023-08-20-as-13.15.33-Alexandre-Alberto-Clarindo-100x100.jpg 100w, https:\/\/rotasturisticas.jundiai.sp.gov.br\/cervejaartesanal\/wp-content\/uploads\/sites\/9\/2023\/10\/Imagem-do-WhatsApp-de-2023-08-20-as-13.15.33-Alexandre-Alberto-Clarindo-768x768.jpg 768w, https:\/\/rotasturisticas.jundiai.sp.gov.br\/cervejaartesanal\/wp-content\/uploads\/sites\/9\/2023\/10\/Imagem-do-WhatsApp-de-2023-08-20-as-13.15.33-Alexandre-Alberto-Clarindo.jpg 1200w\" sizes=\"auto, (max-width: 950px) 100vw, 950px\" \/><\/a><\/figure>\n\n\n\n<figure class=\"wp-block-image size-large\"><a href=\"https:\/\/rotasturisticas.jundiai.sp.gov.br\/cervejaartesanal\/wp-content\/uploads\/sites\/9\/2023\/10\/Imagem-do-WhatsApp-de-2023-07-13-as-20.41.07-Alexandre-Alberto-Clarindo.jpg\"><img loading=\"lazy\" decoding=\"async\" width=\"633\" height=\"950\" data-id=\"295\" src=\"https:\/\/rotasturisticas.jundiai.sp.gov.br\/cervejaartesanal\/wp-content\/uploads\/sites\/9\/2023\/10\/Imagem-do-WhatsApp-de-2023-07-13-as-20.41.07-Alexandre-Alberto-Clarindo-633x950.jpg\" alt=\"\" class=\"wp-image-295\" srcset=\"https:\/\/rotasturisticas.jundiai.sp.gov.br\/cervejaartesanal\/wp-content\/uploads\/sites\/9\/2023\/10\/Imagem-do-WhatsApp-de-2023-07-13-as-20.41.07-Alexandre-Alberto-Clarindo-633x950.jpg 633w, https:\/\/rotasturisticas.jundiai.sp.gov.br\/cervejaartesanal\/wp-content\/uploads\/sites\/9\/2023\/10\/Imagem-do-WhatsApp-de-2023-07-13-as-20.41.07-Alexandre-Alberto-Clarindo-768x1153.jpg 768w, https:\/\/rotasturisticas.jundiai.sp.gov.br\/cervejaartesanal\/wp-content\/uploads\/sites\/9\/2023\/10\/Imagem-do-WhatsApp-de-2023-07-13-as-20.41.07-Alexandre-Alberto-Clarindo-1023x1536.jpg 1023w, https:\/\/rotasturisticas.jundiai.sp.gov.br\/cervejaartesanal\/wp-content\/uploads\/sites\/9\/2023\/10\/Imagem-do-WhatsApp-de-2023-07-13-as-20.41.07-Alexandre-Alberto-Clarindo.jpg 1066w\" sizes=\"auto, (max-width: 633px) 100vw, 633px\" \/><\/a><\/figure>\n\n\n\n<figure class=\"wp-block-image size-large\"><a href=\"https:\/\/rotasturisticas.jundiai.sp.gov.br\/cervejaartesanal\/wp-content\/uploads\/sites\/9\/2023\/10\/Imagem-do-WhatsApp-de-2023-08-20-as-13.06.16-Alexandre-Alberto-Clarindo.jpg\"><img loading=\"lazy\" decoding=\"async\" width=\"1280\" height=\"577\" data-id=\"294\" src=\"https:\/\/rotasturisticas.jundiai.sp.gov.br\/cervejaartesanal\/wp-content\/uploads\/sites\/9\/2023\/10\/Imagem-do-WhatsApp-de-2023-08-20-as-13.06.16-Alexandre-Alberto-Clarindo.jpg\" alt=\"\" class=\"wp-image-294\" srcset=\"https:\/\/rotasturisticas.jundiai.sp.gov.br\/cervejaartesanal\/wp-content\/uploads\/sites\/9\/2023\/10\/Imagem-do-WhatsApp-de-2023-08-20-as-13.06.16-Alexandre-Alberto-Clarindo.jpg 1280w, https:\/\/rotasturisticas.jundiai.sp.gov.br\/cervejaartesanal\/wp-content\/uploads\/sites\/9\/2023\/10\/Imagem-do-WhatsApp-de-2023-08-20-as-13.06.16-Alexandre-Alberto-Clarindo-768x346.jpg 768w\" sizes=\"auto, (max-width: 1280px) 100vw, 1280px\" \/><\/a><\/figure>\n<\/figure>\n","protected":false},"excerpt":{"rendered":"<p>O termo Brewpub refere-se a um ambiente com caracter\u00edsticas dos tradicionais bares da Inglaterra e Alemanha que produzem sua pr\u00f3pria cerveja de maneira totalmente artesanal e tradicional, com consumo local.Dessa maneira, o processo produtivo da cerveja \u00e9 totalmente artesanal e realizado por equipamentos apropriados para a fabrica\u00e7\u00e3o em pequena escala de cervejas com receitas tradicionais [&hellip;]<\/p>\n","protected":false},"author":16,"featured_media":0,"parent":99,"menu_order":0,"comment_status":"closed","ping_status":"closed","template":"page-local.php","meta":{"footnotes":""},"class_list":["post-289","page","type-page","status-publish","hentry"],"_links":{"self":[{"href":"https:\/\/rotasturisticas.jundiai.sp.gov.br\/cervejaartesanal\/wp-json\/wp\/v2\/pages\/289","targetHints":{"allow":["GET"]}}],"collection":[{"href":"https:\/\/rotasturisticas.jundiai.sp.gov.br\/cervejaartesanal\/wp-json\/wp\/v2\/pages"}],"about":[{"href":"https:\/\/rotasturisticas.jundiai.sp.gov.br\/cervejaartesanal\/wp-json\/wp\/v2\/types\/page"}],"author":[{"embeddable":true,"href":"https:\/\/rotasturisticas.jundiai.sp.gov.br\/cervejaartesanal\/wp-json\/wp\/v2\/users\/16"}],"replies":[{"embeddable":true,"href":"https:\/\/rotasturisticas.jundiai.sp.gov.br\/cervejaartesanal\/wp-json\/wp\/v2\/comments?post=289"}],"version-history":[{"count":4,"href":"https:\/\/rotasturisticas.jundiai.sp.gov.br\/cervejaartesanal\/wp-json\/wp\/v2\/pages\/289\/revisions"}],"predecessor-version":[{"id":338,"href":"https:\/\/rotasturisticas.jundiai.sp.gov.br\/cervejaartesanal\/wp-json\/wp\/v2\/pages\/289\/revisions\/338"}],"up":[{"embeddable":true,"href":"https:\/\/rotasturisticas.jundiai.sp.gov.br\/cervejaartesanal\/wp-json\/wp\/v2\/pages\/99"}],"wp:attachment":[{"href":"https:\/\/rotasturisticas.jundiai.sp.gov.br\/cervejaartesanal\/wp-json\/wp\/v2\/media?parent=289"}],"curies":[{"name":"wp","href":"https:\/\/api.w.org\/{rel}","templated":true}]}}