{"id":106,"date":"2022-11-29T15:12:51","date_gmt":"2022-11-29T18:12:51","guid":{"rendered":"https:\/\/rotasturisticas.jundiai.sp.gov.br\/cervejaartesanal\/?page_id=106"},"modified":"2024-02-15T17:52:10","modified_gmt":"2024-02-15T20:52:10","slug":"cervejarias-artesanais-ciganas","status":"publish","type":"page","link":"https:\/\/rotasturisticas.jundiai.sp.gov.br\/cervejaartesanal\/o-que-visitar\/cervejarias-artesanais-ciganas\/","title":{"rendered":"Cervejarias Artesanais &#8211; Ciganas"},"content":{"rendered":"\n<p>As Cervejarias Ciganas, s\u00e3o as cervejarias que n\u00e3o possuem maquin\u00e1rio pr\u00f3prio e produzem suas receitas em f\u00e1bricas de outras cervejarias. <\/p>\n\n\n\n<p>Na Rota da Cerveja Artesanal de Jundia\u00ed voc\u00ea pode encontrar os estilos produzidos pelas Cervejarias Ciganas em alguns dos bares da cidade ou em eventos de Jundia\u00ed e regi\u00e3o.<\/p>\n\n\n\n<p>Conhe\u00e7a as Cervejarias Ciganas:<\/p>\n","protected":false},"excerpt":{"rendered":"<p>As Cervejarias Ciganas, s\u00e3o as cervejarias que n\u00e3o possuem maquin\u00e1rio pr\u00f3prio e produzem suas receitas em f\u00e1bricas de outras cervejarias. Na Rota da Cerveja Artesanal de Jundia\u00ed voc\u00ea pode encontrar os estilos produzidos pelas Cervejarias Ciganas em alguns dos bares da cidade ou em eventos de Jundia\u00ed e regi\u00e3o. Conhe\u00e7a as Cervejarias Ciganas:<\/p>\n","protected":false},"author":16,"featured_media":258,"parent":12,"menu_order":1,"comment_status":"closed","ping_status":"closed","template":"","meta":{"footnotes":""},"class_list":["post-106","page","type-page","status-publish","has-post-thumbnail","hentry"],"_links":{"self":[{"href":"https:\/\/rotasturisticas.jundiai.sp.gov.br\/cervejaartesanal\/wp-json\/wp\/v2\/pages\/106","targetHints":{"allow":["GET"]}}],"collection":[{"href":"https:\/\/rotasturisticas.jundiai.sp.gov.br\/cervejaartesanal\/wp-json\/wp\/v2\/pages"}],"about":[{"href":"https:\/\/rotasturisticas.jundiai.sp.gov.br\/cervejaartesanal\/wp-json\/wp\/v2\/types\/page"}],"author":[{"embeddable":true,"href":"https:\/\/rotasturisticas.jundiai.sp.gov.br\/cervejaartesanal\/wp-json\/wp\/v2\/users\/16"}],"replies":[{"embeddable":true,"href":"https:\/\/rotasturisticas.jundiai.sp.gov.br\/cervejaartesanal\/wp-json\/wp\/v2\/comments?post=106"}],"version-history":[{"count":2,"href":"https:\/\/rotasturisticas.jundiai.sp.gov.br\/cervejaartesanal\/wp-json\/wp\/v2\/pages\/106\/revisions"}],"predecessor-version":[{"id":374,"href":"https:\/\/rotasturisticas.jundiai.sp.gov.br\/cervejaartesanal\/wp-json\/wp\/v2\/pages\/106\/revisions\/374"}],"up":[{"embeddable":true,"href":"https:\/\/rotasturisticas.jundiai.sp.gov.br\/cervejaartesanal\/wp-json\/wp\/v2\/pages\/12"}],"wp:featuredmedia":[{"embeddable":true,"href":"https:\/\/rotasturisticas.jundiai.sp.gov.br\/cervejaartesanal\/wp-json\/wp\/v2\/media\/258"}],"wp:attachment":[{"href":"https:\/\/rotasturisticas.jundiai.sp.gov.br\/cervejaartesanal\/wp-json\/wp\/v2\/media?parent=106"}],"curies":[{"name":"wp","href":"https:\/\/api.w.org\/{rel}","templated":true}]}}