{"id":981,"date":"2021-05-04T13:45:29","date_gmt":"2021-05-04T16:45:29","guid":{"rendered":"https:\/\/rotasturisticas.jundiai.sp.gov.br\/centrohistorico\/?page_id=981"},"modified":"2021-05-04T13:45:29","modified_gmt":"2021-05-04T16:45:29","slug":"minas-salgateria-tamen","status":"publish","type":"page","link":"https:\/\/rotasturisticas.jundiai.sp.gov.br\/centrohistorico\/coxinha-de-queijo\/festival-a-melhor-coxinha-de-queijo-de-jundiai-2019\/minas-salgateria-tamen\/","title":{"rendered":"Minas Salgateria Tamen"},"content":{"rendered":"\n<p><strong>Endere\u00e7o<\/strong>:  Unidade 1: XV de novembro, 430 \/ Unidade 2: Av. uni\u00e3o dos ferrovi\u00e1rios, 2940<br><strong>Telefone:<\/strong>\u00a0(11) 98722-5825<br><strong>E-mail:<\/strong>\u00a0<a rel=\"noreferrer noopener\" href=\"mailto:minaspasteltamen@gmail.com\" target=\"_blank\">minaspasteltamen@gmail.com<\/a><br><strong>Facebook:\u00a0<\/strong><a href=\"https:\/\/www.facebook.com\/minasalgateriatamen\" data-type=\"URL\" data-id=\"https:\/\/www.facebook.com\/minasalgateriatamen\" target=\"_blank\" rel=\"noreferrer noopener\">Minas Salgateria Tamen<\/a><br><strong>Instagram:\u00a0<\/strong><a href=\"https:\/\/www.instagram.com\/minasalgateriatamen\" target=\"_blank\" rel=\"noreferrer noopener\">minasalgateriatamen<\/a><br><strong>Hor\u00e1rio de funcionamento<\/strong>: Segunda a s\u00e1bado das 7h \u00e0s 22h. Domingo das 8h \u00e0s 15h.<\/p>\n\n\n\n<div class=\"wp-block-columns is-layout-flex wp-container-core-columns-is-layout-9d6595d7 wp-block-columns-is-layout-flex\">\n<div class=\"wp-block-column is-layout-flow wp-block-column-is-layout-flow\" style=\"flex-basis:100%\">\n<div class=\"wp-block-columns is-layout-flex wp-container-core-columns-is-layout-9d6595d7 wp-block-columns-is-layout-flex\">\n<div class=\"wp-block-column is-layout-flow wp-block-column-is-layout-flow\" style=\"flex-basis:100%\">\n<div class=\"wp-block-image\"><figure class=\"aligncenter size-large is-resized\"><img loading=\"lazy\" decoding=\"async\" src=\"https:\/\/rotasturisticas.jundiai.sp.gov.br\/centrohistorico\/wp-content\/uploads\/sites\/6\/2021\/05\/minas-salgateria-tamen.jpg\" alt=\"\" class=\"wp-image-983\" width=\"392\" height=\"228\" srcset=\"https:\/\/rotasturisticas.jundiai.sp.gov.br\/centrohistorico\/wp-content\/uploads\/sites\/6\/2021\/05\/minas-salgateria-tamen.jpg 786w, https:\/\/rotasturisticas.jundiai.sp.gov.br\/centrohistorico\/wp-content\/uploads\/sites\/6\/2021\/05\/minas-salgateria-tamen-300x174.jpg 300w, https:\/\/rotasturisticas.jundiai.sp.gov.br\/centrohistorico\/wp-content\/uploads\/sites\/6\/2021\/05\/minas-salgateria-tamen-768x447.jpg 768w\" sizes=\"auto, (max-width: 392px) 100vw, 392px\" \/><\/figure><\/div>\n\n\n\n<div class=\"wp-block-image\"><figure class=\"aligncenter size-large is-resized\"><img loading=\"lazy\" decoding=\"async\" src=\"https:\/\/rotasturisticas.jundiai.sp.gov.br\/centrohistorico\/wp-content\/uploads\/sites\/6\/2021\/05\/coxinha-queijo-vitoria-helen.png\" alt=\"\" class=\"wp-image-982\" width=\"533\" height=\"530\" srcset=\"https:\/\/rotasturisticas.jundiai.sp.gov.br\/centrohistorico\/wp-content\/uploads\/sites\/6\/2021\/05\/coxinha-queijo-vitoria-helen.png 743w, https:\/\/rotasturisticas.jundiai.sp.gov.br\/centrohistorico\/wp-content\/uploads\/sites\/6\/2021\/05\/coxinha-queijo-vitoria-helen-300x298.png 300w, https:\/\/rotasturisticas.jundiai.sp.gov.br\/centrohistorico\/wp-content\/uploads\/sites\/6\/2021\/05\/coxinha-queijo-vitoria-helen-150x150.png 150w\" sizes=\"auto, (max-width: 533px) 100vw, 533px\" \/><\/figure><\/div>\n<\/div>\n<\/div>\n<\/div>\n<\/div>\n","protected":false},"excerpt":{"rendered":"<p>Endere\u00e7o: Unidade 1: XV de novembro, 430 \/ Unidade 2: Av. uni\u00e3o dos ferrovi\u00e1rios, 2940Telefone:\u00a0(11) 98722-5825E-mail:\u00a0minaspasteltamen@gmail.comFacebook:\u00a0Minas Salgateria TamenInstagram:\u00a0minasalgateriatamenHor\u00e1rio de funcionamento: Segunda a s\u00e1bado das 7h \u00e0s 22h. Domingo das 8h \u00e0s 15h.<\/p>\n","protected":false},"author":16,"featured_media":0,"parent":960,"menu_order":0,"comment_status":"closed","ping_status":"closed","template":"","meta":{"footnotes":""},"class_list":["post-981","page","type-page","status-publish","hentry"],"_links":{"self":[{"href":"https:\/\/rotasturisticas.jundiai.sp.gov.br\/centrohistorico\/wp-json\/wp\/v2\/pages\/981","targetHints":{"allow":["GET"]}}],"collection":[{"href":"https:\/\/rotasturisticas.jundiai.sp.gov.br\/centrohistorico\/wp-json\/wp\/v2\/pages"}],"about":[{"href":"https:\/\/rotasturisticas.jundiai.sp.gov.br\/centrohistorico\/wp-json\/wp\/v2\/types\/page"}],"author":[{"embeddable":true,"href":"https:\/\/rotasturisticas.jundiai.sp.gov.br\/centrohistorico\/wp-json\/wp\/v2\/users\/16"}],"replies":[{"embeddable":true,"href":"https:\/\/rotasturisticas.jundiai.sp.gov.br\/centrohistorico\/wp-json\/wp\/v2\/comments?post=981"}],"version-history":[{"count":1,"href":"https:\/\/rotasturisticas.jundiai.sp.gov.br\/centrohistorico\/wp-json\/wp\/v2\/pages\/981\/revisions"}],"predecessor-version":[{"id":984,"href":"https:\/\/rotasturisticas.jundiai.sp.gov.br\/centrohistorico\/wp-json\/wp\/v2\/pages\/981\/revisions\/984"}],"up":[{"embeddable":true,"href":"https:\/\/rotasturisticas.jundiai.sp.gov.br\/centrohistorico\/wp-json\/wp\/v2\/pages\/960"}],"wp:attachment":[{"href":"https:\/\/rotasturisticas.jundiai.sp.gov.br\/centrohistorico\/wp-json\/wp\/v2\/media?parent=981"}],"curies":[{"name":"wp","href":"https:\/\/api.w.org\/{rel}","templated":true}]}}