{"id":877,"date":"2021-04-29T16:46:54","date_gmt":"2021-04-29T19:46:54","guid":{"rendered":"https:\/\/rotasturisticas.jundiai.sp.gov.br\/centrohistorico\/?page_id=877"},"modified":"2021-05-04T10:18:50","modified_gmt":"2021-05-04T13:18:50","slug":"a-casa-do-salgado","status":"publish","type":"page","link":"https:\/\/rotasturisticas.jundiai.sp.gov.br\/centrohistorico\/coxinha-de-queijo\/festivalmelhorcoxinhadequeijo2021\/a-casa-do-salgado\/","title":{"rendered":"A Casa do Salgado"},"content":{"rendered":"\n<p><strong>Endere\u00e7o:<\/strong>\u00a0Av. Dr. Nelson Villa\u00e7a, 56 &#8211; Jardim do Lago<br><strong>Telefone:<\/strong>\u00a0(11) 2816-0339 \/ 97173-3433<br><strong>E-mail:<\/strong>\u00a0contato@acasadosalgado.com.br<br><strong>Site:<\/strong> <a rel=\"noreferrer noopener\" href=\"http:\/\/www.acasadosalgado.com.br\" target=\"_blank\">www.acasadosalgado.com.br<\/a><br><strong>Facebook:<\/strong>\u00a0<a rel=\"noreferrer noopener\" href=\"https:\/\/www.facebook.com\/acasadosalgadosalgadinhosparafestas\" target=\"_blank\">A Casa do Salgado<\/a><br><strong>Instagram:<\/strong>\u00a0<a href=\"https:\/\/www.instagram.com\/acasadosalgadooficial\/\" target=\"_blank\" rel=\"noreferrer noopener\">acasadosalgadooficial<\/a><br><strong>Hor\u00e1rio de funcionamento:<\/strong>\u00a0Segunda a Sexta das 8h \u00e0s 18h. S\u00e1bado das 8h30 \u00e0s 17h30. Domingo das 9h \u00e0s 12h.<\/p>\n\n\n\n<div class=\"wp-block-columns is-layout-flex wp-container-core-columns-is-layout-9d6595d7 wp-block-columns-is-layout-flex\">\n<div class=\"wp-block-column is-layout-flow wp-block-column-is-layout-flow\" style=\"flex-basis:100%\">\n<div class=\"wp-block-image\"><figure class=\"aligncenter size-medium\"><img loading=\"lazy\" decoding=\"async\" width=\"300\" height=\"195\" src=\"https:\/\/rotasturisticas.jundiai.sp.gov.br\/centrohistorico\/wp-content\/uploads\/sites\/6\/2021\/04\/LOGO-acasadosalgado1-A-Casa-do-Salgado-300x195.jpg\" alt=\"\" class=\"wp-image-880\" srcset=\"https:\/\/rotasturisticas.jundiai.sp.gov.br\/centrohistorico\/wp-content\/uploads\/sites\/6\/2021\/04\/LOGO-acasadosalgado1-A-Casa-do-Salgado-300x195.jpg 300w, https:\/\/rotasturisticas.jundiai.sp.gov.br\/centrohistorico\/wp-content\/uploads\/sites\/6\/2021\/04\/LOGO-acasadosalgado1-A-Casa-do-Salgado-920x598.jpg 920w, https:\/\/rotasturisticas.jundiai.sp.gov.br\/centrohistorico\/wp-content\/uploads\/sites\/6\/2021\/04\/LOGO-acasadosalgado1-A-Casa-do-Salgado-768x499.jpg 768w, https:\/\/rotasturisticas.jundiai.sp.gov.br\/centrohistorico\/wp-content\/uploads\/sites\/6\/2021\/04\/LOGO-acasadosalgado1-A-Casa-do-Salgado.jpg 1280w\" sizes=\"auto, (max-width: 300px) 100vw, 300px\" \/><\/figure><\/div>\n\n\n\n<div class=\"wp-block-image\"><figure class=\"aligncenter size-large is-resized\"><img loading=\"lazy\" decoding=\"async\" src=\"https:\/\/rotasturisticas.jundiai.sp.gov.br\/centrohistorico\/wp-content\/uploads\/sites\/6\/2021\/04\/Coxinha-3-queijos-A-Casa-do-Salgado-920x613.jpg\" alt=\"\" class=\"wp-image-881\" width=\"581\" height=\"386\" srcset=\"https:\/\/rotasturisticas.jundiai.sp.gov.br\/centrohistorico\/wp-content\/uploads\/sites\/6\/2021\/04\/Coxinha-3-queijos-A-Casa-do-Salgado-920x613.jpg 920w, https:\/\/rotasturisticas.jundiai.sp.gov.br\/centrohistorico\/wp-content\/uploads\/sites\/6\/2021\/04\/Coxinha-3-queijos-A-Casa-do-Salgado-300x200.jpg 300w, https:\/\/rotasturisticas.jundiai.sp.gov.br\/centrohistorico\/wp-content\/uploads\/sites\/6\/2021\/04\/Coxinha-3-queijos-A-Casa-do-Salgado-768x512.jpg 768w, https:\/\/rotasturisticas.jundiai.sp.gov.br\/centrohistorico\/wp-content\/uploads\/sites\/6\/2021\/04\/Coxinha-3-queijos-A-Casa-do-Salgado.jpg 1280w\" sizes=\"auto, (max-width: 581px) 100vw, 581px\" \/><\/figure><\/div>\n<\/div>\n<\/div>\n","protected":false},"excerpt":{"rendered":"<p>Endere\u00e7o:\u00a0Av. Dr. Nelson Villa\u00e7a, 56 &#8211; Jardim do LagoTelefone:\u00a0(11) 2816-0339 \/ 97173-3433E-mail:\u00a0contato@acasadosalgado.com.brSite: www.acasadosalgado.com.brFacebook:\u00a0A Casa do SalgadoInstagram:\u00a0acasadosalgadooficialHor\u00e1rio de funcionamento:\u00a0Segunda a Sexta das 8h \u00e0s 18h. S\u00e1bado das 8h30 \u00e0s 17h30. Domingo das 9h \u00e0s 12h.<\/p>\n","protected":false},"author":16,"featured_media":0,"parent":849,"menu_order":0,"comment_status":"closed","ping_status":"closed","template":"","meta":{"footnotes":""},"class_list":["post-877","page","type-page","status-publish","hentry"],"_links":{"self":[{"href":"https:\/\/rotasturisticas.jundiai.sp.gov.br\/centrohistorico\/wp-json\/wp\/v2\/pages\/877","targetHints":{"allow":["GET"]}}],"collection":[{"href":"https:\/\/rotasturisticas.jundiai.sp.gov.br\/centrohistorico\/wp-json\/wp\/v2\/pages"}],"about":[{"href":"https:\/\/rotasturisticas.jundiai.sp.gov.br\/centrohistorico\/wp-json\/wp\/v2\/types\/page"}],"author":[{"embeddable":true,"href":"https:\/\/rotasturisticas.jundiai.sp.gov.br\/centrohistorico\/wp-json\/wp\/v2\/users\/16"}],"replies":[{"embeddable":true,"href":"https:\/\/rotasturisticas.jundiai.sp.gov.br\/centrohistorico\/wp-json\/wp\/v2\/comments?post=877"}],"version-history":[{"count":5,"href":"https:\/\/rotasturisticas.jundiai.sp.gov.br\/centrohistorico\/wp-json\/wp\/v2\/pages\/877\/revisions"}],"predecessor-version":[{"id":969,"href":"https:\/\/rotasturisticas.jundiai.sp.gov.br\/centrohistorico\/wp-json\/wp\/v2\/pages\/877\/revisions\/969"}],"up":[{"embeddable":true,"href":"https:\/\/rotasturisticas.jundiai.sp.gov.br\/centrohistorico\/wp-json\/wp\/v2\/pages\/849"}],"wp:attachment":[{"href":"https:\/\/rotasturisticas.jundiai.sp.gov.br\/centrohistorico\/wp-json\/wp\/v2\/media?parent=877"}],"curies":[{"name":"wp","href":"https:\/\/api.w.org\/{rel}","templated":true}]}}