{"id":865,"date":"2021-04-29T16:39:04","date_gmt":"2021-04-29T19:39:04","guid":{"rendered":"https:\/\/rotasturisticas.jundiai.sp.gov.br\/centrohistorico\/?page_id=865"},"modified":"2021-05-03T15:22:51","modified_gmt":"2021-05-03T18:22:51","slug":"tropicana","status":"publish","type":"page","link":"https:\/\/rotasturisticas.jundiai.sp.gov.br\/centrohistorico\/coxinha-de-queijo\/festivalmelhorcoxinhadequeijo2021\/tropicana\/","title":{"rendered":"Tropicana"},"content":{"rendered":"\n<p><strong>Endere\u00e7o:<\/strong>\u00a0Rua Bar\u00e3o de Jundia\u00ed, 562 &#8211; Centro<br><strong>Telefone:<\/strong>\u00a0(11) 94159-8009<br><strong>E-mail:<\/strong>\u00a0tropicana@terra.com.br<br><strong>Site:<\/strong><a rel=\"noreferrer noopener\" href=\"http:\/\/www.tropicanasucos.com.br\/\" target=\"_blank\">\u00a0www.tropicanasucos.com.br<\/a><br><strong>Facebook:<\/strong>\u00a0<a rel=\"noreferrer noopener\" href=\"https:\/\/www.facebook.com\/tropicanasabor\/\" target=\"_blank\">Tropicana Sucos<\/a><br><strong>Instagram:<\/strong>\u00a0<a rel=\"noreferrer noopener\" href=\"https:\/\/www.instagram.com\/tropicanasucos\/\" target=\"_blank\">tropicanasucos<\/a><br><strong>Hor\u00e1rio de funcionamento:<\/strong>\u00a0Segunda a sexta das 8h \u00e0s 18h. S\u00e1bado das 8h \u00e0s 14h.<br><\/p>\n\n\n\n<div class=\"wp-block-group\"><div class=\"wp-block-group__inner-container is-layout-flow wp-block-group-is-layout-flow\">\n<div class=\"wp-block-columns is-layout-flex wp-container-core-columns-is-layout-9d6595d7 wp-block-columns-is-layout-flex\">\n<div class=\"wp-block-column is-layout-flow wp-block-column-is-layout-flow\" style=\"flex-basis:100%\">\n<div class=\"wp-block-image\"><figure class=\"aligncenter size-medium is-resized\"><img loading=\"lazy\" decoding=\"async\" src=\"https:\/\/rotasturisticas.jundiai.sp.gov.br\/centrohistorico\/wp-content\/uploads\/sites\/6\/2021\/04\/TROPICANA-Junior-Pereira-1-300x143.png\" alt=\"\" class=\"wp-image-873\" width=\"311\" height=\"148\" srcset=\"https:\/\/rotasturisticas.jundiai.sp.gov.br\/centrohistorico\/wp-content\/uploads\/sites\/6\/2021\/04\/TROPICANA-Junior-Pereira-1-300x143.png 300w, https:\/\/rotasturisticas.jundiai.sp.gov.br\/centrohistorico\/wp-content\/uploads\/sites\/6\/2021\/04\/TROPICANA-Junior-Pereira-1-920x439.png 920w, https:\/\/rotasturisticas.jundiai.sp.gov.br\/centrohistorico\/wp-content\/uploads\/sites\/6\/2021\/04\/TROPICANA-Junior-Pereira-1-768x367.png 768w, https:\/\/rotasturisticas.jundiai.sp.gov.br\/centrohistorico\/wp-content\/uploads\/sites\/6\/2021\/04\/TROPICANA-Junior-Pereira-1.png 1280w\" sizes=\"auto, (max-width: 311px) 100vw, 311px\" \/><\/figure><\/div>\n\n\n\n<div class=\"wp-block-image\"><figure class=\"aligncenter size-large is-resized\"><img loading=\"lazy\" decoding=\"async\" src=\"https:\/\/rotasturisticas.jundiai.sp.gov.br\/centrohistorico\/wp-content\/uploads\/sites\/6\/2021\/04\/56669508_2363650977047983_7990898220278480896_n-Junior-Pereira-2.jpg\" alt=\"\" class=\"wp-image-874\" width=\"364\" height=\"545\" srcset=\"https:\/\/rotasturisticas.jundiai.sp.gov.br\/centrohistorico\/wp-content\/uploads\/sites\/6\/2021\/04\/56669508_2363650977047983_7990898220278480896_n-Junior-Pereira-2.jpg 640w, https:\/\/rotasturisticas.jundiai.sp.gov.br\/centrohistorico\/wp-content\/uploads\/sites\/6\/2021\/04\/56669508_2363650977047983_7990898220278480896_n-Junior-Pereira-2-300x450.jpg 300w\" sizes=\"auto, (max-width: 364px) 100vw, 364px\" \/><\/figure><\/div>\n\n\n\n<p><\/p>\n<\/div>\n<\/div>\n<\/div><\/div>\n","protected":false},"excerpt":{"rendered":"<p>Endere\u00e7o:\u00a0Rua Bar\u00e3o de Jundia\u00ed, 562 &#8211; CentroTelefone:\u00a0(11) 94159-8009E-mail:\u00a0tropicana@terra.com.brSite:\u00a0www.tropicanasucos.com.brFacebook:\u00a0Tropicana SucosInstagram:\u00a0tropicanasucosHor\u00e1rio de funcionamento:\u00a0Segunda a sexta das 8h \u00e0s 18h. S\u00e1bado das 8h \u00e0s 14h.<\/p>\n","protected":false},"author":16,"featured_media":0,"parent":849,"menu_order":0,"comment_status":"closed","ping_status":"closed","template":"","meta":{"footnotes":""},"class_list":["post-865","page","type-page","status-publish","hentry"],"_links":{"self":[{"href":"https:\/\/rotasturisticas.jundiai.sp.gov.br\/centrohistorico\/wp-json\/wp\/v2\/pages\/865","targetHints":{"allow":["GET"]}}],"collection":[{"href":"https:\/\/rotasturisticas.jundiai.sp.gov.br\/centrohistorico\/wp-json\/wp\/v2\/pages"}],"about":[{"href":"https:\/\/rotasturisticas.jundiai.sp.gov.br\/centrohistorico\/wp-json\/wp\/v2\/types\/page"}],"author":[{"embeddable":true,"href":"https:\/\/rotasturisticas.jundiai.sp.gov.br\/centrohistorico\/wp-json\/wp\/v2\/users\/16"}],"replies":[{"embeddable":true,"href":"https:\/\/rotasturisticas.jundiai.sp.gov.br\/centrohistorico\/wp-json\/wp\/v2\/comments?post=865"}],"version-history":[{"count":5,"href":"https:\/\/rotasturisticas.jundiai.sp.gov.br\/centrohistorico\/wp-json\/wp\/v2\/pages\/865\/revisions"}],"predecessor-version":[{"id":937,"href":"https:\/\/rotasturisticas.jundiai.sp.gov.br\/centrohistorico\/wp-json\/wp\/v2\/pages\/865\/revisions\/937"}],"up":[{"embeddable":true,"href":"https:\/\/rotasturisticas.jundiai.sp.gov.br\/centrohistorico\/wp-json\/wp\/v2\/pages\/849"}],"wp:attachment":[{"href":"https:\/\/rotasturisticas.jundiai.sp.gov.br\/centrohistorico\/wp-json\/wp\/v2\/media?parent=865"}],"curies":[{"name":"wp","href":"https:\/\/api.w.org\/{rel}","templated":true}]}}