{"id":82,"date":"2018-06-28T14:29:12","date_gmt":"2018-06-28T17:29:12","guid":{"rendered":"http:\/\/rotasturisticas.jundiai.sp.gov.br\/centrohistorico\/?page_id=82"},"modified":"2024-08-22T16:55:52","modified_gmt":"2024-08-22T19:55:52","slug":"largo-sao-jose","status":"publish","type":"page","link":"https:\/\/rotasturisticas.jundiai.sp.gov.br\/centrohistorico\/o-que-visitar\/largo-sao-jose\/","title":{"rendered":"Largo S\u00e3o Jos\u00e9"},"content":{"rendered":"\n<p>Por mais de 300 anos um do ponto de chegada de estradas para outras vilas coloniais (com as estradas para S\u00e3o Jo\u00e3o de Atibaia, Minas Gerais, S\u00e3o Paulo de Piratininga e depois Nossa Senhora da Concei\u00e7\u00e3o das Campinas), teve como refer\u00eancia a atual pra\u00e7a Dr. Domingos Anast\u00e1cio e a antiga rua do Com\u00e9rcio (atual Rangel Pestana). J\u00e1 abrigou um pequeno cemit\u00e9rio e posto de gasog\u00eanio para ve\u00edculos na Segunda Guerra Mundial.<\/p>\n\n\n\n<p>(Pesquisa e Texto: Jos\u00e9 Arnaldo de Oliveira)<\/p>\n\n\n\n<figure class=\"wp-block-gallery has-nested-images columns-default is-cropped wp-block-gallery-1 is-layout-flex wp-block-gallery-is-layout-flex\">\n<figure class=\"wp-block-image size-full\"><img loading=\"lazy\" decoding=\"async\" width=\"982\" height=\"648\" data-id=\"2034\" src=\"https:\/\/rotasturisticas.jundiai.sp.gov.br\/centrohistorico\/wp-content\/uploads\/sites\/6\/2024\/08\/largo-sao-jose-anos-30.jpg\" alt=\"\" class=\"wp-image-2034\" srcset=\"https:\/\/rotasturisticas.jundiai.sp.gov.br\/centrohistorico\/wp-content\/uploads\/sites\/6\/2024\/08\/largo-sao-jose-anos-30.jpg 982w, https:\/\/rotasturisticas.jundiai.sp.gov.br\/centrohistorico\/wp-content\/uploads\/sites\/6\/2024\/08\/largo-sao-jose-anos-30-768x507.jpg 768w\" sizes=\"auto, (max-width: 982px) 100vw, 982px\" \/><figcaption class=\"wp-element-caption\">Anos 30<\/figcaption><\/figure>\n<\/figure>\n","protected":false},"excerpt":{"rendered":"<p>Por mais de 300 anos um do ponto de chegada de estradas para outras vilas coloniais (com as estradas para S\u00e3o Jo\u00e3o de Atibaia, Minas Gerais, S\u00e3o Paulo de Piratininga e depois Nossa Senhora da Concei\u00e7\u00e3o das Campinas), teve como refer\u00eancia a atual pra\u00e7a Dr. Domingos Anast\u00e1cio e a antiga rua do Com\u00e9rcio (atual Rangel [&hellip;]<\/p>\n","protected":false},"author":11,"featured_media":0,"parent":14,"menu_order":0,"comment_status":"closed","ping_status":"closed","template":"page-local.php","meta":{"footnotes":""},"class_list":["post-82","page","type-page","status-publish","hentry"],"_links":{"self":[{"href":"https:\/\/rotasturisticas.jundiai.sp.gov.br\/centrohistorico\/wp-json\/wp\/v2\/pages\/82","targetHints":{"allow":["GET"]}}],"collection":[{"href":"https:\/\/rotasturisticas.jundiai.sp.gov.br\/centrohistorico\/wp-json\/wp\/v2\/pages"}],"about":[{"href":"https:\/\/rotasturisticas.jundiai.sp.gov.br\/centrohistorico\/wp-json\/wp\/v2\/types\/page"}],"author":[{"embeddable":true,"href":"https:\/\/rotasturisticas.jundiai.sp.gov.br\/centrohistorico\/wp-json\/wp\/v2\/users\/11"}],"replies":[{"embeddable":true,"href":"https:\/\/rotasturisticas.jundiai.sp.gov.br\/centrohistorico\/wp-json\/wp\/v2\/comments?post=82"}],"version-history":[{"count":6,"href":"https:\/\/rotasturisticas.jundiai.sp.gov.br\/centrohistorico\/wp-json\/wp\/v2\/pages\/82\/revisions"}],"predecessor-version":[{"id":2035,"href":"https:\/\/rotasturisticas.jundiai.sp.gov.br\/centrohistorico\/wp-json\/wp\/v2\/pages\/82\/revisions\/2035"}],"up":[{"embeddable":true,"href":"https:\/\/rotasturisticas.jundiai.sp.gov.br\/centrohistorico\/wp-json\/wp\/v2\/pages\/14"}],"wp:attachment":[{"href":"https:\/\/rotasturisticas.jundiai.sp.gov.br\/centrohistorico\/wp-json\/wp\/v2\/media?parent=82"}],"curies":[{"name":"wp","href":"https:\/\/api.w.org\/{rel}","templated":true}]}}