{"id":76,"date":"2018-06-28T14:27:01","date_gmt":"2018-06-28T17:27:01","guid":{"rendered":"http:\/\/rotasturisticas.jundiai.sp.gov.br\/centrohistorico\/?page_id=76"},"modified":"2024-08-21T11:33:54","modified_gmt":"2024-08-21T14:33:54","slug":"largo-da-matriz-2","status":"publish","type":"page","link":"https:\/\/rotasturisticas.jundiai.sp.gov.br\/centrohistorico\/o-que-visitar\/largo-da-matriz-2\/","title":{"rendered":"Largo da Matriz"},"content":{"rendered":"\n<p>Origin\u00e1rio do primeiro n\u00facleo da vila colonial reconhecida por Portugal na d\u00e9cada de 1650, tem como refer\u00eancias atuais a pra\u00e7a Governador Pedro de Toledo e a pra\u00e7a Marechal Floriano Peixoto entre as antigas rua Direita (atual rua Bar\u00e3o de Jundia\u00ed) e rua dos Antunes (atual rua do Ros\u00e1rio). Consolidou-se no s\u00e9culo 20 como \u201co centro\u201d pelos moradores dos pr\u00f3prios bairros centrais, transformando a maioria das casas do per\u00edodo colonial.<\/p>\n\n\n\n<p>(Pesquisa e Texto: Jos\u00e9 Arnaldo de Oliveira)<\/p>\n\n\n\n<figure class=\"wp-block-gallery has-nested-images columns-default is-cropped wp-block-gallery-1 is-layout-flex wp-block-gallery-is-layout-flex\">\n<figure class=\"wp-block-image size-large\"><a href=\"https:\/\/rotasturisticas.jundiai.sp.gov.br\/centrohistorico\/wp-content\/uploads\/sites\/6\/2024\/08\/Praca-da-Matriz-Rua-Barao-em-1956-foto-Major-Alipio-Gama-da-Silva_Arquivo-Jorge-Luiz-Christophe.jpg\"><img loading=\"lazy\" decoding=\"async\" width=\"943\" height=\"681\" data-id=\"2002\" src=\"https:\/\/rotasturisticas.jundiai.sp.gov.br\/centrohistorico\/wp-content\/uploads\/sites\/6\/2024\/08\/Praca-da-Matriz-Rua-Barao-em-1956-foto-Major-Alipio-Gama-da-Silva_Arquivo-Jorge-Luiz-Christophe.jpg\" alt=\"\" class=\"wp-image-2002\" srcset=\"https:\/\/rotasturisticas.jundiai.sp.gov.br\/centrohistorico\/wp-content\/uploads\/sites\/6\/2024\/08\/Praca-da-Matriz-Rua-Barao-em-1956-foto-Major-Alipio-Gama-da-Silva_Arquivo-Jorge-Luiz-Christophe.jpg 943w, https:\/\/rotasturisticas.jundiai.sp.gov.br\/centrohistorico\/wp-content\/uploads\/sites\/6\/2024\/08\/Praca-da-Matriz-Rua-Barao-em-1956-foto-Major-Alipio-Gama-da-Silva_Arquivo-Jorge-Luiz-Christophe-768x555.jpg 768w\" sizes=\"auto, (max-width: 943px) 100vw, 943px\" \/><\/a><figcaption class=\"wp-element-caption\">Pra\u00e7a da Matriz em 1956.<br>foto Major Alipio Gama da Silva._Arquivo Jorge Luiz Christophe. Acervo Professor Maur\u00edcio Ferreira<\/figcaption><\/figure>\n\n\n\n<figure class=\"wp-block-image size-large\"><a href=\"https:\/\/rotasturisticas.jundiai.sp.gov.br\/centrohistorico\/wp-content\/uploads\/sites\/6\/2024\/08\/Largo-da-matriz.jpg\"><img loading=\"lazy\" decoding=\"async\" width=\"513\" height=\"640\" data-id=\"2003\" src=\"https:\/\/rotasturisticas.jundiai.sp.gov.br\/centrohistorico\/wp-content\/uploads\/sites\/6\/2024\/08\/Largo-da-matriz.jpg\" alt=\"\" class=\"wp-image-2003\" \/><\/a><\/figure>\n<\/figure>\n","protected":false},"excerpt":{"rendered":"<p>Origin\u00e1rio do primeiro n\u00facleo da vila colonial reconhecida por Portugal na d\u00e9cada de 1650, tem como refer\u00eancias atuais a pra\u00e7a Governador Pedro de Toledo e a pra\u00e7a Marechal Floriano Peixoto entre as antigas rua Direita (atual rua Bar\u00e3o de Jundia\u00ed) e rua dos Antunes (atual rua do Ros\u00e1rio). Consolidou-se no s\u00e9culo 20 como \u201co centro\u201d [&hellip;]<\/p>\n","protected":false},"author":11,"featured_media":0,"parent":14,"menu_order":0,"comment_status":"closed","ping_status":"closed","template":"page-local.php","meta":{"footnotes":""},"class_list":["post-76","page","type-page","status-publish","hentry"],"_links":{"self":[{"href":"https:\/\/rotasturisticas.jundiai.sp.gov.br\/centrohistorico\/wp-json\/wp\/v2\/pages\/76","targetHints":{"allow":["GET"]}}],"collection":[{"href":"https:\/\/rotasturisticas.jundiai.sp.gov.br\/centrohistorico\/wp-json\/wp\/v2\/pages"}],"about":[{"href":"https:\/\/rotasturisticas.jundiai.sp.gov.br\/centrohistorico\/wp-json\/wp\/v2\/types\/page"}],"author":[{"embeddable":true,"href":"https:\/\/rotasturisticas.jundiai.sp.gov.br\/centrohistorico\/wp-json\/wp\/v2\/users\/11"}],"replies":[{"embeddable":true,"href":"https:\/\/rotasturisticas.jundiai.sp.gov.br\/centrohistorico\/wp-json\/wp\/v2\/comments?post=76"}],"version-history":[{"count":4,"href":"https:\/\/rotasturisticas.jundiai.sp.gov.br\/centrohistorico\/wp-json\/wp\/v2\/pages\/76\/revisions"}],"predecessor-version":[{"id":2006,"href":"https:\/\/rotasturisticas.jundiai.sp.gov.br\/centrohistorico\/wp-json\/wp\/v2\/pages\/76\/revisions\/2006"}],"up":[{"embeddable":true,"href":"https:\/\/rotasturisticas.jundiai.sp.gov.br\/centrohistorico\/wp-json\/wp\/v2\/pages\/14"}],"wp:attachment":[{"href":"https:\/\/rotasturisticas.jundiai.sp.gov.br\/centrohistorico\/wp-json\/wp\/v2\/media?parent=76"}],"curies":[{"name":"wp","href":"https:\/\/api.w.org\/{rel}","templated":true}]}}