{"id":241,"date":"2018-07-04T15:10:59","date_gmt":"2018-07-04T18:10:59","guid":{"rendered":"http:\/\/rotasturisticas.jundiai.sp.gov.br\/centrohistorico\/?page_id=241"},"modified":"2024-09-05T10:51:27","modified_gmt":"2024-09-05T13:51:27","slug":"praca-barao-do-rio-branco","status":"publish","type":"page","link":"https:\/\/rotasturisticas.jundiai.sp.gov.br\/centrohistorico\/o-que-visitar\/praca-barao-do-rio-branco\/","title":{"rendered":"Pra\u00e7a Bar\u00e3o do Rio Branco"},"content":{"rendered":"\n<p>O ponto de encontro de moradores \u00e9 tamb\u00e9m refer\u00eancia com a homenagem ao diplomata do s\u00e9culo 19 do loteamento criado no s\u00e9culo 20 na regi\u00e3o da antiga Barreira ao lado dos trilhos da Companhia Paulista com o nome de Vila Rio Branco, ampliada na d\u00e9cada de 1950 com os avan\u00e7os da engenharia sobre as v\u00e1rzeas at\u00e9 o rio Jundia\u00ed com a Vila Liberdade e a Vila Margarida. At\u00e9 1967, quando surgiu o Viaduto Joaquim Candel\u00e1rio, a \u00e1rea continuava conectada ao centro pela antiga Estrada de Minas.<\/p>\n\n\n\n<p>(Pesquisa e Texto: Jos\u00e9 Arnaldo de Oliveira)<\/p>\n\n\n\n<figure class=\"wp-block-image size-full\"><img loading=\"lazy\" decoding=\"async\" width=\"1080\" height=\"562\" src=\"https:\/\/rotasturisticas.jundiai.sp.gov.br\/centrohistorico\/wp-content\/uploads\/sites\/6\/2024\/09\/Praca-Barao-do-Rio-branco.jpg\" alt=\"\" class=\"wp-image-2085\" srcset=\"https:\/\/rotasturisticas.jundiai.sp.gov.br\/centrohistorico\/wp-content\/uploads\/sites\/6\/2024\/09\/Praca-Barao-do-Rio-branco.jpg 1080w, https:\/\/rotasturisticas.jundiai.sp.gov.br\/centrohistorico\/wp-content\/uploads\/sites\/6\/2024\/09\/Praca-Barao-do-Rio-branco-768x400.jpg 768w\" sizes=\"auto, (max-width: 1080px) 100vw, 1080px\" \/><\/figure>\n","protected":false},"excerpt":{"rendered":"<p>O ponto de encontro de moradores \u00e9 tamb\u00e9m refer\u00eancia com a homenagem ao diplomata do s\u00e9culo 19 do loteamento criado no s\u00e9culo 20 na regi\u00e3o da antiga Barreira ao lado dos trilhos da Companhia Paulista com o nome de Vila Rio Branco, ampliada na d\u00e9cada de 1950 com os avan\u00e7os da engenharia sobre as v\u00e1rzeas [&hellip;]<\/p>\n","protected":false},"author":11,"featured_media":0,"parent":14,"menu_order":0,"comment_status":"closed","ping_status":"closed","template":"page-local.php","meta":{"footnotes":""},"class_list":["post-241","page","type-page","status-publish","hentry"],"_links":{"self":[{"href":"https:\/\/rotasturisticas.jundiai.sp.gov.br\/centrohistorico\/wp-json\/wp\/v2\/pages\/241","targetHints":{"allow":["GET"]}}],"collection":[{"href":"https:\/\/rotasturisticas.jundiai.sp.gov.br\/centrohistorico\/wp-json\/wp\/v2\/pages"}],"about":[{"href":"https:\/\/rotasturisticas.jundiai.sp.gov.br\/centrohistorico\/wp-json\/wp\/v2\/types\/page"}],"author":[{"embeddable":true,"href":"https:\/\/rotasturisticas.jundiai.sp.gov.br\/centrohistorico\/wp-json\/wp\/v2\/users\/11"}],"replies":[{"embeddable":true,"href":"https:\/\/rotasturisticas.jundiai.sp.gov.br\/centrohistorico\/wp-json\/wp\/v2\/comments?post=241"}],"version-history":[{"count":3,"href":"https:\/\/rotasturisticas.jundiai.sp.gov.br\/centrohistorico\/wp-json\/wp\/v2\/pages\/241\/revisions"}],"predecessor-version":[{"id":2086,"href":"https:\/\/rotasturisticas.jundiai.sp.gov.br\/centrohistorico\/wp-json\/wp\/v2\/pages\/241\/revisions\/2086"}],"up":[{"embeddable":true,"href":"https:\/\/rotasturisticas.jundiai.sp.gov.br\/centrohistorico\/wp-json\/wp\/v2\/pages\/14"}],"wp:attachment":[{"href":"https:\/\/rotasturisticas.jundiai.sp.gov.br\/centrohistorico\/wp-json\/wp\/v2\/media?parent=241"}],"curies":[{"name":"wp","href":"https:\/\/api.w.org\/{rel}","templated":true}]}}