{"id":2241,"date":"2025-09-15T09:26:34","date_gmt":"2025-09-15T12:26:34","guid":{"rendered":"https:\/\/rotasturisticas.jundiai.sp.gov.br\/centrohistorico\/?page_id=2241"},"modified":"2025-09-23T13:35:56","modified_gmt":"2025-09-23T16:35:56","slug":"boutique-a-artesana-linguica-e-carnes-gourmet-ltda","status":"publish","type":"page","link":"https:\/\/rotasturisticas.jundiai.sp.gov.br\/centrohistorico\/lojas-especiais\/boutique-a-artesana-linguica-e-carnes-gourmet-ltda\/","title":{"rendered":"Boutique Artesana &#8211; Lingui\u00e7a e Carnes Gourmet"},"content":{"rendered":"\n<p>Somos especialistas em lingui\u00e7as artesanais e nossa miss\u00e3o \u00e9 levar o sabor aut\u00eantico para sua mesa. Cada receita \u00e9 feita com um cuidado \u00fanico, e a gente n\u00e3o tem medo de inovar: sua lingui\u00e7a, do seu jeito!<\/p>\n\n\n\n<p>Nossa produ\u00e7\u00e3o fresca garante uma explos\u00e3o de sabor, seja na brasa do churrasco, em um lanche recheado ou em uma refei\u00e7\u00e3o completa. Voc\u00ea escolhe a experi\u00eancia, n\u00f3s garantimos a qualidade, da produ\u00e7\u00e3o artesanal \u00e0 sua satisfa\u00e7\u00e3o.<\/p>\n\n\n\n<figure class=\"wp-block-gallery has-nested-images columns-default is-cropped wp-block-gallery-1 is-layout-flex wp-block-gallery-is-layout-flex\">\n<figure class=\"wp-block-image size-large\"><img loading=\"lazy\" decoding=\"async\" width=\"1267\" height=\"950\" data-id=\"2245\" src=\"https:\/\/rotasturisticas.jundiai.sp.gov.br\/centrohistorico\/wp-content\/uploads\/sites\/6\/2025\/09\/WhatsApp-Image-2025-09-23-at-13.01.09-1267x950.jpeg\" alt=\"\" class=\"wp-image-2245\" srcset=\"https:\/\/rotasturisticas.jundiai.sp.gov.br\/centrohistorico\/wp-content\/uploads\/sites\/6\/2025\/09\/WhatsApp-Image-2025-09-23-at-13.01.09-1267x950.jpeg 1267w, https:\/\/rotasturisticas.jundiai.sp.gov.br\/centrohistorico\/wp-content\/uploads\/sites\/6\/2025\/09\/WhatsApp-Image-2025-09-23-at-13.01.09-300x225.jpeg 300w, https:\/\/rotasturisticas.jundiai.sp.gov.br\/centrohistorico\/wp-content\/uploads\/sites\/6\/2025\/09\/WhatsApp-Image-2025-09-23-at-13.01.09-768x576.jpeg 768w, https:\/\/rotasturisticas.jundiai.sp.gov.br\/centrohistorico\/wp-content\/uploads\/sites\/6\/2025\/09\/WhatsApp-Image-2025-09-23-at-13.01.09.jpeg 1280w\" sizes=\"auto, (max-width: 1267px) 100vw, 1267px\" \/><\/figure>\n\n\n\n<figure class=\"wp-block-image size-large\"><img loading=\"lazy\" decoding=\"async\" width=\"1267\" height=\"950\" data-id=\"2247\" src=\"https:\/\/rotasturisticas.jundiai.sp.gov.br\/centrohistorico\/wp-content\/uploads\/sites\/6\/2025\/09\/WhatsApp-Image-2025-09-23-at-13.01.28-1267x950.jpeg\" alt=\"\" class=\"wp-image-2247\" srcset=\"https:\/\/rotasturisticas.jundiai.sp.gov.br\/centrohistorico\/wp-content\/uploads\/sites\/6\/2025\/09\/WhatsApp-Image-2025-09-23-at-13.01.28-1267x950.jpeg 1267w, https:\/\/rotasturisticas.jundiai.sp.gov.br\/centrohistorico\/wp-content\/uploads\/sites\/6\/2025\/09\/WhatsApp-Image-2025-09-23-at-13.01.28-300x225.jpeg 300w, https:\/\/rotasturisticas.jundiai.sp.gov.br\/centrohistorico\/wp-content\/uploads\/sites\/6\/2025\/09\/WhatsApp-Image-2025-09-23-at-13.01.28-768x576.jpeg 768w, https:\/\/rotasturisticas.jundiai.sp.gov.br\/centrohistorico\/wp-content\/uploads\/sites\/6\/2025\/09\/WhatsApp-Image-2025-09-23-at-13.01.28.jpeg 1280w\" sizes=\"auto, (max-width: 1267px) 100vw, 1267px\" \/><\/figure>\n\n\n\n<figure class=\"wp-block-image size-large\"><img loading=\"lazy\" decoding=\"async\" width=\"661\" height=\"950\" data-id=\"2246\" src=\"https:\/\/rotasturisticas.jundiai.sp.gov.br\/centrohistorico\/wp-content\/uploads\/sites\/6\/2025\/09\/WhatsApp-Image-2025-09-23-at-13.01.46-661x950.jpeg\" alt=\"\" class=\"wp-image-2246\" srcset=\"https:\/\/rotasturisticas.jundiai.sp.gov.br\/centrohistorico\/wp-content\/uploads\/sites\/6\/2025\/09\/WhatsApp-Image-2025-09-23-at-13.01.46-661x950.jpeg 661w, https:\/\/rotasturisticas.jundiai.sp.gov.br\/centrohistorico\/wp-content\/uploads\/sites\/6\/2025\/09\/WhatsApp-Image-2025-09-23-at-13.01.46-768x1104.jpeg 768w, https:\/\/rotasturisticas.jundiai.sp.gov.br\/centrohistorico\/wp-content\/uploads\/sites\/6\/2025\/09\/WhatsApp-Image-2025-09-23-at-13.01.46-1069x1536.jpeg 1069w, https:\/\/rotasturisticas.jundiai.sp.gov.br\/centrohistorico\/wp-content\/uploads\/sites\/6\/2025\/09\/WhatsApp-Image-2025-09-23-at-13.01.46.jpeg 1080w\" sizes=\"auto, (max-width: 661px) 100vw, 661px\" \/><\/figure>\n\n\n\n<figure class=\"wp-block-image size-large\"><img loading=\"lazy\" decoding=\"async\" width=\"1280\" height=\"722\" data-id=\"2249\" src=\"https:\/\/rotasturisticas.jundiai.sp.gov.br\/centrohistorico\/wp-content\/uploads\/sites\/6\/2025\/09\/WhatsApp-Image-2025-09-23-at-13.03.14.jpeg\" alt=\"\" class=\"wp-image-2249\" srcset=\"https:\/\/rotasturisticas.jundiai.sp.gov.br\/centrohistorico\/wp-content\/uploads\/sites\/6\/2025\/09\/WhatsApp-Image-2025-09-23-at-13.03.14.jpeg 1280w, https:\/\/rotasturisticas.jundiai.sp.gov.br\/centrohistorico\/wp-content\/uploads\/sites\/6\/2025\/09\/WhatsApp-Image-2025-09-23-at-13.03.14-768x433.jpeg 768w\" sizes=\"auto, (max-width: 1280px) 100vw, 1280px\" \/><\/figure>\n\n\n\n<figure class=\"wp-block-image size-large\"><img loading=\"lazy\" decoding=\"async\" width=\"713\" height=\"950\" data-id=\"2250\" src=\"https:\/\/rotasturisticas.jundiai.sp.gov.br\/centrohistorico\/wp-content\/uploads\/sites\/6\/2025\/09\/WhatsApp-Image-2025-09-23-at-13.05.40-713x950.jpeg\" alt=\"\" class=\"wp-image-2250\" srcset=\"https:\/\/rotasturisticas.jundiai.sp.gov.br\/centrohistorico\/wp-content\/uploads\/sites\/6\/2025\/09\/WhatsApp-Image-2025-09-23-at-13.05.40-713x950.jpeg 713w, https:\/\/rotasturisticas.jundiai.sp.gov.br\/centrohistorico\/wp-content\/uploads\/sites\/6\/2025\/09\/WhatsApp-Image-2025-09-23-at-13.05.40-768x1024.jpeg 768w, https:\/\/rotasturisticas.jundiai.sp.gov.br\/centrohistorico\/wp-content\/uploads\/sites\/6\/2025\/09\/WhatsApp-Image-2025-09-23-at-13.05.40-1152x1536.jpeg 1152w, https:\/\/rotasturisticas.jundiai.sp.gov.br\/centrohistorico\/wp-content\/uploads\/sites\/6\/2025\/09\/WhatsApp-Image-2025-09-23-at-13.05.40.jpeg 1200w\" sizes=\"auto, (max-width: 713px) 100vw, 713px\" \/><\/figure>\n\n\n\n<figure class=\"wp-block-image size-large\"><img loading=\"lazy\" decoding=\"async\" width=\"713\" height=\"950\" data-id=\"2248\" src=\"https:\/\/rotasturisticas.jundiai.sp.gov.br\/centrohistorico\/wp-content\/uploads\/sites\/6\/2025\/09\/WhatsApp-Image-2025-09-23-at-13.07.14-713x950.jpeg\" alt=\"\" class=\"wp-image-2248\" srcset=\"https:\/\/rotasturisticas.jundiai.sp.gov.br\/centrohistorico\/wp-content\/uploads\/sites\/6\/2025\/09\/WhatsApp-Image-2025-09-23-at-13.07.14-713x950.jpeg 713w, https:\/\/rotasturisticas.jundiai.sp.gov.br\/centrohistorico\/wp-content\/uploads\/sites\/6\/2025\/09\/WhatsApp-Image-2025-09-23-at-13.07.14-768x1024.jpeg 768w, https:\/\/rotasturisticas.jundiai.sp.gov.br\/centrohistorico\/wp-content\/uploads\/sites\/6\/2025\/09\/WhatsApp-Image-2025-09-23-at-13.07.14-1152x1536.jpeg 1152w, https:\/\/rotasturisticas.jundiai.sp.gov.br\/centrohistorico\/wp-content\/uploads\/sites\/6\/2025\/09\/WhatsApp-Image-2025-09-23-at-13.07.14.jpeg 1200w\" sizes=\"auto, (max-width: 713px) 100vw, 713px\" \/><\/figure>\n\n\n\n<figure class=\"wp-block-image size-large\"><img loading=\"lazy\" decoding=\"async\" width=\"713\" height=\"950\" data-id=\"2251\" src=\"https:\/\/rotasturisticas.jundiai.sp.gov.br\/centrohistorico\/wp-content\/uploads\/sites\/6\/2025\/09\/WhatsApp-Image-2025-09-23-at-13.00.21-713x950.jpeg\" alt=\"\" class=\"wp-image-2251\" srcset=\"https:\/\/rotasturisticas.jundiai.sp.gov.br\/centrohistorico\/wp-content\/uploads\/sites\/6\/2025\/09\/WhatsApp-Image-2025-09-23-at-13.00.21-713x950.jpeg 713w, https:\/\/rotasturisticas.jundiai.sp.gov.br\/centrohistorico\/wp-content\/uploads\/sites\/6\/2025\/09\/WhatsApp-Image-2025-09-23-at-13.00.21-768x1024.jpeg 768w, https:\/\/rotasturisticas.jundiai.sp.gov.br\/centrohistorico\/wp-content\/uploads\/sites\/6\/2025\/09\/WhatsApp-Image-2025-09-23-at-13.00.21-1152x1536.jpeg 1152w, https:\/\/rotasturisticas.jundiai.sp.gov.br\/centrohistorico\/wp-content\/uploads\/sites\/6\/2025\/09\/WhatsApp-Image-2025-09-23-at-13.00.21.jpeg 1200w\" sizes=\"auto, (max-width: 713px) 100vw, 713px\" \/><\/figure>\n\n\n\n<figure class=\"wp-block-image size-large\"><img loading=\"lazy\" decoding=\"async\" width=\"713\" height=\"950\" data-id=\"2252\" src=\"https:\/\/rotasturisticas.jundiai.sp.gov.br\/centrohistorico\/wp-content\/uploads\/sites\/6\/2025\/09\/WhatsApp-Image-2025-09-23-at-13.00.31-713x950.jpeg\" alt=\"\" class=\"wp-image-2252\" srcset=\"https:\/\/rotasturisticas.jundiai.sp.gov.br\/centrohistorico\/wp-content\/uploads\/sites\/6\/2025\/09\/WhatsApp-Image-2025-09-23-at-13.00.31-713x950.jpeg 713w, https:\/\/rotasturisticas.jundiai.sp.gov.br\/centrohistorico\/wp-content\/uploads\/sites\/6\/2025\/09\/WhatsApp-Image-2025-09-23-at-13.00.31-768x1024.jpeg 768w, https:\/\/rotasturisticas.jundiai.sp.gov.br\/centrohistorico\/wp-content\/uploads\/sites\/6\/2025\/09\/WhatsApp-Image-2025-09-23-at-13.00.31-1152x1536.jpeg 1152w, https:\/\/rotasturisticas.jundiai.sp.gov.br\/centrohistorico\/wp-content\/uploads\/sites\/6\/2025\/09\/WhatsApp-Image-2025-09-23-at-13.00.31.jpeg 1200w\" sizes=\"auto, (max-width: 713px) 100vw, 713px\" \/><\/figure>\n\n\n\n<figure class=\"wp-block-image size-large\"><img loading=\"lazy\" decoding=\"async\" width=\"1267\" height=\"950\" data-id=\"2254\" src=\"https:\/\/rotasturisticas.jundiai.sp.gov.br\/centrohistorico\/wp-content\/uploads\/sites\/6\/2025\/09\/WhatsApp-Image-2025-09-23-at-13.00.40-1267x950.jpeg\" alt=\"\" class=\"wp-image-2254\" srcset=\"https:\/\/rotasturisticas.jundiai.sp.gov.br\/centrohistorico\/wp-content\/uploads\/sites\/6\/2025\/09\/WhatsApp-Image-2025-09-23-at-13.00.40-1267x950.jpeg 1267w, https:\/\/rotasturisticas.jundiai.sp.gov.br\/centrohistorico\/wp-content\/uploads\/sites\/6\/2025\/09\/WhatsApp-Image-2025-09-23-at-13.00.40-300x225.jpeg 300w, https:\/\/rotasturisticas.jundiai.sp.gov.br\/centrohistorico\/wp-content\/uploads\/sites\/6\/2025\/09\/WhatsApp-Image-2025-09-23-at-13.00.40-768x576.jpeg 768w, https:\/\/rotasturisticas.jundiai.sp.gov.br\/centrohistorico\/wp-content\/uploads\/sites\/6\/2025\/09\/WhatsApp-Image-2025-09-23-at-13.00.40.jpeg 1280w\" sizes=\"auto, (max-width: 1267px) 100vw, 1267px\" \/><\/figure>\n\n\n\n<figure class=\"wp-block-image size-large\"><img loading=\"lazy\" decoding=\"async\" width=\"1267\" height=\"950\" data-id=\"2253\" src=\"https:\/\/rotasturisticas.jundiai.sp.gov.br\/centrohistorico\/wp-content\/uploads\/sites\/6\/2025\/09\/WhatsApp-Image-2025-09-23-at-13.00.52-1267x950.jpeg\" alt=\"\" class=\"wp-image-2253\" srcset=\"https:\/\/rotasturisticas.jundiai.sp.gov.br\/centrohistorico\/wp-content\/uploads\/sites\/6\/2025\/09\/WhatsApp-Image-2025-09-23-at-13.00.52-1267x950.jpeg 1267w, https:\/\/rotasturisticas.jundiai.sp.gov.br\/centrohistorico\/wp-content\/uploads\/sites\/6\/2025\/09\/WhatsApp-Image-2025-09-23-at-13.00.52-300x225.jpeg 300w, https:\/\/rotasturisticas.jundiai.sp.gov.br\/centrohistorico\/wp-content\/uploads\/sites\/6\/2025\/09\/WhatsApp-Image-2025-09-23-at-13.00.52-768x576.jpeg 768w, https:\/\/rotasturisticas.jundiai.sp.gov.br\/centrohistorico\/wp-content\/uploads\/sites\/6\/2025\/09\/WhatsApp-Image-2025-09-23-at-13.00.52.jpeg 1280w\" sizes=\"auto, (max-width: 1267px) 100vw, 1267px\" \/><\/figure>\n<\/figure>\n","protected":false},"excerpt":{"rendered":"<p>Somos especialistas em lingui\u00e7as artesanais e nossa miss\u00e3o \u00e9 levar o sabor aut\u00eantico para sua mesa. Cada receita \u00e9 feita com um cuidado \u00fanico, e a gente n\u00e3o tem medo de inovar: sua lingui\u00e7a, do seu jeito! Nossa produ\u00e7\u00e3o fresca garante uma explos\u00e3o de sabor, seja na brasa do churrasco, em um lanche recheado ou [&hellip;]<\/p>\n","protected":false},"author":23,"featured_media":0,"parent":668,"menu_order":0,"comment_status":"closed","ping_status":"closed","template":"page-local.php","meta":{"footnotes":""},"class_list":["post-2241","page","type-page","status-publish","hentry"],"_links":{"self":[{"href":"https:\/\/rotasturisticas.jundiai.sp.gov.br\/centrohistorico\/wp-json\/wp\/v2\/pages\/2241","targetHints":{"allow":["GET"]}}],"collection":[{"href":"https:\/\/rotasturisticas.jundiai.sp.gov.br\/centrohistorico\/wp-json\/wp\/v2\/pages"}],"about":[{"href":"https:\/\/rotasturisticas.jundiai.sp.gov.br\/centrohistorico\/wp-json\/wp\/v2\/types\/page"}],"author":[{"embeddable":true,"href":"https:\/\/rotasturisticas.jundiai.sp.gov.br\/centrohistorico\/wp-json\/wp\/v2\/users\/23"}],"replies":[{"embeddable":true,"href":"https:\/\/rotasturisticas.jundiai.sp.gov.br\/centrohistorico\/wp-json\/wp\/v2\/comments?post=2241"}],"version-history":[{"count":2,"href":"https:\/\/rotasturisticas.jundiai.sp.gov.br\/centrohistorico\/wp-json\/wp\/v2\/pages\/2241\/revisions"}],"predecessor-version":[{"id":2255,"href":"https:\/\/rotasturisticas.jundiai.sp.gov.br\/centrohistorico\/wp-json\/wp\/v2\/pages\/2241\/revisions\/2255"}],"up":[{"embeddable":true,"href":"https:\/\/rotasturisticas.jundiai.sp.gov.br\/centrohistorico\/wp-json\/wp\/v2\/pages\/668"}],"wp:attachment":[{"href":"https:\/\/rotasturisticas.jundiai.sp.gov.br\/centrohistorico\/wp-json\/wp\/v2\/media?parent=2241"}],"curies":[{"name":"wp","href":"https:\/\/api.w.org\/{rel}","templated":true}]}}