{"id":2113,"date":"2024-09-16T12:29:09","date_gmt":"2024-09-16T15:29:09","guid":{"rendered":"https:\/\/rotasturisticas.jundiai.sp.gov.br\/centrohistorico\/?page_id=2113"},"modified":"2024-09-16T12:29:09","modified_gmt":"2024-09-16T15:29:09","slug":"andre-curado-saboneteria","status":"publish","type":"page","link":"https:\/\/rotasturisticas.jundiai.sp.gov.br\/centrohistorico\/lojas-especiais\/andre-curado-saboneteria\/","title":{"rendered":"Andr\u00e9 Curado Saboneteria"},"content":{"rendered":"\n<p>Loja ambiente agrad\u00e1vel e acolhedor com produtos caracter\u00edsticos de nossa Cidade. Produtos feitos com qualidade e hipoalerg\u00eanicos certificados de produ\u00e7\u00e3o Artesanal e de F\u00e1brica.<br>No local voc\u00ea poder\u00e1 personalizar o seu kit.<\/p>\n\n\n\n<figure class=\"wp-block-gallery has-nested-images columns-default is-cropped wp-block-gallery-1 is-layout-flex wp-block-gallery-is-layout-flex\">\n<figure class=\"wp-block-image size-large\"><a href=\"https:\/\/rotasturisticas.jundiai.sp.gov.br\/centrohistorico\/wp-content\/uploads\/sites\/6\/2024\/09\/IMG-20240911-WA0033-Elisangela-De-Cassia-Galdino-Curado.jpg\"><img loading=\"lazy\" decoding=\"async\" width=\"426\" height=\"950\" data-id=\"2114\" src=\"https:\/\/rotasturisticas.jundiai.sp.gov.br\/centrohistorico\/wp-content\/uploads\/sites\/6\/2024\/09\/IMG-20240911-WA0033-Elisangela-De-Cassia-Galdino-Curado-426x950.jpg\" alt=\"\" class=\"wp-image-2114\" srcset=\"https:\/\/rotasturisticas.jundiai.sp.gov.br\/centrohistorico\/wp-content\/uploads\/sites\/6\/2024\/09\/IMG-20240911-WA0033-Elisangela-De-Cassia-Galdino-Curado-426x950.jpg 426w, https:\/\/rotasturisticas.jundiai.sp.gov.br\/centrohistorico\/wp-content\/uploads\/sites\/6\/2024\/09\/IMG-20240911-WA0033-Elisangela-De-Cassia-Galdino-Curado-689x1536.jpg 689w, https:\/\/rotasturisticas.jundiai.sp.gov.br\/centrohistorico\/wp-content\/uploads\/sites\/6\/2024\/09\/IMG-20240911-WA0033-Elisangela-De-Cassia-Galdino-Curado.jpg 718w\" sizes=\"auto, (max-width: 426px) 100vw, 426px\" \/><\/a><\/figure>\n\n\n\n<figure class=\"wp-block-image size-large\"><a href=\"https:\/\/rotasturisticas.jundiai.sp.gov.br\/centrohistorico\/wp-content\/uploads\/sites\/6\/2024\/09\/IMG-20240603-WA0011-Elisangela-De-Cassia-Galdino-Curado.jpg\"><img loading=\"lazy\" decoding=\"async\" width=\"534\" height=\"950\" data-id=\"2115\" src=\"https:\/\/rotasturisticas.jundiai.sp.gov.br\/centrohistorico\/wp-content\/uploads\/sites\/6\/2024\/09\/IMG-20240603-WA0011-Elisangela-De-Cassia-Galdino-Curado-534x950.jpg\" alt=\"\" class=\"wp-image-2115\" srcset=\"https:\/\/rotasturisticas.jundiai.sp.gov.br\/centrohistorico\/wp-content\/uploads\/sites\/6\/2024\/09\/IMG-20240603-WA0011-Elisangela-De-Cassia-Galdino-Curado-534x950.jpg 534w, https:\/\/rotasturisticas.jundiai.sp.gov.br\/centrohistorico\/wp-content\/uploads\/sites\/6\/2024\/09\/IMG-20240603-WA0011-Elisangela-De-Cassia-Galdino-Curado-768x1366.jpg 768w, https:\/\/rotasturisticas.jundiai.sp.gov.br\/centrohistorico\/wp-content\/uploads\/sites\/6\/2024\/09\/IMG-20240603-WA0011-Elisangela-De-Cassia-Galdino-Curado-864x1536.jpg 864w, https:\/\/rotasturisticas.jundiai.sp.gov.br\/centrohistorico\/wp-content\/uploads\/sites\/6\/2024\/09\/IMG-20240603-WA0011-Elisangela-De-Cassia-Galdino-Curado.jpg 899w\" sizes=\"auto, (max-width: 534px) 100vw, 534px\" \/><\/a><\/figure>\n\n\n\n<figure class=\"wp-block-image size-large\"><a href=\"https:\/\/rotasturisticas.jundiai.sp.gov.br\/centrohistorico\/wp-content\/uploads\/sites\/6\/2024\/09\/IMG-20240904-WA0003-Elisangela-De-Cassia-Galdino-Curado.jpg\"><img loading=\"lazy\" decoding=\"async\" width=\"534\" height=\"950\" data-id=\"2116\" src=\"https:\/\/rotasturisticas.jundiai.sp.gov.br\/centrohistorico\/wp-content\/uploads\/sites\/6\/2024\/09\/IMG-20240904-WA0003-Elisangela-De-Cassia-Galdino-Curado-534x950.jpg\" alt=\"\" class=\"wp-image-2116\" srcset=\"https:\/\/rotasturisticas.jundiai.sp.gov.br\/centrohistorico\/wp-content\/uploads\/sites\/6\/2024\/09\/IMG-20240904-WA0003-Elisangela-De-Cassia-Galdino-Curado-534x950.jpg 534w, https:\/\/rotasturisticas.jundiai.sp.gov.br\/centrohistorico\/wp-content\/uploads\/sites\/6\/2024\/09\/IMG-20240904-WA0003-Elisangela-De-Cassia-Galdino-Curado-768x1366.jpg 768w, https:\/\/rotasturisticas.jundiai.sp.gov.br\/centrohistorico\/wp-content\/uploads\/sites\/6\/2024\/09\/IMG-20240904-WA0003-Elisangela-De-Cassia-Galdino-Curado-864x1536.jpg 864w, https:\/\/rotasturisticas.jundiai.sp.gov.br\/centrohistorico\/wp-content\/uploads\/sites\/6\/2024\/09\/IMG-20240904-WA0003-Elisangela-De-Cassia-Galdino-Curado.jpg 899w\" sizes=\"auto, (max-width: 534px) 100vw, 534px\" \/><\/a><\/figure>\n\n\n\n<figure class=\"wp-block-image size-large\"><a href=\"https:\/\/rotasturisticas.jundiai.sp.gov.br\/centrohistorico\/wp-content\/uploads\/sites\/6\/2024\/09\/IMG-20240911-WA0021-Elisangela-De-Cassia-Galdino-Curado.jpg\"><img loading=\"lazy\" decoding=\"async\" width=\"534\" height=\"950\" data-id=\"2117\" src=\"https:\/\/rotasturisticas.jundiai.sp.gov.br\/centrohistorico\/wp-content\/uploads\/sites\/6\/2024\/09\/IMG-20240911-WA0021-Elisangela-De-Cassia-Galdino-Curado-534x950.jpg\" alt=\"\" class=\"wp-image-2117\" srcset=\"https:\/\/rotasturisticas.jundiai.sp.gov.br\/centrohistorico\/wp-content\/uploads\/sites\/6\/2024\/09\/IMG-20240911-WA0021-Elisangela-De-Cassia-Galdino-Curado-534x950.jpg 534w, https:\/\/rotasturisticas.jundiai.sp.gov.br\/centrohistorico\/wp-content\/uploads\/sites\/6\/2024\/09\/IMG-20240911-WA0021-Elisangela-De-Cassia-Galdino-Curado-768x1366.jpg 768w, https:\/\/rotasturisticas.jundiai.sp.gov.br\/centrohistorico\/wp-content\/uploads\/sites\/6\/2024\/09\/IMG-20240911-WA0021-Elisangela-De-Cassia-Galdino-Curado-864x1536.jpg 864w, https:\/\/rotasturisticas.jundiai.sp.gov.br\/centrohistorico\/wp-content\/uploads\/sites\/6\/2024\/09\/IMG-20240911-WA0021-Elisangela-De-Cassia-Galdino-Curado.jpg 899w\" sizes=\"auto, (max-width: 534px) 100vw, 534px\" \/><\/a><\/figure>\n\n\n\n<figure class=\"wp-block-image size-large\"><a href=\"https:\/\/rotasturisticas.jundiai.sp.gov.br\/centrohistorico\/wp-content\/uploads\/sites\/6\/2024\/09\/IMG-20240911-WA0023-Elisangela-De-Cassia-Galdino-Curado.jpg\"><img loading=\"lazy\" decoding=\"async\" width=\"713\" height=\"950\" data-id=\"2119\" src=\"https:\/\/rotasturisticas.jundiai.sp.gov.br\/centrohistorico\/wp-content\/uploads\/sites\/6\/2024\/09\/IMG-20240911-WA0023-Elisangela-De-Cassia-Galdino-Curado-713x950.jpg\" alt=\"\" class=\"wp-image-2119\" srcset=\"https:\/\/rotasturisticas.jundiai.sp.gov.br\/centrohistorico\/wp-content\/uploads\/sites\/6\/2024\/09\/IMG-20240911-WA0023-Elisangela-De-Cassia-Galdino-Curado-713x950.jpg 713w, https:\/\/rotasturisticas.jundiai.sp.gov.br\/centrohistorico\/wp-content\/uploads\/sites\/6\/2024\/09\/IMG-20240911-WA0023-Elisangela-De-Cassia-Galdino-Curado-768x1024.jpg 768w, https:\/\/rotasturisticas.jundiai.sp.gov.br\/centrohistorico\/wp-content\/uploads\/sites\/6\/2024\/09\/IMG-20240911-WA0023-Elisangela-De-Cassia-Galdino-Curado-1152x1536.jpg 1152w, https:\/\/rotasturisticas.jundiai.sp.gov.br\/centrohistorico\/wp-content\/uploads\/sites\/6\/2024\/09\/IMG-20240911-WA0023-Elisangela-De-Cassia-Galdino-Curado.jpg 1200w\" sizes=\"auto, (max-width: 713px) 100vw, 713px\" \/><\/a><\/figure>\n\n\n\n<figure class=\"wp-block-image size-large\"><a href=\"https:\/\/rotasturisticas.jundiai.sp.gov.br\/centrohistorico\/wp-content\/uploads\/sites\/6\/2024\/09\/IMG-20240911-WA0024-Elisangela-De-Cassia-Galdino-Curado.jpg\"><img loading=\"lazy\" decoding=\"async\" width=\"534\" height=\"950\" data-id=\"2118\" src=\"https:\/\/rotasturisticas.jundiai.sp.gov.br\/centrohistorico\/wp-content\/uploads\/sites\/6\/2024\/09\/IMG-20240911-WA0024-Elisangela-De-Cassia-Galdino-Curado-534x950.jpg\" alt=\"\" class=\"wp-image-2118\" srcset=\"https:\/\/rotasturisticas.jundiai.sp.gov.br\/centrohistorico\/wp-content\/uploads\/sites\/6\/2024\/09\/IMG-20240911-WA0024-Elisangela-De-Cassia-Galdino-Curado-534x950.jpg 534w, https:\/\/rotasturisticas.jundiai.sp.gov.br\/centrohistorico\/wp-content\/uploads\/sites\/6\/2024\/09\/IMG-20240911-WA0024-Elisangela-De-Cassia-Galdino-Curado-768x1366.jpg 768w, https:\/\/rotasturisticas.jundiai.sp.gov.br\/centrohistorico\/wp-content\/uploads\/sites\/6\/2024\/09\/IMG-20240911-WA0024-Elisangela-De-Cassia-Galdino-Curado-864x1536.jpg 864w, https:\/\/rotasturisticas.jundiai.sp.gov.br\/centrohistorico\/wp-content\/uploads\/sites\/6\/2024\/09\/IMG-20240911-WA0024-Elisangela-De-Cassia-Galdino-Curado.jpg 899w\" sizes=\"auto, (max-width: 534px) 100vw, 534px\" \/><\/a><\/figure>\n\n\n\n<figure class=\"wp-block-image size-large\"><a href=\"https:\/\/rotasturisticas.jundiai.sp.gov.br\/centrohistorico\/wp-content\/uploads\/sites\/6\/2024\/09\/IMG-20240911-WA0026-Elisangela-De-Cassia-Galdino-Curado.jpg\"><img loading=\"lazy\" decoding=\"async\" width=\"713\" height=\"950\" data-id=\"2120\" src=\"https:\/\/rotasturisticas.jundiai.sp.gov.br\/centrohistorico\/wp-content\/uploads\/sites\/6\/2024\/09\/IMG-20240911-WA0026-Elisangela-De-Cassia-Galdino-Curado-713x950.jpg\" alt=\"\" class=\"wp-image-2120\" srcset=\"https:\/\/rotasturisticas.jundiai.sp.gov.br\/centrohistorico\/wp-content\/uploads\/sites\/6\/2024\/09\/IMG-20240911-WA0026-Elisangela-De-Cassia-Galdino-Curado-713x950.jpg 713w, https:\/\/rotasturisticas.jundiai.sp.gov.br\/centrohistorico\/wp-content\/uploads\/sites\/6\/2024\/09\/IMG-20240911-WA0026-Elisangela-De-Cassia-Galdino-Curado-768x1024.jpg 768w, https:\/\/rotasturisticas.jundiai.sp.gov.br\/centrohistorico\/wp-content\/uploads\/sites\/6\/2024\/09\/IMG-20240911-WA0026-Elisangela-De-Cassia-Galdino-Curado-1152x1536.jpg 1152w, https:\/\/rotasturisticas.jundiai.sp.gov.br\/centrohistorico\/wp-content\/uploads\/sites\/6\/2024\/09\/IMG-20240911-WA0026-Elisangela-De-Cassia-Galdino-Curado.jpg 1200w\" sizes=\"auto, (max-width: 713px) 100vw, 713px\" \/><\/a><\/figure>\n\n\n\n<figure class=\"wp-block-image size-large\"><a href=\"https:\/\/rotasturisticas.jundiai.sp.gov.br\/centrohistorico\/wp-content\/uploads\/sites\/6\/2024\/09\/IMG-20240911-WA0029-Elisangela-De-Cassia-Galdino-Curado.jpg\"><img loading=\"lazy\" decoding=\"async\" width=\"1267\" height=\"950\" data-id=\"2121\" src=\"https:\/\/rotasturisticas.jundiai.sp.gov.br\/centrohistorico\/wp-content\/uploads\/sites\/6\/2024\/09\/IMG-20240911-WA0029-Elisangela-De-Cassia-Galdino-Curado-1267x950.jpg\" alt=\"\" class=\"wp-image-2121\" srcset=\"https:\/\/rotasturisticas.jundiai.sp.gov.br\/centrohistorico\/wp-content\/uploads\/sites\/6\/2024\/09\/IMG-20240911-WA0029-Elisangela-De-Cassia-Galdino-Curado-1267x950.jpg 1267w, https:\/\/rotasturisticas.jundiai.sp.gov.br\/centrohistorico\/wp-content\/uploads\/sites\/6\/2024\/09\/IMG-20240911-WA0029-Elisangela-De-Cassia-Galdino-Curado-300x225.jpg 300w, https:\/\/rotasturisticas.jundiai.sp.gov.br\/centrohistorico\/wp-content\/uploads\/sites\/6\/2024\/09\/IMG-20240911-WA0029-Elisangela-De-Cassia-Galdino-Curado-768x576.jpg 768w, https:\/\/rotasturisticas.jundiai.sp.gov.br\/centrohistorico\/wp-content\/uploads\/sites\/6\/2024\/09\/IMG-20240911-WA0029-Elisangela-De-Cassia-Galdino-Curado.jpg 1280w\" sizes=\"auto, (max-width: 1267px) 100vw, 1267px\" \/><\/a><\/figure>\n<\/figure>\n","protected":false},"excerpt":{"rendered":"<p>Loja ambiente agrad\u00e1vel e acolhedor com produtos caracter\u00edsticos de nossa Cidade. Produtos feitos com qualidade e hipoalerg\u00eanicos certificados de produ\u00e7\u00e3o Artesanal e de F\u00e1brica.No local voc\u00ea poder\u00e1 personalizar o seu kit.<\/p>\n","protected":false},"author":16,"featured_media":0,"parent":668,"menu_order":0,"comment_status":"closed","ping_status":"closed","template":"page-local.php","meta":{"footnotes":""},"class_list":["post-2113","page","type-page","status-publish","hentry"],"_links":{"self":[{"href":"https:\/\/rotasturisticas.jundiai.sp.gov.br\/centrohistorico\/wp-json\/wp\/v2\/pages\/2113","targetHints":{"allow":["GET"]}}],"collection":[{"href":"https:\/\/rotasturisticas.jundiai.sp.gov.br\/centrohistorico\/wp-json\/wp\/v2\/pages"}],"about":[{"href":"https:\/\/rotasturisticas.jundiai.sp.gov.br\/centrohistorico\/wp-json\/wp\/v2\/types\/page"}],"author":[{"embeddable":true,"href":"https:\/\/rotasturisticas.jundiai.sp.gov.br\/centrohistorico\/wp-json\/wp\/v2\/users\/16"}],"replies":[{"embeddable":true,"href":"https:\/\/rotasturisticas.jundiai.sp.gov.br\/centrohistorico\/wp-json\/wp\/v2\/comments?post=2113"}],"version-history":[{"count":1,"href":"https:\/\/rotasturisticas.jundiai.sp.gov.br\/centrohistorico\/wp-json\/wp\/v2\/pages\/2113\/revisions"}],"predecessor-version":[{"id":2122,"href":"https:\/\/rotasturisticas.jundiai.sp.gov.br\/centrohistorico\/wp-json\/wp\/v2\/pages\/2113\/revisions\/2122"}],"up":[{"embeddable":true,"href":"https:\/\/rotasturisticas.jundiai.sp.gov.br\/centrohistorico\/wp-json\/wp\/v2\/pages\/668"}],"wp:attachment":[{"href":"https:\/\/rotasturisticas.jundiai.sp.gov.br\/centrohistorico\/wp-json\/wp\/v2\/media?parent=2113"}],"curies":[{"name":"wp","href":"https:\/\/api.w.org\/{rel}","templated":true}]}}

André Curado Saboneteria

<p>Loja ambiente agradável e acolhedor com produtos característicos de nossa Cidade. Produtos feitos com qualidade e hipoalergênicos certificados de produção Artesanal e de Fábrica.<br>No local você poderá personalizar o seu kit.</p>



<figure class="wp-block-gallery has-nested-images columns-default is-cropped wp-block-gallery-1 is-layout-flex wp-block-gallery-is-layout-flex">
<figure class="wp-block-image size-large"><a href="https://rotasturisticas.jundiai.sp.gov.br/centrohistorico/wp-content/uploads/sites/6/2024/09/IMG-20240911-WA0033-Elisangela-De-Cassia-Galdino-Curado.jpg"><img loading="lazy" decoding="async" width="426" height="950" data-id="2114" src="https://rotasturisticas.jundiai.sp.gov.br/centrohistorico/wp-content/uploads/sites/6/2024/09/IMG-20240911-WA0033-Elisangela-De-Cassia-Galdino-Curado-426x950.jpg" alt="" class="wp-image-2114" srcset="https://rotasturisticas.jundiai.sp.gov.br/centrohistorico/wp-content/uploads/sites/6/2024/09/IMG-20240911-WA0033-Elisangela-De-Cassia-Galdino-Curado-426x950.jpg 426w, https://rotasturisticas.jundiai.sp.gov.br/centrohistorico/wp-content/uploads/sites/6/2024/09/IMG-20240911-WA0033-Elisangela-De-Cassia-Galdino-Curado-689x1536.jpg 689w, https://rotasturisticas.jundiai.sp.gov.br/centrohistorico/wp-content/uploads/sites/6/2024/09/IMG-20240911-WA0033-Elisangela-De-Cassia-Galdino-Curado.jpg 718w" sizes="auto, (max-width: 426px) 100vw, 426px" /></a></figure>



<figure class="wp-block-image size-large"><a href="https://rotasturisticas.jundiai.sp.gov.br/centrohistorico/wp-content/uploads/sites/6/2024/09/IMG-20240603-WA0011-Elisangela-De-Cassia-Galdino-Curado.jpg"><img loading="lazy" decoding="async" width="534" height="950" data-id="2115" src="https://rotasturisticas.jundiai.sp.gov.br/centrohistorico/wp-content/uploads/sites/6/2024/09/IMG-20240603-WA0011-Elisangela-De-Cassia-Galdino-Curado-534x950.jpg" alt="" class="wp-image-2115" srcset="https://rotasturisticas.jundiai.sp.gov.br/centrohistorico/wp-content/uploads/sites/6/2024/09/IMG-20240603-WA0011-Elisangela-De-Cassia-Galdino-Curado-534x950.jpg 534w, https://rotasturisticas.jundiai.sp.gov.br/centrohistorico/wp-content/uploads/sites/6/2024/09/IMG-20240603-WA0011-Elisangela-De-Cassia-Galdino-Curado-768x1366.jpg 768w, https://rotasturisticas.jundiai.sp.gov.br/centrohistorico/wp-content/uploads/sites/6/2024/09/IMG-20240603-WA0011-Elisangela-De-Cassia-Galdino-Curado-864x1536.jpg 864w, https://rotasturisticas.jundiai.sp.gov.br/centrohistorico/wp-content/uploads/sites/6/2024/09/IMG-20240603-WA0011-Elisangela-De-Cassia-Galdino-Curado.jpg 899w" sizes="auto, (max-width: 534px) 100vw, 534px" /></a></figure>



<figure class="wp-block-image size-large"><a href="https://rotasturisticas.jundiai.sp.gov.br/centrohistorico/wp-content/uploads/sites/6/2024/09/IMG-20240904-WA0003-Elisangela-De-Cassia-Galdino-Curado.jpg"><img loading="lazy" decoding="async" width="534" height="950" data-id="2116" src="https://rotasturisticas.jundiai.sp.gov.br/centrohistorico/wp-content/uploads/sites/6/2024/09/IMG-20240904-WA0003-Elisangela-De-Cassia-Galdino-Curado-534x950.jpg" alt="" class="wp-image-2116" srcset="https://rotasturisticas.jundiai.sp.gov.br/centrohistorico/wp-content/uploads/sites/6/2024/09/IMG-20240904-WA0003-Elisangela-De-Cassia-Galdino-Curado-534x950.jpg 534w, https://rotasturisticas.jundiai.sp.gov.br/centrohistorico/wp-content/uploads/sites/6/2024/09/IMG-20240904-WA0003-Elisangela-De-Cassia-Galdino-Curado-768x1366.jpg 768w, https://rotasturisticas.jundiai.sp.gov.br/centrohistorico/wp-content/uploads/sites/6/2024/09/IMG-20240904-WA0003-Elisangela-De-Cassia-Galdino-Curado-864x1536.jpg 864w, https://rotasturisticas.jundiai.sp.gov.br/centrohistorico/wp-content/uploads/sites/6/2024/09/IMG-20240904-WA0003-Elisangela-De-Cassia-Galdino-Curado.jpg 899w" sizes="auto, (max-width: 534px) 100vw, 534px" /></a></figure>



<figure class="wp-block-image size-large"><a href="https://rotasturisticas.jundiai.sp.gov.br/centrohistorico/wp-content/uploads/sites/6/2024/09/IMG-20240911-WA0021-Elisangela-De-Cassia-Galdino-Curado.jpg"><img loading="lazy" decoding="async" width="534" height="950" data-id="2117" src="https://rotasturisticas.jundiai.sp.gov.br/centrohistorico/wp-content/uploads/sites/6/2024/09/IMG-20240911-WA0021-Elisangela-De-Cassia-Galdino-Curado-534x950.jpg" alt="" class="wp-image-2117" srcset="https://rotasturisticas.jundiai.sp.gov.br/centrohistorico/wp-content/uploads/sites/6/2024/09/IMG-20240911-WA0021-Elisangela-De-Cassia-Galdino-Curado-534x950.jpg 534w, https://rotasturisticas.jundiai.sp.gov.br/centrohistorico/wp-content/uploads/sites/6/2024/09/IMG-20240911-WA0021-Elisangela-De-Cassia-Galdino-Curado-768x1366.jpg 768w, https://rotasturisticas.jundiai.sp.gov.br/centrohistorico/wp-content/uploads/sites/6/2024/09/IMG-20240911-WA0021-Elisangela-De-Cassia-Galdino-Curado-864x1536.jpg 864w, https://rotasturisticas.jundiai.sp.gov.br/centrohistorico/wp-content/uploads/sites/6/2024/09/IMG-20240911-WA0021-Elisangela-De-Cassia-Galdino-Curado.jpg 899w" sizes="auto, (max-width: 534px) 100vw, 534px" /></a></figure>



<figure class="wp-block-image size-large"><a href="https://rotasturisticas.jundiai.sp.gov.br/centrohistorico/wp-content/uploads/sites/6/2024/09/IMG-20240911-WA0023-Elisangela-De-Cassia-Galdino-Curado.jpg"><img loading="lazy" decoding="async" width="713" height="950" data-id="2119" src="https://rotasturisticas.jundiai.sp.gov.br/centrohistorico/wp-content/uploads/sites/6/2024/09/IMG-20240911-WA0023-Elisangela-De-Cassia-Galdino-Curado-713x950.jpg" alt="" class="wp-image-2119" srcset="https://rotasturisticas.jundiai.sp.gov.br/centrohistorico/wp-content/uploads/sites/6/2024/09/IMG-20240911-WA0023-Elisangela-De-Cassia-Galdino-Curado-713x950.jpg 713w, https://rotasturisticas.jundiai.sp.gov.br/centrohistorico/wp-content/uploads/sites/6/2024/09/IMG-20240911-WA0023-Elisangela-De-Cassia-Galdino-Curado-768x1024.jpg 768w, https://rotasturisticas.jundiai.sp.gov.br/centrohistorico/wp-content/uploads/sites/6/2024/09/IMG-20240911-WA0023-Elisangela-De-Cassia-Galdino-Curado-1152x1536.jpg 1152w, https://rotasturisticas.jundiai.sp.gov.br/centrohistorico/wp-content/uploads/sites/6/2024/09/IMG-20240911-WA0023-Elisangela-De-Cassia-Galdino-Curado.jpg 1200w" sizes="auto, (max-width: 713px) 100vw, 713px" /></a></figure>



<figure class="wp-block-image size-large"><a href="https://rotasturisticas.jundiai.sp.gov.br/centrohistorico/wp-content/uploads/sites/6/2024/09/IMG-20240911-WA0024-Elisangela-De-Cassia-Galdino-Curado.jpg"><img loading="lazy" decoding="async" width="534" height="950" data-id="2118" src="https://rotasturisticas.jundiai.sp.gov.br/centrohistorico/wp-content/uploads/sites/6/2024/09/IMG-20240911-WA0024-Elisangela-De-Cassia-Galdino-Curado-534x950.jpg" alt="" class="wp-image-2118" srcset="https://rotasturisticas.jundiai.sp.gov.br/centrohistorico/wp-content/uploads/sites/6/2024/09/IMG-20240911-WA0024-Elisangela-De-Cassia-Galdino-Curado-534x950.jpg 534w, https://rotasturisticas.jundiai.sp.gov.br/centrohistorico/wp-content/uploads/sites/6/2024/09/IMG-20240911-WA0024-Elisangela-De-Cassia-Galdino-Curado-768x1366.jpg 768w, https://rotasturisticas.jundiai.sp.gov.br/centrohistorico/wp-content/uploads/sites/6/2024/09/IMG-20240911-WA0024-Elisangela-De-Cassia-Galdino-Curado-864x1536.jpg 864w, https://rotasturisticas.jundiai.sp.gov.br/centrohistorico/wp-content/uploads/sites/6/2024/09/IMG-20240911-WA0024-Elisangela-De-Cassia-Galdino-Curado.jpg 899w" sizes="auto, (max-width: 534px) 100vw, 534px" /></a></figure>



<figure class="wp-block-image size-large"><a href="https://rotasturisticas.jundiai.sp.gov.br/centrohistorico/wp-content/uploads/sites/6/2024/09/IMG-20240911-WA0026-Elisangela-De-Cassia-Galdino-Curado.jpg"><img loading="lazy" decoding="async" width="713" height="950" data-id="2120" src="https://rotasturisticas.jundiai.sp.gov.br/centrohistorico/wp-content/uploads/sites/6/2024/09/IMG-20240911-WA0026-Elisangela-De-Cassia-Galdino-Curado-713x950.jpg" alt="" class="wp-image-2120" srcset="https://rotasturisticas.jundiai.sp.gov.br/centrohistorico/wp-content/uploads/sites/6/2024/09/IMG-20240911-WA0026-Elisangela-De-Cassia-Galdino-Curado-713x950.jpg 713w, https://rotasturisticas.jundiai.sp.gov.br/centrohistorico/wp-content/uploads/sites/6/2024/09/IMG-20240911-WA0026-Elisangela-De-Cassia-Galdino-Curado-768x1024.jpg 768w, https://rotasturisticas.jundiai.sp.gov.br/centrohistorico/wp-content/uploads/sites/6/2024/09/IMG-20240911-WA0026-Elisangela-De-Cassia-Galdino-Curado-1152x1536.jpg 1152w, https://rotasturisticas.jundiai.sp.gov.br/centrohistorico/wp-content/uploads/sites/6/2024/09/IMG-20240911-WA0026-Elisangela-De-Cassia-Galdino-Curado.jpg 1200w" sizes="auto, (max-width: 713px) 100vw, 713px" /></a></figure>



<figure class="wp-block-image size-large"><a href="https://rotasturisticas.jundiai.sp.gov.br/centrohistorico/wp-content/uploads/sites/6/2024/09/IMG-20240911-WA0029-Elisangela-De-Cassia-Galdino-Curado.jpg"><img loading="lazy" decoding="async" width="1267" height="950" data-id="2121" src="https://rotasturisticas.jundiai.sp.gov.br/centrohistorico/wp-content/uploads/sites/6/2024/09/IMG-20240911-WA0029-Elisangela-De-Cassia-Galdino-Curado-1267x950.jpg" alt="" class="wp-image-2121" srcset="https://rotasturisticas.jundiai.sp.gov.br/centrohistorico/wp-content/uploads/sites/6/2024/09/IMG-20240911-WA0029-Elisangela-De-Cassia-Galdino-Curado-1267x950.jpg 1267w, https://rotasturisticas.jundiai.sp.gov.br/centrohistorico/wp-content/uploads/sites/6/2024/09/IMG-20240911-WA0029-Elisangela-De-Cassia-Galdino-Curado-300x225.jpg 300w, https://rotasturisticas.jundiai.sp.gov.br/centrohistorico/wp-content/uploads/sites/6/2024/09/IMG-20240911-WA0029-Elisangela-De-Cassia-Galdino-Curado-768x576.jpg 768w, https://rotasturisticas.jundiai.sp.gov.br/centrohistorico/wp-content/uploads/sites/6/2024/09/IMG-20240911-WA0029-Elisangela-De-Cassia-Galdino-Curado.jpg 1280w" sizes="auto, (max-width: 1267px) 100vw, 1267px" /></a></figure>
</figure>

<p>Loja ambiente agradável e acolhedor com produtos característicos de nossa Cidade. Produtos feitos com qualidade e hipoalergênicos certificados de produção Artesanal e de Fábrica.No local você poderá personalizar o seu kit.</p>
