{"id":206,"date":"2018-07-04T11:57:45","date_gmt":"2018-07-04T14:57:45","guid":{"rendered":"http:\/\/rotasturisticas.jundiai.sp.gov.br\/centrohistorico\/?page_id=206"},"modified":"2024-08-21T11:00:27","modified_gmt":"2024-08-21T14:00:27","slug":"igreja-da-barreira","status":"publish","type":"page","link":"https:\/\/rotasturisticas.jundiai.sp.gov.br\/centrohistorico\/o-que-visitar\/igreja-da-barreira\/","title":{"rendered":"Igreja da Barreira"},"content":{"rendered":"\n<p>O nome popular usado para a igreja de Santa Teresinha, localizada na antiga estrada das Minas Gerais (atual avenida Itatiba), remete ao posto de cobran\u00e7a de impostos portugueses no s\u00e9culo 18. Foi criada em 1952, mas a tradi\u00e7\u00e3o oral indica outras capelas anteriores nessa \u00e1rea. Uma curiosidade \u00e9 que foi um de seus p\u00e1rocos, o padre cat\u00f3lico Antonio Toloi Stafuzza, o principal fundador do Museu Hist\u00f3rico e Cultural na d\u00e9cada de 1960.<\/p>\n\n\n\n<p>(Pesquisa e Texto: Jos\u00e9 Arnaldo de Oliveira)<\/p>\n\n\n\n<figure class=\"wp-block-image size-full\"><img loading=\"lazy\" decoding=\"async\" width=\"1223\" height=\"863\" src=\"https:\/\/rotasturisticas.jundiai.sp.gov.br\/centrohistorico\/wp-content\/uploads\/sites\/6\/2024\/08\/Igreja-da-Barreira.jpg\" alt=\"\" class=\"wp-image-1987\" srcset=\"https:\/\/rotasturisticas.jundiai.sp.gov.br\/centrohistorico\/wp-content\/uploads\/sites\/6\/2024\/08\/Igreja-da-Barreira.jpg 1223w, https:\/\/rotasturisticas.jundiai.sp.gov.br\/centrohistorico\/wp-content\/uploads\/sites\/6\/2024\/08\/Igreja-da-Barreira-768x542.jpg 768w\" sizes=\"auto, (max-width: 1223px) 100vw, 1223px\" \/><\/figure>\n","protected":false},"excerpt":{"rendered":"<p>O nome popular usado para a igreja de Santa Teresinha, localizada na antiga estrada das Minas Gerais (atual avenida Itatiba), remete ao posto de cobran\u00e7a de impostos portugueses no s\u00e9culo 18. Foi criada em 1952, mas a tradi\u00e7\u00e3o oral indica outras capelas anteriores nessa \u00e1rea. Uma curiosidade \u00e9 que foi um de seus p\u00e1rocos, o [&hellip;]<\/p>\n","protected":false},"author":11,"featured_media":0,"parent":14,"menu_order":0,"comment_status":"closed","ping_status":"closed","template":"page-local.php","meta":{"footnotes":""},"class_list":["post-206","page","type-page","status-publish","hentry"],"_links":{"self":[{"href":"https:\/\/rotasturisticas.jundiai.sp.gov.br\/centrohistorico\/wp-json\/wp\/v2\/pages\/206","targetHints":{"allow":["GET"]}}],"collection":[{"href":"https:\/\/rotasturisticas.jundiai.sp.gov.br\/centrohistorico\/wp-json\/wp\/v2\/pages"}],"about":[{"href":"https:\/\/rotasturisticas.jundiai.sp.gov.br\/centrohistorico\/wp-json\/wp\/v2\/types\/page"}],"author":[{"embeddable":true,"href":"https:\/\/rotasturisticas.jundiai.sp.gov.br\/centrohistorico\/wp-json\/wp\/v2\/users\/11"}],"replies":[{"embeddable":true,"href":"https:\/\/rotasturisticas.jundiai.sp.gov.br\/centrohistorico\/wp-json\/wp\/v2\/comments?post=206"}],"version-history":[{"count":3,"href":"https:\/\/rotasturisticas.jundiai.sp.gov.br\/centrohistorico\/wp-json\/wp\/v2\/pages\/206\/revisions"}],"predecessor-version":[{"id":1988,"href":"https:\/\/rotasturisticas.jundiai.sp.gov.br\/centrohistorico\/wp-json\/wp\/v2\/pages\/206\/revisions\/1988"}],"up":[{"embeddable":true,"href":"https:\/\/rotasturisticas.jundiai.sp.gov.br\/centrohistorico\/wp-json\/wp\/v2\/pages\/14"}],"wp:attachment":[{"href":"https:\/\/rotasturisticas.jundiai.sp.gov.br\/centrohistorico\/wp-json\/wp\/v2\/media?parent=206"}],"curies":[{"name":"wp","href":"https:\/\/api.w.org\/{rel}","templated":true}]}}