{"id":200,"date":"2018-07-04T11:47:41","date_gmt":"2018-07-04T14:47:41","guid":{"rendered":"http:\/\/rotasturisticas.jundiai.sp.gov.br\/centrohistorico\/?page_id=200"},"modified":"2024-08-20T15:46:00","modified_gmt":"2024-08-20T18:46:00","slug":"escolas-padre-anchieta","status":"publish","type":"page","link":"https:\/\/rotasturisticas.jundiai.sp.gov.br\/centrohistorico\/o-que-visitar\/escolas-padre-anchieta\/","title":{"rendered":"Escolas Padre Anchieta"},"content":{"rendered":"\n<p>O Edif\u00edcio Iperoig \u00e9 o principal marco das Escolas Padre Anchieta, criadas em 1941 por educadores liderados por Pedro Clarismundo Fornari e que ao longo de setenta anos tornou-se um conglomerado do ensino infantil aos primeiros cursos universit\u00e1rios da cidade. O pr\u00e9dio tem hoje pequena visibilidade na rua mas \u00e9 refer\u00eancia do ambiente educativo e cultural consolidado nesse trecho inicial da antiga Estrada de Pirapora.<\/p>\n\n\n\n<p>(Pesquisa e Texto: Jos\u00e9 Arnaldo de Oliveira)<\/p>\n\n\n<div class=\"wp-block-image\">\n<figure class=\"aligncenter size-full\"><img loading=\"lazy\" decoding=\"async\" width=\"1280\" height=\"740\" src=\"https:\/\/rotasturisticas.jundiai.sp.gov.br\/centrohistorico\/wp-content\/uploads\/sites\/6\/2024\/08\/Escola-Padre-Anchieta-Jundiai-fonte-IBGE.png\" alt=\"\" class=\"wp-image-1936\" srcset=\"https:\/\/rotasturisticas.jundiai.sp.gov.br\/centrohistorico\/wp-content\/uploads\/sites\/6\/2024\/08\/Escola-Padre-Anchieta-Jundiai-fonte-IBGE.png 1280w, https:\/\/rotasturisticas.jundiai.sp.gov.br\/centrohistorico\/wp-content\/uploads\/sites\/6\/2024\/08\/Escola-Padre-Anchieta-Jundiai-fonte-IBGE-768x444.png 768w\" sizes=\"auto, (max-width: 1280px) 100vw, 1280px\" \/><figcaption class=\"wp-element-caption\">Cr\u00e9dito: IBGE<\/figcaption><\/figure>\n<\/div>","protected":false},"excerpt":{"rendered":"<p>O Edif\u00edcio Iperoig \u00e9 o principal marco das Escolas Padre Anchieta, criadas em 1941 por educadores liderados por Pedro Clarismundo Fornari e que ao longo de setenta anos tornou-se um conglomerado do ensino infantil aos primeiros cursos universit\u00e1rios da cidade. O pr\u00e9dio tem hoje pequena visibilidade na rua mas \u00e9 refer\u00eancia do ambiente educativo e [&hellip;]<\/p>\n","protected":false},"author":11,"featured_media":0,"parent":14,"menu_order":0,"comment_status":"closed","ping_status":"closed","template":"page-local.php","meta":{"footnotes":""},"class_list":["post-200","page","type-page","status-publish","hentry"],"_links":{"self":[{"href":"https:\/\/rotasturisticas.jundiai.sp.gov.br\/centrohistorico\/wp-json\/wp\/v2\/pages\/200","targetHints":{"allow":["GET"]}}],"collection":[{"href":"https:\/\/rotasturisticas.jundiai.sp.gov.br\/centrohistorico\/wp-json\/wp\/v2\/pages"}],"about":[{"href":"https:\/\/rotasturisticas.jundiai.sp.gov.br\/centrohistorico\/wp-json\/wp\/v2\/types\/page"}],"author":[{"embeddable":true,"href":"https:\/\/rotasturisticas.jundiai.sp.gov.br\/centrohistorico\/wp-json\/wp\/v2\/users\/11"}],"replies":[{"embeddable":true,"href":"https:\/\/rotasturisticas.jundiai.sp.gov.br\/centrohistorico\/wp-json\/wp\/v2\/comments?post=200"}],"version-history":[{"count":4,"href":"https:\/\/rotasturisticas.jundiai.sp.gov.br\/centrohistorico\/wp-json\/wp\/v2\/pages\/200\/revisions"}],"predecessor-version":[{"id":1938,"href":"https:\/\/rotasturisticas.jundiai.sp.gov.br\/centrohistorico\/wp-json\/wp\/v2\/pages\/200\/revisions\/1938"}],"up":[{"embeddable":true,"href":"https:\/\/rotasturisticas.jundiai.sp.gov.br\/centrohistorico\/wp-json\/wp\/v2\/pages\/14"}],"wp:attachment":[{"href":"https:\/\/rotasturisticas.jundiai.sp.gov.br\/centrohistorico\/wp-json\/wp\/v2\/media?parent=200"}],"curies":[{"name":"wp","href":"https:\/\/api.w.org\/{rel}","templated":true}]}}

<p>O Edifício Iperoig é o principal marco das Escolas Padre Anchieta, criadas em 1941 por educadores liderados por Pedro Clarismundo Fornari e que ao longo de setenta anos tornou-se um conglomerado do ensino infantil aos primeiros cursos universitários da cidade. O prédio tem hoje pequena visibilidade na rua mas é referência do ambiente educativo e cultural consolidado nesse trecho inicial da antiga Estrada de Pirapora.</p>



<p>(Pesquisa e Texto: José Arnaldo de Oliveira)</p>


<div class="wp-block-image">
<figure class="aligncenter size-full"><img loading="lazy" decoding="async" width="1280" height="740" src="https://rotasturisticas.jundiai.sp.gov.br/centrohistorico/wp-content/uploads/sites/6/2024/08/Escola-Padre-Anchieta-Jundiai-fonte-IBGE.png" alt="" class="wp-image-1936" srcset="https://rotasturisticas.jundiai.sp.gov.br/centrohistorico/wp-content/uploads/sites/6/2024/08/Escola-Padre-Anchieta-Jundiai-fonte-IBGE.png 1280w, https://rotasturisticas.jundiai.sp.gov.br/centrohistorico/wp-content/uploads/sites/6/2024/08/Escola-Padre-Anchieta-Jundiai-fonte-IBGE-768x444.png 768w" sizes="auto, (max-width: 1280px) 100vw, 1280px" /><figcaption class="wp-element-caption">Crédito: IBGE</figcaption></figure>
</div>

<p>O Edifício Iperoig é o principal marco das Escolas Padre Anchieta, criadas em 1941 por educadores liderados por Pedro Clarismundo Fornari e que ao longo de setenta anos tornou-se um conglomerado do ensino infantil aos primeiros cursos universitários da cidade. O prédio tem hoje pequena visibilidade na rua mas é referência do ambiente educativo e [&hellip;]</p>
