{"id":198,"date":"2018-07-04T11:47:04","date_gmt":"2018-07-04T14:47:04","guid":{"rendered":"http:\/\/rotasturisticas.jundiai.sp.gov.br\/centrohistorico\/?page_id=198"},"modified":"2024-08-21T11:12:05","modified_gmt":"2024-08-21T14:12:05","slug":"igreja-do-rosario","status":"publish","type":"page","link":"https:\/\/rotasturisticas.jundiai.sp.gov.br\/centrohistorico\/o-que-visitar\/igreja-do-rosario\/","title":{"rendered":"Igreja do Ros\u00e1rio"},"content":{"rendered":"\n<p>A Igreja de Nossa Senhora do Ros\u00e1rio e S\u00e3o Benedito, inaugurada em 1938, \u00e9 a sucessora da igreja anterior que existiu entre 1790 e 1922 no Largo do Pelourinho, criada pela Irmandade do Ros\u00e1rio voltada para moradores ind\u00edgenas (ou \u201cnegros da terra\u201d na \u00e9poca) e africanos escravizados nos s\u00e9culos 18 e 19. No Largo Santa Cruz, manteve diversas de suas fun\u00e7\u00f5es comunit\u00e1rias em uma constru\u00e7\u00e3o de elementos identificados ao estilo g\u00f3tico primitivo.<\/p>\n\n\n\n<p>(Pesquisa e Texto: Jos\u00e9 Arnaldo de Oliveira)<\/p>\n\n\n\n<figure class=\"wp-block-gallery has-nested-images columns-default is-cropped wp-block-gallery-1 is-layout-flex wp-block-gallery-is-layout-flex\">\n<figure class=\"wp-block-image size-large\"><a href=\"https:\/\/rotasturisticas.jundiai.sp.gov.br\/centrohistorico\/wp-content\/uploads\/sites\/6\/2024\/08\/igreja-do-rosario.jpg\"><img loading=\"lazy\" decoding=\"async\" width=\"382\" height=\"510\" data-id=\"1990\" src=\"https:\/\/rotasturisticas.jundiai.sp.gov.br\/centrohistorico\/wp-content\/uploads\/sites\/6\/2024\/08\/igreja-do-rosario.jpg\" alt=\"\" class=\"wp-image-1990\" \/><\/a><\/figure>\n\n\n\n<figure class=\"wp-block-image size-large\"><a href=\"https:\/\/rotasturisticas.jundiai.sp.gov.br\/centrohistorico\/wp-content\/uploads\/sites\/6\/2024\/08\/Igreja-Rosario.jpg\"><img loading=\"lazy\" decoding=\"async\" width=\"338\" height=\"450\" data-id=\"1991\" src=\"https:\/\/rotasturisticas.jundiai.sp.gov.br\/centrohistorico\/wp-content\/uploads\/sites\/6\/2024\/08\/Igreja-Rosario.jpg\" alt=\"\" class=\"wp-image-1991\" \/><\/a><\/figure>\n\n\n\n<figure class=\"wp-block-image size-large\"><a href=\"https:\/\/rotasturisticas.jundiai.sp.gov.br\/centrohistorico\/wp-content\/uploads\/sites\/6\/2024\/08\/igreja-rosario02.jpg\"><img loading=\"lazy\" decoding=\"async\" width=\"766\" height=\"950\" data-id=\"1993\" src=\"https:\/\/rotasturisticas.jundiai.sp.gov.br\/centrohistorico\/wp-content\/uploads\/sites\/6\/2024\/08\/igreja-rosario02-766x950.jpg\" alt=\"\" class=\"wp-image-1993\" srcset=\"https:\/\/rotasturisticas.jundiai.sp.gov.br\/centrohistorico\/wp-content\/uploads\/sites\/6\/2024\/08\/igreja-rosario02-766x950.jpg 766w, https:\/\/rotasturisticas.jundiai.sp.gov.br\/centrohistorico\/wp-content\/uploads\/sites\/6\/2024\/08\/igreja-rosario02-768x952.jpg 768w, https:\/\/rotasturisticas.jundiai.sp.gov.br\/centrohistorico\/wp-content\/uploads\/sites\/6\/2024\/08\/igreja-rosario02-1239x1536.jpg 1239w, https:\/\/rotasturisticas.jundiai.sp.gov.br\/centrohistorico\/wp-content\/uploads\/sites\/6\/2024\/08\/igreja-rosario02.jpg 1280w\" sizes=\"auto, (max-width: 766px) 100vw, 766px\" \/><\/a><\/figure>\n\n\n\n<figure class=\"wp-block-image size-large\"><a href=\"https:\/\/rotasturisticas.jundiai.sp.gov.br\/centrohistorico\/wp-content\/uploads\/sites\/6\/2024\/08\/igreja-do-rosario-1-1.jpg\"><img loading=\"lazy\" decoding=\"async\" width=\"651\" height=\"950\" data-id=\"1994\" src=\"https:\/\/rotasturisticas.jundiai.sp.gov.br\/centrohistorico\/wp-content\/uploads\/sites\/6\/2024\/08\/igreja-do-rosario-1-1-651x950.jpg\" alt=\"\" class=\"wp-image-1994\" srcset=\"https:\/\/rotasturisticas.jundiai.sp.gov.br\/centrohistorico\/wp-content\/uploads\/sites\/6\/2024\/08\/igreja-do-rosario-1-1-651x950.jpg 651w, https:\/\/rotasturisticas.jundiai.sp.gov.br\/centrohistorico\/wp-content\/uploads\/sites\/6\/2024\/08\/igreja-do-rosario-1-1-768x1121.jpg 768w, https:\/\/rotasturisticas.jundiai.sp.gov.br\/centrohistorico\/wp-content\/uploads\/sites\/6\/2024\/08\/igreja-do-rosario-1-1.jpg 781w\" sizes=\"auto, (max-width: 651px) 100vw, 651px\" \/><\/a><\/figure>\n<\/figure>\n","protected":false},"excerpt":{"rendered":"<p>A Igreja de Nossa Senhora do Ros\u00e1rio e S\u00e3o Benedito, inaugurada em 1938, \u00e9 a sucessora da igreja anterior que existiu entre 1790 e 1922 no Largo do Pelourinho, criada pela Irmandade do Ros\u00e1rio voltada para moradores ind\u00edgenas (ou \u201cnegros da terra\u201d na \u00e9poca) e africanos escravizados nos s\u00e9culos 18 e 19. No Largo Santa [&hellip;]<\/p>\n","protected":false},"author":11,"featured_media":0,"parent":14,"menu_order":0,"comment_status":"closed","ping_status":"closed","template":"page-local.php","meta":{"footnotes":""},"class_list":["post-198","page","type-page","status-publish","hentry"],"_links":{"self":[{"href":"https:\/\/rotasturisticas.jundiai.sp.gov.br\/centrohistorico\/wp-json\/wp\/v2\/pages\/198","targetHints":{"allow":["GET"]}}],"collection":[{"href":"https:\/\/rotasturisticas.jundiai.sp.gov.br\/centrohistorico\/wp-json\/wp\/v2\/pages"}],"about":[{"href":"https:\/\/rotasturisticas.jundiai.sp.gov.br\/centrohistorico\/wp-json\/wp\/v2\/types\/page"}],"author":[{"embeddable":true,"href":"https:\/\/rotasturisticas.jundiai.sp.gov.br\/centrohistorico\/wp-json\/wp\/v2\/users\/11"}],"replies":[{"embeddable":true,"href":"https:\/\/rotasturisticas.jundiai.sp.gov.br\/centrohistorico\/wp-json\/wp\/v2\/comments?post=198"}],"version-history":[{"count":4,"href":"https:\/\/rotasturisticas.jundiai.sp.gov.br\/centrohistorico\/wp-json\/wp\/v2\/pages\/198\/revisions"}],"predecessor-version":[{"id":1996,"href":"https:\/\/rotasturisticas.jundiai.sp.gov.br\/centrohistorico\/wp-json\/wp\/v2\/pages\/198\/revisions\/1996"}],"up":[{"embeddable":true,"href":"https:\/\/rotasturisticas.jundiai.sp.gov.br\/centrohistorico\/wp-json\/wp\/v2\/pages\/14"}],"wp:attachment":[{"href":"https:\/\/rotasturisticas.jundiai.sp.gov.br\/centrohistorico\/wp-json\/wp\/v2\/media?parent=198"}],"curies":[{"name":"wp","href":"https:\/\/api.w.org\/{rel}","templated":true}]}}