{"id":177,"date":"2018-07-04T09:38:17","date_gmt":"2018-07-04T12:38:17","guid":{"rendered":"http:\/\/rotasturisticas.jundiai.sp.gov.br\/centrohistorico\/?page_id=177"},"modified":"2024-08-21T10:38:13","modified_gmt":"2024-08-21T13:38:13","slug":"hospital-sao-vicente-de-paulo","status":"publish","type":"page","link":"https:\/\/rotasturisticas.jundiai.sp.gov.br\/centrohistorico\/o-que-visitar\/hospital-sao-vicente-de-paulo\/","title":{"rendered":"Hospital S\u00e3o Vicente de Paulo"},"content":{"rendered":"\n<p>O Hospital de Caridade S\u00e3o Vicente de Paulo abriu as portas oficialmente em 1902 como resultado de um processo iniciado pelo movimento cat\u00f3lico leigo Confer\u00eancia Vicentina em 1899. Tornou-se ao longo dos s\u00e9culos 20 e 21 a refer\u00eancia regional p\u00fablica de emerg\u00eancias e sua parte mais antiga voltada para a pra\u00e7a inclui entre outros detalhes uma capela ornada com vitrais doados por moradores da cidade pelas muitas vidas salvas ao longo desse tempo.<\/p>\n\n\n\n<p>(Pesquisa e Texto: Jos\u00e9 Arnaldo de Oliveira)<\/p>\n\n\n\n<figure class=\"wp-block-gallery has-nested-images columns-default is-cropped wp-block-gallery-1 is-layout-flex wp-block-gallery-is-layout-flex\">\n<figure class=\"wp-block-image size-full\"><a href=\"https:\/\/rotasturisticas.jundiai.sp.gov.br\/centrohistorico\/wp-content\/uploads\/sites\/6\/2024\/08\/hospital-SV.jpg\"><img loading=\"lazy\" decoding=\"async\" width=\"1280\" height=\"720\" data-id=\"1976\" src=\"https:\/\/rotasturisticas.jundiai.sp.gov.br\/centrohistorico\/wp-content\/uploads\/sites\/6\/2024\/08\/hospital-SV.jpg\" alt=\"\" class=\"wp-image-1976\" srcset=\"https:\/\/rotasturisticas.jundiai.sp.gov.br\/centrohistorico\/wp-content\/uploads\/sites\/6\/2024\/08\/hospital-SV.jpg 1280w, https:\/\/rotasturisticas.jundiai.sp.gov.br\/centrohistorico\/wp-content\/uploads\/sites\/6\/2024\/08\/hospital-SV-768x432.jpg 768w\" sizes=\"auto, (max-width: 1280px) 100vw, 1280px\" \/><\/a><\/figure>\n\n\n\n<figure class=\"wp-block-image size-full\"><a href=\"https:\/\/rotasturisticas.jundiai.sp.gov.br\/centrohistorico\/wp-content\/uploads\/sites\/6\/2024\/08\/Hospital-sao-Vicente.jpg\"><img loading=\"lazy\" decoding=\"async\" width=\"919\" height=\"608\" data-id=\"1980\" src=\"https:\/\/rotasturisticas.jundiai.sp.gov.br\/centrohistorico\/wp-content\/uploads\/sites\/6\/2024\/08\/Hospital-sao-Vicente.jpg\" alt=\"\" class=\"wp-image-1980\" srcset=\"https:\/\/rotasturisticas.jundiai.sp.gov.br\/centrohistorico\/wp-content\/uploads\/sites\/6\/2024\/08\/Hospital-sao-Vicente.jpg 919w, https:\/\/rotasturisticas.jundiai.sp.gov.br\/centrohistorico\/wp-content\/uploads\/sites\/6\/2024\/08\/Hospital-sao-Vicente-768x508.jpg 768w\" sizes=\"auto, (max-width: 919px) 100vw, 919px\" \/><\/a><\/figure>\n<\/figure>\n","protected":false},"excerpt":{"rendered":"<p>O Hospital de Caridade S\u00e3o Vicente de Paulo abriu as portas oficialmente em 1902 como resultado de um processo iniciado pelo movimento cat\u00f3lico leigo Confer\u00eancia Vicentina em 1899. Tornou-se ao longo dos s\u00e9culos 20 e 21 a refer\u00eancia regional p\u00fablica de emerg\u00eancias e sua parte mais antiga voltada para a pra\u00e7a inclui entre outros detalhes [&hellip;]<\/p>\n","protected":false},"author":11,"featured_media":0,"parent":14,"menu_order":0,"comment_status":"closed","ping_status":"closed","template":"page-local.php","meta":{"footnotes":""},"class_list":["post-177","page","type-page","status-publish","hentry"],"_links":{"self":[{"href":"https:\/\/rotasturisticas.jundiai.sp.gov.br\/centrohistorico\/wp-json\/wp\/v2\/pages\/177","targetHints":{"allow":["GET"]}}],"collection":[{"href":"https:\/\/rotasturisticas.jundiai.sp.gov.br\/centrohistorico\/wp-json\/wp\/v2\/pages"}],"about":[{"href":"https:\/\/rotasturisticas.jundiai.sp.gov.br\/centrohistorico\/wp-json\/wp\/v2\/types\/page"}],"author":[{"embeddable":true,"href":"https:\/\/rotasturisticas.jundiai.sp.gov.br\/centrohistorico\/wp-json\/wp\/v2\/users\/11"}],"replies":[{"embeddable":true,"href":"https:\/\/rotasturisticas.jundiai.sp.gov.br\/centrohistorico\/wp-json\/wp\/v2\/comments?post=177"}],"version-history":[{"count":5,"href":"https:\/\/rotasturisticas.jundiai.sp.gov.br\/centrohistorico\/wp-json\/wp\/v2\/pages\/177\/revisions"}],"predecessor-version":[{"id":1982,"href":"https:\/\/rotasturisticas.jundiai.sp.gov.br\/centrohistorico\/wp-json\/wp\/v2\/pages\/177\/revisions\/1982"}],"up":[{"embeddable":true,"href":"https:\/\/rotasturisticas.jundiai.sp.gov.br\/centrohistorico\/wp-json\/wp\/v2\/pages\/14"}],"wp:attachment":[{"href":"https:\/\/rotasturisticas.jundiai.sp.gov.br\/centrohistorico\/wp-json\/wp\/v2\/media?parent=177"}],"curies":[{"name":"wp","href":"https:\/\/api.w.org\/{rel}","templated":true}]}}