{"id":165,"date":"2018-07-04T09:33:24","date_gmt":"2018-07-04T12:33:24","guid":{"rendered":"http:\/\/rotasturisticas.jundiai.sp.gov.br\/centrohistorico\/?page_id=165"},"modified":"2024-08-22T16:59:01","modified_gmt":"2024-08-22T19:59:01","slug":"largo-da-cadeia-velha","status":"publish","type":"page","link":"https:\/\/rotasturisticas.jundiai.sp.gov.br\/centrohistorico\/o-que-visitar\/largo-da-cadeia-velha\/","title":{"rendered":"Largo da Cadeia Velha"},"content":{"rendered":"\n<p>O atual F\u00f3rum de Justi\u00e7a Dr. Adriano de Oliveira sediou no in\u00edcio do s\u00e9culo 20 a cadeia da cidade que teve vers\u00f5es anteriores desde o s\u00e9culo 17 no Largo do Pelourinho. Sua refer\u00eancia \u00e9 a pra\u00e7a Tib\u00farcio Estevam de Siqueira, formando uma \u00e1rea ligada a muitos momentos sociais, culturais, religiosos e carnavalescos. Abriga ainda o marco geod\u00e9sico do centro e parte do caminho colonial das lavadeiras rumo ao c\u00f3rrego do Mato.<\/p>\n\n\n\n<figure class=\"wp-block-gallery has-nested-images columns-default is-cropped wp-block-gallery-1 is-layout-flex wp-block-gallery-is-layout-flex\">\n<figure class=\"wp-block-image size-full\"><img loading=\"lazy\" decoding=\"async\" width=\"1280\" height=\"661\" data-id=\"1999\" src=\"https:\/\/rotasturisticas.jundiai.sp.gov.br\/centrohistorico\/wp-content\/uploads\/sites\/6\/2024\/08\/praca-tiburcio-estevam-de-siqueira.png\" alt=\"\" class=\"wp-image-1999\" srcset=\"https:\/\/rotasturisticas.jundiai.sp.gov.br\/centrohistorico\/wp-content\/uploads\/sites\/6\/2024\/08\/praca-tiburcio-estevam-de-siqueira.png 1280w, https:\/\/rotasturisticas.jundiai.sp.gov.br\/centrohistorico\/wp-content\/uploads\/sites\/6\/2024\/08\/praca-tiburcio-estevam-de-siqueira-768x397.png 768w\" sizes=\"auto, (max-width: 1280px) 100vw, 1280px\" \/><\/figure>\n\n\n\n<figure class=\"wp-block-image size-full\"><img loading=\"lazy\" decoding=\"async\" width=\"1280\" height=\"858\" data-id=\"2036\" src=\"https:\/\/rotasturisticas.jundiai.sp.gov.br\/centrohistorico\/wp-content\/uploads\/sites\/6\/2024\/08\/largo-da-cadeia-Antiga.jpg\" alt=\"\" class=\"wp-image-2036\" srcset=\"https:\/\/rotasturisticas.jundiai.sp.gov.br\/centrohistorico\/wp-content\/uploads\/sites\/6\/2024\/08\/largo-da-cadeia-Antiga.jpg 1280w, https:\/\/rotasturisticas.jundiai.sp.gov.br\/centrohistorico\/wp-content\/uploads\/sites\/6\/2024\/08\/largo-da-cadeia-Antiga-768x515.jpg 768w\" sizes=\"auto, (max-width: 1280px) 100vw, 1280px\" \/><\/figure>\n\n\n\n<figure class=\"wp-block-image size-full\"><img loading=\"lazy\" decoding=\"async\" width=\"520\" height=\"440\" data-id=\"2018\" src=\"https:\/\/rotasturisticas.jundiai.sp.gov.br\/centrohistorico\/wp-content\/uploads\/sites\/6\/2024\/08\/Na-decada-de-1930-a-Praca-Tiburcio-Estevam-de-Siqueira.jpg\" alt=\"\" class=\"wp-image-2018\" \/><\/figure>\n<\/figure>\n","protected":false},"excerpt":{"rendered":"<p>O atual F\u00f3rum de Justi\u00e7a Dr. Adriano de Oliveira sediou no in\u00edcio do s\u00e9culo 20 a cadeia da cidade que teve vers\u00f5es anteriores desde o s\u00e9culo 17 no Largo do Pelourinho. Sua refer\u00eancia \u00e9 a pra\u00e7a Tib\u00farcio Estevam de Siqueira, formando uma \u00e1rea ligada a muitos momentos sociais, culturais, religiosos e carnavalescos. Abriga ainda o [&hellip;]<\/p>\n","protected":false},"author":11,"featured_media":0,"parent":14,"menu_order":0,"comment_status":"closed","ping_status":"closed","template":"page-local.php","meta":{"footnotes":""},"class_list":["post-165","page","type-page","status-publish","hentry"],"_links":{"self":[{"href":"https:\/\/rotasturisticas.jundiai.sp.gov.br\/centrohistorico\/wp-json\/wp\/v2\/pages\/165","targetHints":{"allow":["GET"]}}],"collection":[{"href":"https:\/\/rotasturisticas.jundiai.sp.gov.br\/centrohistorico\/wp-json\/wp\/v2\/pages"}],"about":[{"href":"https:\/\/rotasturisticas.jundiai.sp.gov.br\/centrohistorico\/wp-json\/wp\/v2\/types\/page"}],"author":[{"embeddable":true,"href":"https:\/\/rotasturisticas.jundiai.sp.gov.br\/centrohistorico\/wp-json\/wp\/v2\/users\/11"}],"replies":[{"embeddable":true,"href":"https:\/\/rotasturisticas.jundiai.sp.gov.br\/centrohistorico\/wp-json\/wp\/v2\/comments?post=165"}],"version-history":[{"count":5,"href":"https:\/\/rotasturisticas.jundiai.sp.gov.br\/centrohistorico\/wp-json\/wp\/v2\/pages\/165\/revisions"}],"predecessor-version":[{"id":2037,"href":"https:\/\/rotasturisticas.jundiai.sp.gov.br\/centrohistorico\/wp-json\/wp\/v2\/pages\/165\/revisions\/2037"}],"up":[{"embeddable":true,"href":"https:\/\/rotasturisticas.jundiai.sp.gov.br\/centrohistorico\/wp-json\/wp\/v2\/pages\/14"}],"wp:attachment":[{"href":"https:\/\/rotasturisticas.jundiai.sp.gov.br\/centrohistorico\/wp-json\/wp\/v2\/media?parent=165"}],"curies":[{"name":"wp","href":"https:\/\/api.w.org\/{rel}","templated":true}]}}