{"id":155,"date":"2018-07-04T09:27:46","date_gmt":"2018-07-04T12:27:46","guid":{"rendered":"http:\/\/rotasturisticas.jundiai.sp.gov.br\/centrohistorico\/?page_id=155"},"modified":"2024-08-20T17:03:28","modified_gmt":"2024-08-20T20:03:28","slug":"fabrica-de-correias","status":"publish","type":"page","link":"https:\/\/rotasturisticas.jundiai.sp.gov.br\/centrohistorico\/o-que-visitar\/fabrica-de-correias\/","title":{"rendered":"F\u00e1brica de Correias"},"content":{"rendered":"\n<p>A \u00faltima f\u00e1brica do centro hist\u00f3rico encerrou suas atividades em 2016 na regi\u00e3o da Ponte de Campinas, onde desde 1960 eram produzidas as correias de transmiss\u00e3o da marca Universal ao lado dos trilhos da antiga estrada de ferro Sorocabana. Com sua estrutura e casas demolidas para dar lugar a um hipermercado, simboliza um aceno definitivo para a mem\u00f3ria cotidiana no s\u00e9culo 20 da circula\u00e7\u00e3o do trabalho de t\u00e9cnicos e oper\u00e1rios industriais pela regi\u00e3o central.<\/p>\n\n\n\n<p>(Pesquisa e Texto: Jos\u00e9 Arnaldo de Oliveira)<\/p>\n\n\n\n<figure class=\"wp-block-image size-full\"><img loading=\"lazy\" decoding=\"async\" width=\"1280\" height=\"588\" src=\"https:\/\/rotasturisticas.jundiai.sp.gov.br\/centrohistorico\/wp-content\/uploads\/sites\/6\/2024\/08\/Antiga-Fabrca-de-correias.png\" alt=\"\" class=\"wp-image-1941\" srcset=\"https:\/\/rotasturisticas.jundiai.sp.gov.br\/centrohistorico\/wp-content\/uploads\/sites\/6\/2024\/08\/Antiga-Fabrca-de-correias.png 1280w, https:\/\/rotasturisticas.jundiai.sp.gov.br\/centrohistorico\/wp-content\/uploads\/sites\/6\/2024\/08\/Antiga-Fabrca-de-correias-768x353.png 768w\" sizes=\"auto, (max-width: 1280px) 100vw, 1280px\" \/><figcaption class=\"wp-element-caption\">Antigo pr\u00e9dio da F\u00e1brica<\/figcaption><\/figure>\n","protected":false},"excerpt":{"rendered":"<p>A \u00faltima f\u00e1brica do centro hist\u00f3rico encerrou suas atividades em 2016 na regi\u00e3o da Ponte de Campinas, onde desde 1960 eram produzidas as correias de transmiss\u00e3o da marca Universal ao lado dos trilhos da antiga estrada de ferro Sorocabana. Com sua estrutura e casas demolidas para dar lugar a um hipermercado, simboliza um aceno definitivo [&hellip;]<\/p>\n","protected":false},"author":11,"featured_media":0,"parent":14,"menu_order":0,"comment_status":"closed","ping_status":"closed","template":"page-local.php","meta":{"footnotes":""},"class_list":["post-155","page","type-page","status-publish","hentry"],"_links":{"self":[{"href":"https:\/\/rotasturisticas.jundiai.sp.gov.br\/centrohistorico\/wp-json\/wp\/v2\/pages\/155","targetHints":{"allow":["GET"]}}],"collection":[{"href":"https:\/\/rotasturisticas.jundiai.sp.gov.br\/centrohistorico\/wp-json\/wp\/v2\/pages"}],"about":[{"href":"https:\/\/rotasturisticas.jundiai.sp.gov.br\/centrohistorico\/wp-json\/wp\/v2\/types\/page"}],"author":[{"embeddable":true,"href":"https:\/\/rotasturisticas.jundiai.sp.gov.br\/centrohistorico\/wp-json\/wp\/v2\/users\/11"}],"replies":[{"embeddable":true,"href":"https:\/\/rotasturisticas.jundiai.sp.gov.br\/centrohistorico\/wp-json\/wp\/v2\/comments?post=155"}],"version-history":[{"count":3,"href":"https:\/\/rotasturisticas.jundiai.sp.gov.br\/centrohistorico\/wp-json\/wp\/v2\/pages\/155\/revisions"}],"predecessor-version":[{"id":1942,"href":"https:\/\/rotasturisticas.jundiai.sp.gov.br\/centrohistorico\/wp-json\/wp\/v2\/pages\/155\/revisions\/1942"}],"up":[{"embeddable":true,"href":"https:\/\/rotasturisticas.jundiai.sp.gov.br\/centrohistorico\/wp-json\/wp\/v2\/pages\/14"}],"wp:attachment":[{"href":"https:\/\/rotasturisticas.jundiai.sp.gov.br\/centrohistorico\/wp-json\/wp\/v2\/media?parent=155"}],"curies":[{"name":"wp","href":"https:\/\/api.w.org\/{rel}","templated":true}]}}