{"id":137,"date":"2018-07-04T09:22:00","date_gmt":"2018-07-04T12:22:00","guid":{"rendered":"http:\/\/rotasturisticas.jundiai.sp.gov.br\/centrohistorico\/?page_id=137"},"modified":"2025-03-31T10:51:58","modified_gmt":"2025-03-31T13:51:58","slug":"escola-siqueira-de-moraes","status":"publish","type":"page","link":"https:\/\/rotasturisticas.jundiai.sp.gov.br\/centrohistorico\/o-que-visitar\/escola-siqueira-de-moraes\/","title":{"rendered":"Escola Siqueira Moraes"},"content":{"rendered":"\n<p>O imponente pr\u00e9dio de 1896 abrigou a pioneira escola p\u00fablica da cidade com o Grupo Escolar Coronel Siqueira Moraes, ainda com a separa\u00e7\u00e3o de meninas e meninos, sediou a Biblioteca Municipal na d\u00e9cada de 1970 e atualmente \u00e9 o Centro Cultural Jorosil, abrigando a sede da Pinacoteca P\u00fablica com obras como do artista local do cotidiano, Di\u00f3genes Duarte Paes. Recebe exposi\u00e7\u00f5es permanentes de seu acervo e mostras tempor\u00e1rias de artistas convidados, abertas ao p\u00fablico.<\/p>\n\n\n\n<p>(Pesquisa e Texto: Jos\u00e9 Arnaldo de Oliveira)<\/p>\n\n\n\n<figure class=\"wp-block-gallery has-nested-images columns-default is-cropped wp-block-gallery-1 is-layout-flex wp-block-gallery-is-layout-flex\">\n<figure class=\"wp-block-image size-large\"><a href=\"https:\/\/rotasturisticas.jundiai.sp.gov.br\/centrohistorico\/wp-content\/uploads\/sites\/6\/2024\/08\/escola-siqueira-moraes.jpg\"><img loading=\"lazy\" decoding=\"async\" width=\"1280\" height=\"873\" data-id=\"1929\" src=\"https:\/\/rotasturisticas.jundiai.sp.gov.br\/centrohistorico\/wp-content\/uploads\/sites\/6\/2024\/08\/escola-siqueira-moraes-1280x873.jpg\" alt=\"\" class=\"wp-image-1929\" srcset=\"https:\/\/rotasturisticas.jundiai.sp.gov.br\/centrohistorico\/wp-content\/uploads\/sites\/6\/2024\/08\/escola-siqueira-moraes-1280x873.jpg 1280w, https:\/\/rotasturisticas.jundiai.sp.gov.br\/centrohistorico\/wp-content\/uploads\/sites\/6\/2024\/08\/escola-siqueira-moraes-768x524.jpg 768w, https:\/\/rotasturisticas.jundiai.sp.gov.br\/centrohistorico\/wp-content\/uploads\/sites\/6\/2024\/08\/escola-siqueira-moraes.jpg 1322w\" sizes=\"auto, (max-width: 1280px) 100vw, 1280px\" \/><\/a><figcaption class=\"wp-element-caption\">Arquivo Lu\u00eds Soares de Camargo. Acervo Professor Maur\u00edcio Ferreira<\/figcaption><\/figure>\n\n\n\n<figure class=\"wp-block-image size-large\"><a href=\"https:\/\/rotasturisticas.jundiai.sp.gov.br\/centrohistorico\/wp-content\/uploads\/sites\/6\/2024\/08\/jundiai-Biblioteca0001.jpg\"><img loading=\"lazy\" decoding=\"async\" width=\"591\" height=\"403\" data-id=\"1930\" src=\"https:\/\/rotasturisticas.jundiai.sp.gov.br\/centrohistorico\/wp-content\/uploads\/sites\/6\/2024\/08\/jundiai-Biblioteca0001.jpg\" alt=\"\" class=\"wp-image-1930\" \/><\/a><\/figure>\n\n\n\n<figure class=\"wp-block-image size-large\"><a href=\"https:\/\/rotasturisticas.jundiai.sp.gov.br\/centrohistorico\/wp-content\/uploads\/sites\/6\/2024\/08\/siqueira-moraes-1946.jpg\"><img loading=\"lazy\" decoding=\"async\" width=\"651\" height=\"490\" data-id=\"1932\" src=\"https:\/\/rotasturisticas.jundiai.sp.gov.br\/centrohistorico\/wp-content\/uploads\/sites\/6\/2024\/08\/siqueira-moraes-1946.jpg\" alt=\"\" class=\"wp-image-1932\" srcset=\"https:\/\/rotasturisticas.jundiai.sp.gov.br\/centrohistorico\/wp-content\/uploads\/sites\/6\/2024\/08\/siqueira-moraes-1946.jpg 651w, https:\/\/rotasturisticas.jundiai.sp.gov.br\/centrohistorico\/wp-content\/uploads\/sites\/6\/2024\/08\/siqueira-moraes-1946-300x225.jpg 300w\" sizes=\"auto, (max-width: 651px) 100vw, 651px\" \/><\/a><figcaption class=\"wp-element-caption\">1946. Acervo Professor Maur\u00edcio Ferreira<\/figcaption><\/figure>\n<\/figure>\n","protected":false},"excerpt":{"rendered":"<p>O imponente pr\u00e9dio de 1896 abrigou a pioneira escola p\u00fablica da cidade com o Grupo Escolar Coronel Siqueira Moraes, ainda com a separa\u00e7\u00e3o de meninas e meninos, sediou a Biblioteca Municipal na d\u00e9cada de 1970 e atualmente \u00e9 o Centro Cultural Jorosil, abrigando a sede da Pinacoteca P\u00fablica com obras como do artista local do [&hellip;]<\/p>\n","protected":false},"author":11,"featured_media":0,"parent":14,"menu_order":0,"comment_status":"closed","ping_status":"closed","template":"page-local.php","meta":{"footnotes":""},"class_list":["post-137","page","type-page","status-publish","hentry"],"_links":{"self":[{"href":"https:\/\/rotasturisticas.jundiai.sp.gov.br\/centrohistorico\/wp-json\/wp\/v2\/pages\/137","targetHints":{"allow":["GET"]}}],"collection":[{"href":"https:\/\/rotasturisticas.jundiai.sp.gov.br\/centrohistorico\/wp-json\/wp\/v2\/pages"}],"about":[{"href":"https:\/\/rotasturisticas.jundiai.sp.gov.br\/centrohistorico\/wp-json\/wp\/v2\/types\/page"}],"author":[{"embeddable":true,"href":"https:\/\/rotasturisticas.jundiai.sp.gov.br\/centrohistorico\/wp-json\/wp\/v2\/users\/11"}],"replies":[{"embeddable":true,"href":"https:\/\/rotasturisticas.jundiai.sp.gov.br\/centrohistorico\/wp-json\/wp\/v2\/comments?post=137"}],"version-history":[{"count":4,"href":"https:\/\/rotasturisticas.jundiai.sp.gov.br\/centrohistorico\/wp-json\/wp\/v2\/pages\/137\/revisions"}],"predecessor-version":[{"id":1934,"href":"https:\/\/rotasturisticas.jundiai.sp.gov.br\/centrohistorico\/wp-json\/wp\/v2\/pages\/137\/revisions\/1934"}],"up":[{"embeddable":true,"href":"https:\/\/rotasturisticas.jundiai.sp.gov.br\/centrohistorico\/wp-json\/wp\/v2\/pages\/14"}],"wp:attachment":[{"href":"https:\/\/rotasturisticas.jundiai.sp.gov.br\/centrohistorico\/wp-json\/wp\/v2\/media?parent=137"}],"curies":[{"name":"wp","href":"https:\/\/api.w.org\/{rel}","templated":true}]}}