{"id":64,"date":"2023-03-13T11:40:34","date_gmt":"2023-03-13T14:40:34","guid":{"rendered":"https:\/\/rotasturisticas.jundiai.sp.gov.br\/brincar\/?page_id=64"},"modified":"2023-03-13T11:58:16","modified_gmt":"2023-03-13T14:58:16","slug":"jardins-museu-solar-do-barao","status":"publish","type":"page","link":"https:\/\/rotasturisticas.jundiai.sp.gov.br\/brincar\/o-que-visitar\/jardins-museu-solar-do-barao\/","title":{"rendered":"Jardins Museu Solar do Bar\u00e3o"},"content":{"rendered":"\n<p>Em \u00e1rea de cerca de 1.600 metros quadrados, os jardins adjacentes ao pr\u00e9dio do Museu Solar do Bar\u00e3o s\u00e3o uma atra\u00e7\u00e3o \u00e0 parte, esp\u00e9cie de o\u00e1sis de sil\u00eancio, socializa\u00e7\u00e3o e contato com a natureza, em meio \u00e0 movimenta\u00e7\u00e3o rotineira nas vias da regi\u00e3o central.<\/p>\n\n\n\n<p>Al\u00e9m de plantas das mais variadas esp\u00e9cies e portes, capazes de atrair tamb\u00e9m t\u00e3o diversificada fauna de aves e insetos, integram o espa\u00e7o um jardim japon\u00eas com lago de carpas, bancos e pergolados, al\u00e9m de instala\u00e7\u00f5es do programa municipal \u201cCidade das Crian\u00e7as\u201d e da campanha \u201cP\u00e9 de Inf\u00e2ncia\u201d, como pinturas l\u00fadicas, uma casa na \u00e1rvore e placas interativas indicando as esp\u00e9cies de aves que frequentam o local.<\/p>\n\n\n\n<figure class=\"wp-block-gallery has-nested-images columns-default is-cropped wp-block-gallery-1 is-layout-flex wp-block-gallery-is-layout-flex\">\n<figure class=\"wp-block-image size-large\"><a href=\"https:\/\/rotasturisticas.jundiai.sp.gov.br\/brincar\/wp-content\/uploads\/sites\/10\/2023\/03\/solar-3.jpg\"><img loading=\"lazy\" decoding=\"async\" width=\"1280\" height=\"853\" data-id=\"72\" src=\"https:\/\/rotasturisticas.jundiai.sp.gov.br\/brincar\/wp-content\/uploads\/sites\/10\/2023\/03\/solar-3.jpg\" alt=\"\" class=\"wp-image-72\" srcset=\"https:\/\/rotasturisticas.jundiai.sp.gov.br\/brincar\/wp-content\/uploads\/sites\/10\/2023\/03\/solar-3.jpg 1280w, https:\/\/rotasturisticas.jundiai.sp.gov.br\/brincar\/wp-content\/uploads\/sites\/10\/2023\/03\/solar-3-768x512.jpg 768w\" sizes=\"auto, (max-width: 1280px) 100vw, 1280px\" \/><\/a><\/figure>\n\n\n\n<figure class=\"wp-block-image size-large\"><a href=\"https:\/\/rotasturisticas.jundiai.sp.gov.br\/brincar\/wp-content\/uploads\/sites\/10\/2023\/03\/solar.jpg\"><img loading=\"lazy\" decoding=\"async\" width=\"1280\" height=\"853\" data-id=\"71\" src=\"https:\/\/rotasturisticas.jundiai.sp.gov.br\/brincar\/wp-content\/uploads\/sites\/10\/2023\/03\/solar.jpg\" alt=\"\" class=\"wp-image-71\" srcset=\"https:\/\/rotasturisticas.jundiai.sp.gov.br\/brincar\/wp-content\/uploads\/sites\/10\/2023\/03\/solar.jpg 1280w, https:\/\/rotasturisticas.jundiai.sp.gov.br\/brincar\/wp-content\/uploads\/sites\/10\/2023\/03\/solar-768x512.jpg 768w\" sizes=\"auto, (max-width: 1280px) 100vw, 1280px\" \/><\/a><\/figure>\n\n\n\n<figure class=\"wp-block-image size-large\"><a href=\"https:\/\/rotasturisticas.jundiai.sp.gov.br\/brincar\/wp-content\/uploads\/sites\/10\/2023\/03\/solar-1.jpg\"><img loading=\"lazy\" decoding=\"async\" width=\"1280\" height=\"854\" data-id=\"70\" src=\"https:\/\/rotasturisticas.jundiai.sp.gov.br\/brincar\/wp-content\/uploads\/sites\/10\/2023\/03\/solar-1.jpg\" alt=\"\" class=\"wp-image-70\" srcset=\"https:\/\/rotasturisticas.jundiai.sp.gov.br\/brincar\/wp-content\/uploads\/sites\/10\/2023\/03\/solar-1.jpg 1280w, https:\/\/rotasturisticas.jundiai.sp.gov.br\/brincar\/wp-content\/uploads\/sites\/10\/2023\/03\/solar-1-768x512.jpg 768w\" sizes=\"auto, (max-width: 1280px) 100vw, 1280px\" \/><\/a><\/figure>\n\n\n\n<figure class=\"wp-block-image size-large\"><img loading=\"lazy\" decoding=\"async\" width=\"1280\" height=\"834\" data-id=\"74\" src=\"https:\/\/rotasturisticas.jundiai.sp.gov.br\/brincar\/wp-content\/uploads\/sites\/10\/2023\/03\/passarinhos_jd_solar_do_barao-32.jpg\" alt=\"\" class=\"wp-image-74\" srcset=\"https:\/\/rotasturisticas.jundiai.sp.gov.br\/brincar\/wp-content\/uploads\/sites\/10\/2023\/03\/passarinhos_jd_solar_do_barao-32.jpg 1280w, https:\/\/rotasturisticas.jundiai.sp.gov.br\/brincar\/wp-content\/uploads\/sites\/10\/2023\/03\/passarinhos_jd_solar_do_barao-32-768x500.jpg 768w\" sizes=\"auto, (max-width: 1280px) 100vw, 1280px\" \/><\/figure>\n\n\n\n<figure class=\"wp-block-image size-large\"><a href=\"https:\/\/rotasturisticas.jundiai.sp.gov.br\/brincar\/wp-content\/uploads\/sites\/10\/2023\/03\/solar-2.jpg\"><img loading=\"lazy\" decoding=\"async\" width=\"1280\" height=\"854\" data-id=\"69\" src=\"https:\/\/rotasturisticas.jundiai.sp.gov.br\/brincar\/wp-content\/uploads\/sites\/10\/2023\/03\/solar-2.jpg\" alt=\"\" class=\"wp-image-69\" srcset=\"https:\/\/rotasturisticas.jundiai.sp.gov.br\/brincar\/wp-content\/uploads\/sites\/10\/2023\/03\/solar-2.jpg 1280w, https:\/\/rotasturisticas.jundiai.sp.gov.br\/brincar\/wp-content\/uploads\/sites\/10\/2023\/03\/solar-2-768x512.jpg 768w\" sizes=\"auto, (max-width: 1280px) 100vw, 1280px\" \/><\/a><\/figure>\n<\/figure>\n","protected":false},"excerpt":{"rendered":"<p>Em \u00e1rea de cerca de 1.600 metros quadrados, os jardins adjacentes ao pr\u00e9dio do Museu Solar do Bar\u00e3o s\u00e3o uma atra\u00e7\u00e3o \u00e0 parte, esp\u00e9cie de o\u00e1sis de sil\u00eancio, socializa\u00e7\u00e3o e contato com a natureza, em meio \u00e0 movimenta\u00e7\u00e3o rotineira nas vias da regi\u00e3o central. Al\u00e9m de plantas das mais variadas esp\u00e9cies e portes, capazes de [&hellip;]<\/p>\n","protected":false},"author":16,"featured_media":70,"parent":9,"menu_order":0,"comment_status":"closed","ping_status":"closed","template":"page-local.php","meta":{"footnotes":""},"class_list":["post-64","page","type-page","status-publish","has-post-thumbnail","hentry"],"_links":{"self":[{"href":"https:\/\/rotasturisticas.jundiai.sp.gov.br\/brincar\/wp-json\/wp\/v2\/pages\/64","targetHints":{"allow":["GET"]}}],"collection":[{"href":"https:\/\/rotasturisticas.jundiai.sp.gov.br\/brincar\/wp-json\/wp\/v2\/pages"}],"about":[{"href":"https:\/\/rotasturisticas.jundiai.sp.gov.br\/brincar\/wp-json\/wp\/v2\/types\/page"}],"author":[{"embeddable":true,"href":"https:\/\/rotasturisticas.jundiai.sp.gov.br\/brincar\/wp-json\/wp\/v2\/users\/16"}],"replies":[{"embeddable":true,"href":"https:\/\/rotasturisticas.jundiai.sp.gov.br\/brincar\/wp-json\/wp\/v2\/comments?post=64"}],"version-history":[{"count":3,"href":"https:\/\/rotasturisticas.jundiai.sp.gov.br\/brincar\/wp-json\/wp\/v2\/pages\/64\/revisions"}],"predecessor-version":[{"id":75,"href":"https:\/\/rotasturisticas.jundiai.sp.gov.br\/brincar\/wp-json\/wp\/v2\/pages\/64\/revisions\/75"}],"up":[{"embeddable":true,"href":"https:\/\/rotasturisticas.jundiai.sp.gov.br\/brincar\/wp-json\/wp\/v2\/pages\/9"}],"wp:featuredmedia":[{"embeddable":true,"href":"https:\/\/rotasturisticas.jundiai.sp.gov.br\/brincar\/wp-json\/wp\/v2\/media\/70"}],"wp:attachment":[{"href":"https:\/\/rotasturisticas.jundiai.sp.gov.br\/brincar\/wp-json\/wp\/v2\/media?parent=64"}],"curies":[{"name":"wp","href":"https:\/\/api.w.org\/{rel}","templated":true}]}}