{"id":62,"date":"2023-03-13T11:39:14","date_gmt":"2023-03-13T14:39:14","guid":{"rendered":"https:\/\/rotasturisticas.jundiai.sp.gov.br\/brincar\/?page_id=62"},"modified":"2023-03-13T14:46:07","modified_gmt":"2023-03-13T17:46:07","slug":"parque-da-uva","status":"publish","type":"page","link":"https:\/\/rotasturisticas.jundiai.sp.gov.br\/brincar\/o-que-visitar\/parque-da-uva\/","title":{"rendered":"Parque da Uva"},"content":{"rendered":"\n<p>O Parque da Uva oferece um ambiente inspirado nos Parques Naturalizados, montado a partir de elementos como troncos, cordas, galhos, terra ou gramado.<\/p>\n\n\n\n<p>O modelo dos Parques Naturalizados permite que a crian\u00e7a possa utilizar mais de sua imagina\u00e7\u00e3o para criar cen\u00e1rios e situa\u00e7\u00f5es durante a brincadeira e que ela desenvolva ainda mais o seu equil\u00edbrio, por conta da atividade motora.<\/p>\n\n\n\n<p><strong>P\u00e9 de Inf\u00e2ncia<\/strong><br>No mesmo espa\u00e7o, a Prefeitura tamb\u00e9m garantiu as instala\u00e7\u00f5es da campanha P\u00e9 de Inf\u00e2ncia. Concebida pela Rede Urban95 para as garantias pedidas para e por uma Inf\u00e2ncia saud\u00e1vel, a campanha tem como foco refor\u00e7ar a import\u00e2ncia de se brincar ao ar livre e em meio \u00e0 natureza, do contato das crian\u00e7as com seus cuidadores, das conta\u00e7\u00f5es de hist\u00f3rias e do resgate de tradi\u00e7\u00f5es orais.<\/p>\n\n\n\n<p>No Espa\u00e7o, est\u00e3o posicionadas dez placas de ch\u00e3o, com diferentes brincadeiras, como Amarelinha e Encontre os Bichos, com a identidade visual colorida da campanha P\u00e9 de Inf\u00e2ncia.<\/p>\n\n\n\n<p><strong>P\u00e9 de ouvido<\/strong><br>Nos totens coloridos da campanha P\u00e9 de Ouvido, a partir de QR Codes impressos, o visitante poder\u00e1 acessar e escutar dez hist\u00f3rias, contadas nas vozes de dez artistas da regi\u00e3o. Afinal, toda inf\u00e2ncia pede conta\u00e7\u00e3o de hist\u00f3rias.<\/p>\n\n\n\n<p><strong>P\u00e9 de \u00c1rvore<\/strong><br>O Espa\u00e7o ganhou ainda o plantio de mudas, pela campanha P\u00e9 de \u00c1rvore, j\u00e1 que toda Inf\u00e2ncia pede \u00e1rvore, pede sombra, pede espa\u00e7o agrad\u00e1vel para brincar e ambientes saud\u00e1veis para os deslocamentos a p\u00e9.<\/p>\n\n\n\n<figure class=\"wp-block-gallery has-nested-images columns-default is-cropped wp-block-gallery-1 is-layout-flex wp-block-gallery-is-layout-flex\">\n<figure class=\"wp-block-image size-large\"><img loading=\"lazy\" decoding=\"async\" width=\"1267\" height=\"950\" data-id=\"96\" src=\"https:\/\/rotasturisticas.jundiai.sp.gov.br\/brincar\/wp-content\/uploads\/sites\/10\/2023\/03\/WhatsApp-Image-2023-03-13-at-14.03.39-1267x950.jpeg\" alt=\"\" class=\"wp-image-96\" srcset=\"https:\/\/rotasturisticas.jundiai.sp.gov.br\/brincar\/wp-content\/uploads\/sites\/10\/2023\/03\/WhatsApp-Image-2023-03-13-at-14.03.39-1267x950.jpeg 1267w, https:\/\/rotasturisticas.jundiai.sp.gov.br\/brincar\/wp-content\/uploads\/sites\/10\/2023\/03\/WhatsApp-Image-2023-03-13-at-14.03.39-300x225.jpeg 300w, https:\/\/rotasturisticas.jundiai.sp.gov.br\/brincar\/wp-content\/uploads\/sites\/10\/2023\/03\/WhatsApp-Image-2023-03-13-at-14.03.39-768x576.jpeg 768w, https:\/\/rotasturisticas.jundiai.sp.gov.br\/brincar\/wp-content\/uploads\/sites\/10\/2023\/03\/WhatsApp-Image-2023-03-13-at-14.03.39.jpeg 1280w\" sizes=\"auto, (max-width: 1267px) 100vw, 1267px\" \/><\/figure>\n\n\n\n<figure class=\"wp-block-image size-large\"><img loading=\"lazy\" decoding=\"async\" width=\"1280\" height=\"853\" data-id=\"98\" src=\"https:\/\/rotasturisticas.jundiai.sp.gov.br\/brincar\/wp-content\/uploads\/sites\/10\/2023\/03\/52643114650_0c47bda225_o.jpg\" alt=\"\" class=\"wp-image-98\" srcset=\"https:\/\/rotasturisticas.jundiai.sp.gov.br\/brincar\/wp-content\/uploads\/sites\/10\/2023\/03\/52643114650_0c47bda225_o.jpg 1280w, https:\/\/rotasturisticas.jundiai.sp.gov.br\/brincar\/wp-content\/uploads\/sites\/10\/2023\/03\/52643114650_0c47bda225_o-768x512.jpg 768w\" sizes=\"auto, (max-width: 1280px) 100vw, 1280px\" \/><\/figure>\n\n\n\n<figure class=\"wp-block-image size-large\"><img loading=\"lazy\" decoding=\"async\" width=\"1280\" height=\"853\" data-id=\"97\" src=\"https:\/\/rotasturisticas.jundiai.sp.gov.br\/brincar\/wp-content\/uploads\/sites\/10\/2023\/03\/52669278305_b605bd15a4_o.jpg\" alt=\"\" class=\"wp-image-97\" srcset=\"https:\/\/rotasturisticas.jundiai.sp.gov.br\/brincar\/wp-content\/uploads\/sites\/10\/2023\/03\/52669278305_b605bd15a4_o.jpg 1280w, https:\/\/rotasturisticas.jundiai.sp.gov.br\/brincar\/wp-content\/uploads\/sites\/10\/2023\/03\/52669278305_b605bd15a4_o-768x512.jpg 768w\" sizes=\"auto, (max-width: 1280px) 100vw, 1280px\" \/><\/figure>\n\n\n\n<figure class=\"wp-block-image size-large\"><img loading=\"lazy\" decoding=\"async\" width=\"1267\" height=\"950\" data-id=\"95\" src=\"https:\/\/rotasturisticas.jundiai.sp.gov.br\/brincar\/wp-content\/uploads\/sites\/10\/2023\/03\/WhatsApp-Image-2023-03-13-at-14.03.37-2-1267x950.jpeg\" alt=\"\" class=\"wp-image-95\" srcset=\"https:\/\/rotasturisticas.jundiai.sp.gov.br\/brincar\/wp-content\/uploads\/sites\/10\/2023\/03\/WhatsApp-Image-2023-03-13-at-14.03.37-2-1267x950.jpeg 1267w, https:\/\/rotasturisticas.jundiai.sp.gov.br\/brincar\/wp-content\/uploads\/sites\/10\/2023\/03\/WhatsApp-Image-2023-03-13-at-14.03.37-2-300x225.jpeg 300w, https:\/\/rotasturisticas.jundiai.sp.gov.br\/brincar\/wp-content\/uploads\/sites\/10\/2023\/03\/WhatsApp-Image-2023-03-13-at-14.03.37-2-768x576.jpeg 768w, https:\/\/rotasturisticas.jundiai.sp.gov.br\/brincar\/wp-content\/uploads\/sites\/10\/2023\/03\/WhatsApp-Image-2023-03-13-at-14.03.37-2.jpeg 1280w\" sizes=\"auto, (max-width: 1267px) 100vw, 1267px\" \/><\/figure>\n\n\n\n<figure class=\"wp-block-image size-large\"><img loading=\"lazy\" decoding=\"async\" width=\"1280\" height=\"854\" data-id=\"85\" src=\"https:\/\/rotasturisticas.jundiai.sp.gov.br\/brincar\/wp-content\/uploads\/sites\/10\/2023\/03\/espaco_cidade_das_criancas_festa_da_uva-3-1280x854-2.jpg\" alt=\"\" class=\"wp-image-85\" srcset=\"https:\/\/rotasturisticas.jundiai.sp.gov.br\/brincar\/wp-content\/uploads\/sites\/10\/2023\/03\/espaco_cidade_das_criancas_festa_da_uva-3-1280x854-2.jpg 1280w, https:\/\/rotasturisticas.jundiai.sp.gov.br\/brincar\/wp-content\/uploads\/sites\/10\/2023\/03\/espaco_cidade_das_criancas_festa_da_uva-3-1280x854-2-768x512.jpg 768w\" sizes=\"auto, (max-width: 1280px) 100vw, 1280px\" \/><\/figure>\n\n\n\n<figure class=\"wp-block-image size-large\"><img loading=\"lazy\" decoding=\"async\" width=\"1280\" height=\"854\" data-id=\"87\" src=\"https:\/\/rotasturisticas.jundiai.sp.gov.br\/brincar\/wp-content\/uploads\/sites\/10\/2023\/03\/espaco_cidade_das_criancas_festa_da_uva-5-1.jpg\" alt=\"\" class=\"wp-image-87\" srcset=\"https:\/\/rotasturisticas.jundiai.sp.gov.br\/brincar\/wp-content\/uploads\/sites\/10\/2023\/03\/espaco_cidade_das_criancas_festa_da_uva-5-1.jpg 1280w, https:\/\/rotasturisticas.jundiai.sp.gov.br\/brincar\/wp-content\/uploads\/sites\/10\/2023\/03\/espaco_cidade_das_criancas_festa_da_uva-5-1-768x512.jpg 768w\" sizes=\"auto, (max-width: 1280px) 100vw, 1280px\" \/><\/figure>\n<\/figure>\n","protected":false},"excerpt":{"rendered":"<p>O Parque da Uva oferece um ambiente inspirado nos Parques Naturalizados, montado a partir de elementos como troncos, cordas, galhos, terra ou gramado. O modelo dos Parques Naturalizados permite que a crian\u00e7a possa utilizar mais de sua imagina\u00e7\u00e3o para criar cen\u00e1rios e situa\u00e7\u00f5es durante a brincadeira e que ela desenvolva ainda mais o seu equil\u00edbrio, [&hellip;]<\/p>\n","protected":false},"author":16,"featured_media":0,"parent":9,"menu_order":0,"comment_status":"closed","ping_status":"closed","template":"page-local.php","meta":{"footnotes":""},"class_list":["post-62","page","type-page","status-publish","hentry"],"_links":{"self":[{"href":"https:\/\/rotasturisticas.jundiai.sp.gov.br\/brincar\/wp-json\/wp\/v2\/pages\/62","targetHints":{"allow":["GET"]}}],"collection":[{"href":"https:\/\/rotasturisticas.jundiai.sp.gov.br\/brincar\/wp-json\/wp\/v2\/pages"}],"about":[{"href":"https:\/\/rotasturisticas.jundiai.sp.gov.br\/brincar\/wp-json\/wp\/v2\/types\/page"}],"author":[{"embeddable":true,"href":"https:\/\/rotasturisticas.jundiai.sp.gov.br\/brincar\/wp-json\/wp\/v2\/users\/16"}],"replies":[{"embeddable":true,"href":"https:\/\/rotasturisticas.jundiai.sp.gov.br\/brincar\/wp-json\/wp\/v2\/comments?post=62"}],"version-history":[{"count":6,"href":"https:\/\/rotasturisticas.jundiai.sp.gov.br\/brincar\/wp-json\/wp\/v2\/pages\/62\/revisions"}],"predecessor-version":[{"id":100,"href":"https:\/\/rotasturisticas.jundiai.sp.gov.br\/brincar\/wp-json\/wp\/v2\/pages\/62\/revisions\/100"}],"up":[{"embeddable":true,"href":"https:\/\/rotasturisticas.jundiai.sp.gov.br\/brincar\/wp-json\/wp\/v2\/pages\/9"}],"wp:attachment":[{"href":"https:\/\/rotasturisticas.jundiai.sp.gov.br\/brincar\/wp-json\/wp\/v2\/media?parent=62"}],"curies":[{"name":"wp","href":"https:\/\/api.w.org\/{rel}","templated":true}]}}