{"id":26,"date":"2023-03-09T09:58:23","date_gmt":"2023-03-09T12:58:23","guid":{"rendered":"https:\/\/rotasturisticas.jundiai.sp.gov.br\/brincar\/?page_id=26"},"modified":"2023-03-28T14:41:55","modified_gmt":"2023-03-28T17:41:55","slug":"fabrica-das-infancias-japy","status":"publish","type":"page","link":"https:\/\/rotasturisticas.jundiai.sp.gov.br\/brincar\/o-que-visitar\/fabrica-das-infancias-japy\/","title":{"rendered":"F\u00e1brica das Inf\u00e2ncias Japy"},"content":{"rendered":"\n<p>Instalada em parte do pr\u00e9dio que compunha a antiga Tecelagem Japy, na Vila Arens, a F\u00e1brica das Inf\u00e2ncias Japy \u00e9 um novo espa\u00e7o voltado para a experimenta\u00e7\u00e3o art\u00edstica, formativa, criativa e reflexiva sobre as brincadeiras e as inf\u00e2ncias, inaugurado pela Prefeitura em 18 de dezembro de 2021, durante as comemora\u00e7\u00f5es pelo anivers\u00e1rio de 365 de Jundia\u00ed.<\/p>\n\n\n\n<p>Assim como a antiga f\u00e1brica t\u00eaxtil que ali operou durante d\u00e9cadas, a F\u00e1brica das Inf\u00e2ncias leva este nome por sua nova voca\u00e7\u00e3o de tecer, de modo criativo e n\u00e3o convencional, experi\u00eancias positivas e memor\u00e1veis para as crian\u00e7as da cidade.<\/p>\n\n\n\n<p>Al\u00e9m das propostas de experimenta\u00e7\u00e3o para as inf\u00e2ncias, o espa\u00e7o tamb\u00e9m \u00e9 a sede e espa\u00e7o para reuni\u00f5es e atividades do Comit\u00ea das Crian\u00e7as, \u00f3rg\u00e3o institu\u00eddo pela Prefeitura em 2018, quando o Munic\u00edpio aderiu \u00e0 Rede Latino-americana \u2013 Cidade das Crian\u00e7as e j\u00e1 tinha como proposta a destina\u00e7\u00e3o de uma sede para o grupo.<\/p>\n\n\n\n<p>A concep\u00e7\u00e3o do novo espa\u00e7o \u2013 com \u00e1rea de 1,2 mil metros quadrados de \u00e1rea constru\u00edda e outros 2,4 mil metros quadrados de \u00e1rea verde \u2013 contou com a contribui\u00e7\u00e3o de diversos parceiros e est\u00e1 alinhada com as propostas do programa municipal Cidade das Crian\u00e7as, da Rede Urban95, do professor Francesco Tonucci, da Funda\u00e7\u00e3o Bernard Van Leer e do Instituto Alana.<\/p>\n\n\n\n<p>Um desses exemplos \u00e9 o seu novo mobili\u00e1rio c\u00eanico, desenvolvido por meio de parceria institucional com a Funda\u00e7\u00e3o e no conceito Urban95, e que traz como conceitos \u201cRios Flutuantes\u201d, em refer\u00eancia aos canais fluviais da cidade, e \u201cFios que tecem\u201d, numa alus\u00e3o \u00e0 atividade fabril t\u00eaxtil desenvolvida antes no espa\u00e7o.<\/p>\n\n\n\n<p>O processo de concep\u00e7\u00e3o da F\u00e1brica das Inf\u00e2ncias Japy contou tamb\u00e9m com a escuta especializada das crian\u00e7as, experi\u00eancia relatada em exposi\u00e7\u00f5es instaladas no local. Os integrantes do Comit\u00ea contribu\u00edram para a concep\u00e7\u00e3o de Parque Naturalizado, espa\u00e7o sem brinquedos estruturados, como balan\u00e7as e escorregadores, mas montada com elementos como troncos, galhos, folhas, terra, areia e pedras, onde a crian\u00e7ada pode ter contato com a natureza e o brincar livre, pela iniciativa BrincAR LIVRE.<\/p>\n\n\n\n<p>J\u00e1 os alunos de escolas entorno \u2013&nbsp; Emebs Jos\u00e9 Romeiro Pereira (o Geva), Maria de Toledo Pontes e Ramiro Ara\u00fajo Filho \u2013 fizeram o percurso a p\u00e9 da escola at\u00e9 o local e relataram suas opini\u00f5es sobre mobilidade. Na regi\u00e3o da Japy dever\u00e1 ser implementada a primeira Zona da Inf\u00e2ncia na cidade, projeto de interven\u00e7\u00e3o urbana que compreende vias com redu\u00e7\u00e3o de velocidade, cal\u00e7adas mais largas e zonas calmas para pedestres.<\/p>\n\n\n\n<p>As instala\u00e7\u00f5es da Japy s\u00e3o ainda protegidas pelo Munic\u00edpio. O pr\u00e9dio da antiga f\u00e1brica integra o Invent\u00e1rio de Prote\u00e7\u00e3o do Patrim\u00f4nio Art\u00edstico e Cultural (IPPAC) e a chamin\u00e9, em espa\u00e7o adjacente, conta tamb\u00e9m com tombamento junto ao Conselho Municipal do Patrim\u00f4nio Cultural (Compac).<\/p>\n\n\n\n<figure class=\"wp-block-gallery has-nested-images columns-default is-cropped wp-block-gallery-1 is-layout-flex wp-block-gallery-is-layout-flex\">\n<figure class=\"wp-block-image size-large\"><img decoding=\"async\" data-id=\"24771\" src=\"https:\/\/turismo.jundiai.sp.gov.br\/wp-content\/uploads\/2023\/03\/Fabrica-das-Infancias-Japy-5.jpg\" alt=\"\" class=\"wp-image-24771\" \/><\/figure>\n\n\n\n<figure class=\"wp-block-image size-large\"><img decoding=\"async\" data-id=\"24768\" src=\"https:\/\/turismo.jundiai.sp.gov.br\/wp-content\/uploads\/2023\/03\/Fabrica-das-Infancias-Japy-8.jpg\" alt=\"\" class=\"wp-image-24768\" \/><\/figure>\n\n\n\n<figure class=\"wp-block-image size-large\"><img decoding=\"async\" data-id=\"24769\" src=\"https:\/\/turismo.jundiai.sp.gov.br\/wp-content\/uploads\/2023\/03\/Fabrica-das-Infancias-Japy-12.jpg\" alt=\"\" class=\"wp-image-24769\" \/><\/figure>\n\n\n\n<figure class=\"wp-block-image size-large\"><img decoding=\"async\" data-id=\"24770\" src=\"https:\/\/turismo.jundiai.sp.gov.br\/wp-content\/uploads\/2023\/03\/Visita-Fundacao-Tanoto_Japy_m_-61.jpg\" alt=\"\" class=\"wp-image-24770\" \/><\/figure>\n\n\n\n<figure class=\"wp-block-image size-large\"><img decoding=\"async\" data-id=\"24767\" src=\"https:\/\/turismo.jundiai.sp.gov.br\/wp-content\/uploads\/2023\/03\/Fabrica-das-Infancias-Japy-3.jpg\" alt=\"\" class=\"wp-image-24767\" \/><\/figure>\n\n\n\n<figure class=\"wp-block-image size-large\"><img decoding=\"async\" data-id=\"24766\" src=\"https:\/\/turismo.jundiai.sp.gov.br\/wp-content\/uploads\/2023\/03\/Fabrica-das-Infancias-Japy-1.jpg\" alt=\"\" class=\"wp-image-24766\" \/><\/figure>\n\n\n\n<figure class=\"wp-block-image size-large\"><a href=\"https:\/\/turismo.jundiai.sp.gov.br\/wp-content\/uploads\/2022\/08\/Escuta_EMEB_Ramiro_Fabrica_Japy-454-1200x800-1.jpg\"><img decoding=\"async\" data-id=\"23736\" src=\"https:\/\/turismo.jundiai.sp.gov.br\/wp-content\/uploads\/2022\/08\/Escuta_EMEB_Ramiro_Fabrica_Japy-454-1200x800-1-680x453.jpg\" alt=\"\" class=\"wp-image-23736\" \/><\/a><\/figure>\n\n\n\n<figure class=\"wp-block-image size-large\"><a href=\"https:\/\/turismo.jundiai.sp.gov.br\/wp-content\/uploads\/2022\/08\/comite_das_criancas_japy-65-1200x800-1.jpg\"><img decoding=\"async\" data-id=\"23737\" src=\"https:\/\/turismo.jundiai.sp.gov.br\/wp-content\/uploads\/2022\/08\/comite_das_criancas_japy-65-1200x800-1-680x453.jpg\" alt=\"\" class=\"wp-image-23737\" \/><\/a><\/figure>\n\n\n\n<figure class=\"wp-block-image size-large\"><a href=\"https:\/\/turismo.jundiai.sp.gov.br\/wp-content\/uploads\/2022\/08\/fabrica_das_infancias_japy-16-1.jpg\"><img decoding=\"async\" data-id=\"23740\" src=\"https:\/\/turismo.jundiai.sp.gov.br\/wp-content\/uploads\/2022\/08\/fabrica_das_infancias_japy-16-1-680x453.jpg\" alt=\"\" class=\"wp-image-23740\" \/><\/a><\/figure>\n\n\n\n<figure class=\"wp-block-image size-large\"><a href=\"https:\/\/turismo.jundiai.sp.gov.br\/wp-content\/uploads\/2022\/08\/fabrica_das_infancias_japy-16.jpg\"><img decoding=\"async\" data-id=\"23739\" src=\"https:\/\/turismo.jundiai.sp.gov.br\/wp-content\/uploads\/2022\/08\/fabrica_das_infancias_japy-16-680x453.jpg\" alt=\"\" class=\"wp-image-23739\" \/><\/a><\/figure>\n\n\n\n<figure class=\"wp-block-image size-large\"><a href=\"https:\/\/turismo.jundiai.sp.gov.br\/wp-content\/uploads\/2022\/08\/comite_das_criancas_japy-9-1200x800-1.jpg\"><img decoding=\"async\" data-id=\"23738\" src=\"https:\/\/turismo.jundiai.sp.gov.br\/wp-content\/uploads\/2022\/08\/comite_das_criancas_japy-9-1200x800-1-680x453.jpg\" alt=\"\" class=\"wp-image-23738\" \/><\/a><\/figure>\n<\/figure>\n","protected":false},"excerpt":{"rendered":"<p>Instalada em parte do pr\u00e9dio que compunha a antiga Tecelagem Japy, na Vila Arens, a F\u00e1brica das Inf\u00e2ncias Japy \u00e9 um novo espa\u00e7o voltado para a experimenta\u00e7\u00e3o art\u00edstica, formativa, criativa e reflexiva sobre as brincadeiras e as inf\u00e2ncias, inaugurado pela Prefeitura em 18 de dezembro de 2021, durante as comemora\u00e7\u00f5es pelo anivers\u00e1rio de 365 de [&hellip;]<\/p>\n","protected":false},"author":16,"featured_media":48,"parent":9,"menu_order":0,"comment_status":"closed","ping_status":"closed","template":"page-local.php","meta":{"footnotes":""},"class_list":["post-26","page","type-page","status-publish","has-post-thumbnail","hentry"],"_links":{"self":[{"href":"https:\/\/rotasturisticas.jundiai.sp.gov.br\/brincar\/wp-json\/wp\/v2\/pages\/26","targetHints":{"allow":["GET"]}}],"collection":[{"href":"https:\/\/rotasturisticas.jundiai.sp.gov.br\/brincar\/wp-json\/wp\/v2\/pages"}],"about":[{"href":"https:\/\/rotasturisticas.jundiai.sp.gov.br\/brincar\/wp-json\/wp\/v2\/types\/page"}],"author":[{"embeddable":true,"href":"https:\/\/rotasturisticas.jundiai.sp.gov.br\/brincar\/wp-json\/wp\/v2\/users\/16"}],"replies":[{"embeddable":true,"href":"https:\/\/rotasturisticas.jundiai.sp.gov.br\/brincar\/wp-json\/wp\/v2\/comments?post=26"}],"version-history":[{"count":2,"href":"https:\/\/rotasturisticas.jundiai.sp.gov.br\/brincar\/wp-json\/wp\/v2\/pages\/26\/revisions"}],"predecessor-version":[{"id":28,"href":"https:\/\/rotasturisticas.jundiai.sp.gov.br\/brincar\/wp-json\/wp\/v2\/pages\/26\/revisions\/28"}],"up":[{"embeddable":true,"href":"https:\/\/rotasturisticas.jundiai.sp.gov.br\/brincar\/wp-json\/wp\/v2\/pages\/9"}],"wp:featuredmedia":[{"embeddable":true,"href":"https:\/\/rotasturisticas.jundiai.sp.gov.br\/brincar\/wp-json\/wp\/v2\/media\/48"}],"wp:attachment":[{"href":"https:\/\/rotasturisticas.jundiai.sp.gov.br\/brincar\/wp-json\/wp\/v2\/media?parent=26"}],"curies":[{"name":"wp","href":"https:\/\/api.w.org\/{rel}","templated":true}]}}